-- Data for Name: service_petitions; Type: TABLE DATA; Schema: public; Owner: canteradigitalio_bateradmin
--

COPY public.service_petitions (id, user_id, name, category_id, subcategory_id, description, service_type, address, service_cost, status, cancellation_reason, created_at, updated_at, schedules, image_url, chat_id, service_id, coverage_range, knowledge_level) FROM stdin;
2	372	Cobranza digital	1	12	quien debe? yo le cobro\n	virtual	Nochebuena, #4, El Rosal (Los Viveros), Jungapeo de Juárez, Michoacán, México	100.00	sent	\N	2026-01-08 22:49:15.952033	2026-01-08 22:49:15.952059	\N	/media/service_petitions/3c83bb72-59fa-4f01-a8cc-916336613007.jpg	\N	\N	0	\N
1	432	Charter a Guanajuato	2	18	se solicita charter a guanajuato	physical	Batalla de Casa Mata, 351, Chapultepec Sur, Morelia, Michoacán, México	10.00	pending	\N	2026-01-08 22:49:15.952033	2026-01-08 22:49:15.95206	[{"end_date": "2026-01-09", "end_time": "11:00:00", "start_date": "2026-01-09", "start_time": "10:00:00"}]	/media/service_petitions/4b983470-ab96-4900-b998-36ea4e62ecc0.jpg	\N	\N	20	\N
3	388	kintsugi	8	54	reparación de tazas	both	Angel Padilla, #204, Francisca Xaviera Villegas, Morelia, Michoacán, Mexico	80.00	pending	\N	2026-01-08 22:49:15.952033	2026-01-08 22:49:15.95206	[{"end_date": "2026-01-09", "end_time": "11:07:00", "start_date": "2026-01-09", "start_time": "11:05:00"}]	/media/service_petitions/f725c65d-9dc3-4e73-9651-1ef289e2bd51.jpg	\N	\N	20	\N
4	432	cuidado de gallos	1	12	cuidado de gallos8	physical	Batalla de Casa Mata, 351, Chapultepec Sur, Morelia, Michoacán, México	140.00	pending	\N	2026-01-12 17:19:52.61303	2026-01-12 17:19:52.613059	[{"end_date": "2026-01-12", "end_time": "12:00:00", "start_date": "2026-01-12", "start_time": "11:00:00"}]	/media/service_petitions/a9fc832b-7e82-4127-97c1-474814edad2f.jpg	\N	\N	20	\N
5	432	Sirvienta minecraft	10	42	Se solicita una sirvienta para minecraft	virtual	Batalla de Casa Mata, 351, Chapultepec Sur, Morelia, Michoacán, México	300.00	pending	\N	2026-01-12 17:19:52.61303	2026-01-12 17:19:52.613059	[{"end_date": "2026-01-12", "end_time": "12:00:00", "start_date": "2026-01-12", "start_time": "11:00:00"}]	/media/service_petitions/c27608bc-dd9b-4792-ab4d-b35ced3c8903.jpg	\N	\N	0	\N
6	473	jardinero 	1	15	para dani	physical	Angel Padilla, #204, Francisca Xaviera Villegas, Morelia, Michoacán, Mexico	25.00	pending	\N	2026-01-12 23:44:08.439083	2026-01-12 23:44:08.439108	\N	\N	\N	\N	100	\N
7	473	tazas	8	54	a	virtual	Angel Padilla, #204, Francisca Xaviera Villegas, Morelia, Michoacán, Mexico	15.00	pending	\N	2026-01-12 23:58:42.166781	2026-01-12 23:58:42.166805	\N	\N	\N	\N	0	\N
8	432	empleado dia del niño	1	13	hhhhh	physical	Batalla de Casa Mata, 351, Chapultepec Sur, Morelia, Michoacán, México	20.00	pending	\N	2026-01-12 23:58:42.166781	2026-01-12 23:58:42.166805	\N	/media/service_petitions/6807e884-71f6-40a5-8d69-c19fe07bc1e4.jpg	\N	\N	40	\N
10	448	Cuida Gatos	6	29	cuidar gatos	virtual	Nochebuena, #4, El Rosal (Los Viveros), Jungapeo de Juárez, Michoacán, México	100.00	pending	\N	2026-01-13 01:17:42.965677	2026-01-13 01:17:42.965702	\N	/media/service_petitions/5aeb7476-2634-4642-8254-2dfa2295212e.jpg	\N	\N	0	\N
11	448	Paseador de gatos	6	29	pasea gatos	virtual	Nochebuena, #4, El Rosal (Los Viveros), Jungapeo de Juárez, Michoacán, México	100.00	pending	\N	2026-01-13 01:21:58.905589	2026-01-13 01:21:58.905614	\N	/media/service_petitions/3640ae2f-319c-41c7-85f6-06d0b934e16f.jpg	\N	\N	0	\N
9	448	Cuida Gatos	6	29	cuidar gatos	virtual	Nochebuena, #4, El Rosal (Los Viveros), Jungapeo de Juárez, Michoacán, México	100.00	pending	\N	2026-01-13 01:12:18.180583	2026-01-13 01:35:22.17053	\N	/media/service_petitions/a3ba9153-768e-470b-b9a2-9d51c026fc34.jpg	\N	\N	0	\N
12	448	Validación de documentos 	8	38	validamos documentos 	virtual	Nochebuena, #4, El Rosal (Los Viveros), Jungapeo de Juárez, Michoacán, México	100.00	pending	\N	2026-01-13 01:43:08.52249	2026-01-13 01:43:08.522518	\N	/media/service_petitions/e865aa70-790d-4b83-9a9a-e9ab4e8c0959.jpg	\N	\N	0	\N
17	432	couch Gym	27	28	se requiere coach de gym	physical	Batalla de Casa Mata, 351, Chapultepec Sur, Morelia, Michoacán, México	38.00	pending	\N	2026-01-13 23:37:16.5551	2026-01-13 23:37:16.555128	\N	/media/service_petitions/08caa9f1-f7a5-4268-979a-64e7541b49b5.jpg	\N	\N	30	\N
14	448	Remodelacion de interiores	1	13	Experto en interiores	virtual	Nochebuena, #4, El Rosal (Los Viveros), Jungapeo de Juárez, Michoacán, México	199.00	pending	\N	2026-01-13 02:49:30.856622	2026-01-13 02:49:30.856646	\N	/media/service_petitions/1c3c5864-dac1-473f-8e9d-721556ca7a26.jpg	\N	\N	0	\N
13	448	Maestro de gatos	6	29	Hola soy maestro	virtual	Nochebuena, #4, El Rosal (Los Viveros), Jungapeo de Juárez, Michoacán, México	100.00	pending	\N	2026-01-13 01:53:24.444618	2026-01-13 03:00:24.905837	\N	/media/service_petitions/6216f668-f90c-4ed6-9887-88a7b84227e5.jpg	\N	\N	0	\N
15	432	Cocinero Hamburguesas	3	20	Era un comercial para los estrenos de Netflix de este año JAJAJAJA	virtual	Batalla de Casa Mata, 351, Chapultepec Sur, Morelia, Michoacán, México	38.00	pending	\N	2026-01-13 03:00:24.905811	2026-01-13 03:00:24.905837	\N	/media/service_petitions/c2284ff4-ef57-481d-ac0e-22d8034b90e0.jpg	\N	\N	0	\N
16	375	arreglar teclados	10	45	arreglar teclado al que se le derramo el cafe	physical	Vicente Guerrero, Revolución, 58932 Zinapécuaro de Figueroa, Mich., México	6.00	pending	\N	2026-01-13 20:07:43.456611	2026-01-13 20:24:47.223931	\N	/media/service_petitions/d046516e-ca25-41a3-b82e-36ef77c280e6.jpg	\N	\N	30	\N
18	432	Visor de Arte	9	41	arte	virtual	Artilleros de 1847, #1597, Chapultepec Oriente, Morelia, Michoacán, México	188.00	pending	\N	2026-01-14 00:03:23.067188	2026-01-14 00:03:23.067218	\N	/media/service_petitions/704bc5af-df58-4ebd-a923-325da62eadee.jpg	\N	\N	0	\N
19	375	Plan alimneticio	27	28	Busco nutriolofos para un plan alimenticio	both	Vicente Guerrero, Revolución, 58932 Zinapécuaro de Figueroa, Mich., México	10.00	pending	\N	2026-01-14 00:03:23.067188	2026-01-14 00:03:23.067218	\N	/media/service_petitions/c20b87eb-8c07-4163-bd28-6bd339a75b13.jpg	\N	\N	60	\N
20	388	kintsugi	8	54	aaaaaaaa	physical	Angel Padilla, #204, Francisca Xaviera Villegas, Morelia, Michoacán, Mexico	5.00	pending	\N	2026-01-14 00:03:23.067188	2026-01-14 00:03:23.067218	\N	\N	\N	\N	90	\N
21	388	reapara carteras	1	14	aaaaa	virtual	Angel Padilla, #204, Francisca Xaviera Villegas, Morelia, Michoacán, Mexico	1.00	pending	\N	2026-01-15 15:26:24.710818	2026-01-15 15:52:02.71274	\N	\N	\N	\N	0	\N
22	432	Renta de viviendas	1	13	hola	both	Batalla de Casa Mata, 351, Chapultepec Sur, Morelia, Michoacán, México	188.00	pending	\N	2026-01-15 16:02:08.925103	2026-01-15 16:02:08.925128	\N	/media/service_petitions/3158dadd-00bc-4059-a960-93d3d3eaf6cf.jpg	\N	\N	30	\N
23	448	Creacion de memes	9	39	buenos memes	virtual	Nochebuena, #4, El Rosal (Los Viveros), Jungapeo de Juárez, Michoacán, Mexico	400.00	sent	\N	2026-01-15 16:55:49.888915	2026-01-15 16:55:49.888942	\N	/media/service_petitions/0b4c5a61-34d2-4b18-8afa-79844737be60.png	\N	\N	0	\N
24	477	mini funkos	7	33	aaaaaa	both	Angel Padilla, #204, Francisca Xaviera Villegas, Morelia, Michoacán, Mexico	3.00	pending	\N	2026-01-19 16:57:48.775764	2026-01-19 16:57:48.775795	\N	/media/service_petitions/9b70279f-fbc6-4024-abe2-9916cbdbdf07.jpg	\N	\N	80	\N
25	426	logo design	9	39	I need a logo design for my new business	virtual	27670 Lakeview Dr, Helendale, CA 92342, USA	25.00	sent	\N	2026-01-21 17:57:43.988011	2026-01-21 17:57:43.988035	\N	/media/service_petitions/985a2788-f69d-4fba-9e55-a6a7124e33fe.jpg	\N	\N	0	\N
26	491	Mouse repair	10	44	looking for someone that can repair me mouse	physical	Bellflower Boulevard, #11622, Downey, California, United States	35.00	sent	\N	2026-02-04 14:54:23.677301	2026-02-04 14:54:23.677329	\N	/media/service_petitions/f91dfd99-f2b9-4cba-b2e0-c2928b6575f8.jpg	\N	\N	20	\N
27	467	rulas	1	12	a	physical	Angel Padilla, 204, Francisca Xaviera Villegas, Morelia, Michoacán, México	1.00	sent	\N	2026-02-04 14:54:23.677301	2026-02-04 14:54:23.677329	\N	\N	\N	\N	30	\N
28	397	Painter	1	13	i need someone to paint an interior wall	physical	North Alvarado Street, #120, Westlake, Los Angeles, California, United States	120.00	sent	\N	2026-02-04 14:54:23.677301	2026-02-04 14:54:23.677329	\N	/media/service_petitions/05ec147b-b1c7-4639-98a5-c49a4cb8a546.jpg	\N	\N	10	\N
\.


--
-- Data for Name: service_request_reviews; Type: TABLE DATA; Schema: public; Owner: canteradigitalio_bateradmin
--

COPY public.service_request_reviews (id, service_request_id, evaluator_id, evaluator_type, created_at, updated_at, review_score) FROM stdin;
1	34	388	customer	2025-12-30 03:13:35.152579	2025-12-30 03:13:35.189362	3.2
2	28	466	provider	2025-12-30 03:16:05.607877	2025-12-30 03:16:05.629054	4.6
3	34	467	provider	2025-12-30 03:17:46.182849	2025-12-30 03:17:46.203261	3.3
4	39	388	customer	2025-12-30 15:53:47.087384	2025-12-30 15:53:47.107936	1.0
5	39	473	provider	2025-12-30 16:45:30.209189	2025-12-30 16:45:30.230044	3.0
6	37	432	customer	2025-12-31 00:01:38.093495	2025-12-31 00:01:38.121318	4.3
7	40	388	customer	2026-01-05 17:17:11.567485	2026-01-05 17:17:11.60679	2.8
8	40	466	provider	2026-01-05 17:18:57.117072	2026-01-05 17:18:57.137644	3.1
9	26	379	customer	2026-01-07 00:04:35.580944	2026-01-07 00:04:35.600866	4.6
10	26	432	provider	2026-01-07 15:43:21.691576	2026-01-07 15:43:21.721212	3.5
11	42	379	customer	2026-01-08 17:10:03.793217	2026-01-08 17:10:03.814417	2.6
12	44	388	customer	2026-01-08 17:11:39.754167	2026-01-08 17:11:39.772253	4.0
13	25	376	customer	2026-01-08 18:05:05.612627	2026-01-08 18:05:05.632455	4.3
14	47	432	customer	2026-01-08 21:21:46.144752	2026-01-08 21:21:46.17097	4.4
15	57	432	customer	2026-01-09 00:03:20.072842	2026-01-09 00:03:20.102179	3.8
16	50	466	customer	2026-01-09 00:05:22.743042	2026-01-09 00:05:22.763851	3.8
17	57	466	provider	2026-01-09 00:27:55.771659	2026-01-09 00:27:55.791526	1.0
18	51	388	customer	2026-01-09 00:29:54.692237	2026-01-09 00:29:54.710784	2.1
19	51	473	provider	2026-01-09 00:30:53.005298	2026-01-09 00:30:53.024843	2.3
20	50	432	provider	2026-01-09 01:19:19.791947	2026-01-09 01:19:19.811087	4.0
21	63	432	customer	2026-01-10 00:00:48.149193	2026-01-10 00:00:48.177916	4.3
22	75	432	customer	2026-01-13 01:02:58.601624	2026-01-13 01:02:58.63238	3.6
23	52	372	customer	2026-01-16 22:35:55.772913	2026-01-16 22:35:55.801247	3.0
24	52	473	provider	2026-01-16 22:38:54.734951	2026-01-16 22:38:54.753208	2.0
25	114	432	customer	2026-01-16 22:39:12.838178	2026-01-16 22:39:12.838183	0.0
26	114	473	provider	2026-01-16 22:41:41.605644	2026-01-16 22:41:41.624348	2.8
27	121	388	customer	2026-01-16 22:53:23.095781	2026-01-16 22:53:23.115015	2.8
28	116	467	provider	2026-01-16 23:08:43.738836	2026-01-16 23:08:43.768346	3.2
29	123	388	customer	2026-01-16 23:24:28.989896	2026-01-16 23:24:29.013209	4.0
30	62	448	customer	2026-01-18 00:09:29.205399	2026-01-18 00:09:29.236991	3.8
31	95	448	customer	2026-01-18 00:29:28.043706	2026-01-18 00:29:28.073341	4.4
32	132	432	customer	2026-01-18 07:00:53.334476	2026-01-18 07:00:53.35846	4.1
33	46	432	customer	2026-01-18 07:02:49.614778	2026-01-18 07:02:49.637248	4.4
34	112	432	customer	2026-01-19 00:05:46.515938	2026-01-19 00:05:46.539674	4.2
35	112	478	provider	2026-01-19 00:08:28.505233	2026-01-19 00:08:28.525556	4.2
36	135	379	customer	2026-01-19 01:07:16.746183	2026-01-19 01:07:16.768854	4.4
37	135	432	provider	2026-01-19 01:09:12.87037	2026-01-19 01:09:12.890912	4.4
38	134	478	customer	2026-01-19 04:22:29.337289	2026-01-19 04:22:29.35716	4.2
39	134	432	provider	2026-01-19 04:26:03.098846	2026-01-19 04:26:03.118006	3.3
40	128	432	customer	2026-01-19 04:26:52.035068	2026-01-19 04:26:52.054129	4.1
41	116	432	customer	2026-01-19 04:27:20.529654	2026-01-19 04:27:20.548403	4.0
42	49	432	customer	2026-01-19 04:27:47.419198	2026-01-19 04:27:47.437961	3.9
43	95	372	provider	2026-01-19 16:14:30.8634	2026-01-19 16:14:30.894698	5.0
44	75	467	provider	2026-01-19 16:47:43.385566	2026-01-19 16:47:43.417995	3.4
45	106	373	customer	2026-01-19 20:16:26.647145	2026-01-19 20:16:26.679291	4.6
46	107	373	customer	2026-01-19 20:16:48.726978	2026-01-19 20:16:48.747559	4.4
47	105	373	customer	2026-01-19 21:43:05.267392	2026-01-19 21:43:05.294454	4.2
48	106	432	provider	2026-01-19 21:45:13.44668	2026-01-19 21:45:13.467141	4.6
49	122	388	customer	2026-01-19 23:21:35.495621	2026-01-19 23:21:35.519587	3.0
50	138	477	customer	2026-01-20 00:10:49.740074	2026-01-20 00:10:49.760899	2.9
51	138	388	provider	2026-01-20 00:11:12.908383	2026-01-20 00:11:12.92829	4.3
52	142	477	customer	2026-01-20 00:12:01.049119	2026-01-20 00:12:01.068175	2.9
53	142	388	provider	2026-01-20 00:18:20.533614	2026-01-20 00:18:20.554418	4.9
54	105	432	provider	2026-01-20 23:47:16.74333	2026-01-20 23:47:16.763985	4.7
55	104	373	customer	2026-01-20 23:56:28.303915	2026-01-20 23:56:28.325771	4.6
56	143	432	provider	2026-01-21 01:29:24.021235	2026-01-21 01:29:24.043932	4.6
57	140	432	customer	2026-01-21 01:29:48.338307	2026-01-21 01:29:48.365835	4.3
58	148	432	customer	2026-01-22 01:00:53.946235	2026-01-22 01:00:53.9763	4.1
59	143	373	customer	2026-01-22 19:48:21.67638	2026-01-22 19:48:21.704011	4.4
60	141	373	customer	2026-01-23 00:00:45.008548	2026-01-23 00:00:45.038827	4.4
61	137	432	provider	2026-01-25 00:01:04.32295	2026-01-25 00:01:04.348809	4.4
62	156	397	customer	2026-01-29 01:58:16.337823	2026-01-29 01:58:16.366842	5.0
63	156	426	provider	2026-01-29 02:02:08.198627	2026-01-29 02:02:08.221098	5.0
64	73	375	customer	2026-02-03 21:01:34.30208	2026-02-03 21:01:34.331706	4.2
65	155	426	customer	2026-02-04 02:47:12.884223	2026-02-04 02:47:12.904818	1.0
\.


--
-- Data for Name: service_requests; Type: TABLE DATA; Schema: public; Owner: canteradigitalio_bateradmin
--

COPY public.service_requests (id, user_id, service_id, cost, actual_cost, status, cancellation_reason, requote_reason, created_at, updated_at, finished_at, chat_id, petition_id, from_petition, date_negotiation_active, date_negotiation_finished, awaiting_date_response_from, last_date_proposer, date_rejection_reason) FROM stdin;
2	436	1	100.00	100.00	cancelled	Date proposal rejected	\N	2025-12-16 22:30:17.712048	2025-12-16 22:37:42.060876	\N	\N	\N	f	f	f	provider	\N	\N
1	376	1	100.00	100.00	cancelled	Date proposal rejected	\N	2025-12-16 22:26:27.253747	2025-12-16 22:37:49.507511	\N	\N	\N	f	f	f	provider	\N	\N
10	388	3	70.00	70.00	sent	\N	\N	2025-12-17 22:29:57.21054	2025-12-17 22:29:57.210543	\N	\N	\N	f	f	f	provider	\N	\N
29	448	10	57.00	57.00	cancelled	Date proposal rejected	\N	2025-12-24 15:55:28.942116	2025-12-24 16:05:28.030057	\N	\N	\N	f	t	f	customer	466	\N
6	388	2	50.00	50.00	sent	\N	\N	2025-12-17 18:39:45.468588	2025-12-17 22:42:22.90666	\N	\N	\N	f	t	f	customer	465	\N
9	388	4	100.00	100.00	sent	\N	\N	2025-12-17 22:29:51.528966	2025-12-19 15:22:43.470843	\N	\N	\N	f	t	f	customer	465	\N
7	388	5	80.00	80.00	cancelled	Date proposal rejected	\N	2025-12-17 22:29:29.116667	2025-12-19 15:23:46.722648	\N	\N	\N	f	f	f	provider	\N	\N
8	388	6	120.00	120.00	cancelled	Date proposal rejected	\N	2025-12-17 22:29:44.670828	2025-12-19 15:24:22.752579	\N	\N	\N	f	t	f	customer	465	\N
40	388	11	70.00	70.00	finished	\N	\N	2025-12-30 03:36:34.922271	2026-01-05 16:50:22.574016	2026-01-05 16:50:22.563454	\N	\N	f	f	t	\N	466	\N
12	388	5	80.00	80.00	sent	\N	\N	2025-12-19 15:26:05.582207	2025-12-22 17:13:43.492118	\N	\N	\N	f	t	f	provider	388	\N
15	376	7	5.00	5.00	cancelled	Date proposal rejected	\N	2025-12-22 20:22:56.349565	2025-12-22 22:43:25.962935	\N	\N	\N	f	t	f	customer	375	\N
17	432	5	80.00	80.00	sent	\N	\N	2025-12-23 16:00:35.736244	2025-12-23 16:02:29.291251	\N	\N	\N	f	t	f	customer	465	\N
18	432	3	70.00	70.00	sent	\N	\N	2025-12-23 16:02:25.718693	2025-12-23 16:03:24.630064	\N	\N	\N	f	t	f	customer	465	\N
19	376	5	80.00	80.00	cancelled	Date proposal rejected	\N	2025-12-23 19:33:37.300776	2025-12-23 20:07:48.979692	\N	\N	\N	f	f	f	provider	\N	\N
13	376	2	50.00	50.00	cancelled	Date proposal rejected	\N	2025-12-22 17:01:06.094613	2025-12-23 20:08:20.884703	\N	\N	\N	f	t	f	customer	465	\N
14	376	4	100.00	100.00	cancelled	Date proposal rejected	\N	2025-12-22 20:18:54.209199	2025-12-23 20:08:26.818756	\N	\N	\N	f	f	f	provider	\N	\N
5	432	1	100.00	100.00	cancelled	Date proposal rejected	\N	2025-12-17 15:46:47.383123	2025-12-23 20:10:28.32699	\N	\N	\N	f	f	f	provider	\N	\N
4	376	1	100.00	100.00	cancelled	Date proposal rejected	\N	2025-12-16 22:38:13.60996	2025-12-23 20:10:36.210483	\N	\N	\N	f	f	f	provider	\N	\N
3	372	1	100.00	100.00	cancelled	Date proposal rejected	\N	2025-12-16 22:36:19.904182	2025-12-23 20:10:43.899329	\N	\N	\N	f	f	f	provider	\N	\N
20	376	1	100.00	100.00	cancelled	Date proposal rejected	\N	2025-12-23 20:13:35.825011	2025-12-23 21:15:00.968047	\N	\N	\N	f	f	f	provider	\N	\N
21	376	1	100.00	100.00	cancelled	Date proposal rejected	\N	2025-12-23 21:29:35.032761	2025-12-23 21:36:00.217647	\N	\N	\N	f	f	f	provider	\N	\N
16	376	7	5.00	5.00	cancelled	Date proposal rejected	\N	2025-12-22 22:48:25.925095	2025-12-23 21:37:02.866932	\N	\N	\N	f	f	f	provider	\N	\N
22	376	7	5.00	5.00	cancelled	Date proposal rejected	\N	2025-12-23 21:37:27.416898	2025-12-23 21:58:02.250232	\N	\N	\N	f	f	f	provider	\N	\N
27	388	11	70.00	70.00	cancelled	Date proposal rejected	\N	2025-12-24 15:53:03.392547	2025-12-24 16:23:10.056285	\N	\N	\N	f	t	f	customer	466	\N
23	376	7	5.00	5.00	cancelled	Date proposal rejected	\N	2025-12-23 22:03:16.92996	2025-12-23 23:03:05.443422	\N	\N	\N	f	t	f	customer	375	\N
24	376	7	5.00	5.00	cancelled	Date proposal rejected	\N	2025-12-23 23:04:24.711641	2025-12-23 23:10:34.483715	\N	\N	\N	f	t	f	customer	375	\N
31	448	10	57.00	57.00	sent	\N	\N	2025-12-24 16:35:20.956497	2025-12-24 16:35:20.956501	\N	\N	\N	f	f	f	provider	\N	\N
54	372	1	100.00	100.00	cancelled	Date proposal rejected	\N	2026-01-08 19:43:23.565564	2026-01-08 20:56:33.217442	\N	\N	\N	f	t	f	customer	448	\N
30	388	11	70.00	70.00	cancelled	Date proposal rejected	\N	2025-12-24 16:26:29.68581	2025-12-24 16:36:57.443758	\N	\N	\N	f	f	f	provider	\N	\N
56	379	25	75.00	75.00	sent	\N	\N	2026-01-08 22:01:36.663719	2026-01-08 22:01:59.751047	\N	\N	\N	f	t	f	customer	432	\N
11	432	2	50.00	50.00	sent	\N	\N	2025-12-17 22:39:35.894975	2025-12-24 14:25:36.504672	\N	\N	\N	f	t	f	customer	465	\N
32	435	9	100.00	100.00	sent	\N	\N	2025-12-24 17:41:20.960945	2025-12-24 17:41:20.960951	\N	\N	\N	f	f	f	provider	\N	\N
35	375	15	25.00	25.00	sent	\N	\N	2025-12-26 21:05:20.473644	2025-12-29 22:50:59.124311	\N	\N	\N	f	t	f	customer	467	\N
41	379	10	57.00	57.00	sent	\N	\N	2026-01-06 23:20:12.996516	2026-01-06 23:23:23.716264	\N	\N	\N	f	t	f	customer	466	\N
43	388	10	57.00	57.00	cancelled	Date proposal rejected	\N	2026-01-06 23:20:39.783755	2026-01-06 23:55:33.755698	\N	\N	\N	f	f	f	provider	\N	\N
28	388	10	57.00	57.00	finished	\N	\N	2025-12-24 15:53:37.142935	2025-12-30 03:11:02.881903	2025-12-30 03:11:02.876217	\N	\N	f	f	t	\N	466	\N
34	388	16	50.00	50.00	finished	\N	\N	2025-12-24 17:53:05.24704	2025-12-30 03:11:13.387038	2025-12-30 03:11:13.383699	\N	\N	f	f	t	\N	467	\N
33	435	15	25.00	25.00	finished	\N	\N	2025-12-24 17:43:51.950416	2026-01-08 17:57:35.854176	2026-01-08 17:57:35.850545	\N	\N	f	f	t	\N	467	\N
39	388	21	30.00	30.00	finished	\N	\N	2025-12-29 23:48:08.211559	2025-12-30 15:52:51.557567	2025-12-30 15:52:51.553055	\N	\N	f	f	t	\N	473	\N
37	432	16	50.00	50.00	finished	\N	\N	2025-12-29 17:21:06.074829	2025-12-31 00:00:28.485551	2025-12-31 00:00:28.480708	\N	\N	f	f	t	\N	467	\N
26	379	8	60.75	60.75	finished	\N	\N	2025-12-24 00:36:15.044074	2026-01-07 00:01:47.88129	2026-01-07 00:01:47.878059	\N	\N	f	f	t	\N	432	\N
42	379	23	60.00	60.00	finished	\N	\N	2026-01-06 23:20:27.646966	2026-01-07 00:09:23.76512	2026-01-07 00:09:23.761305	\N	\N	f	f	t	\N	466	\N
44	388	23	60.00	60.00	finished	\N	\N	2026-01-06 23:56:15.101168	2026-01-07 00:12:40.721433	2026-01-07 00:12:40.717857	\N	\N	f	f	t	\N	466	\N
25	376	7	5.00	5.00	finished	\N	\N	2025-12-23 23:21:39.791581	2026-01-08 17:59:31.902883	2026-01-08 17:59:31.899377	\N	\N	f	f	t	\N	375	\N
51	388	21	30.00	30.00	finished	\N	\N	2026-01-08 17:21:33.536716	2026-01-09 00:29:05.87586	2026-01-09 00:29:05.872146	\N	\N	f	f	t	\N	473	\N
45	432	21	30.00	30.00	sent	\N	\N	2026-01-07 15:38:11.646298	2026-01-08 17:22:02.420135	\N	\N	\N	f	t	f	customer	473	\N
46	432	23	60.00	60.00	finished	\N	\N	2026-01-07 15:47:09.527238	2026-01-08 21:19:50.869223	2026-01-08 21:19:50.865314	\N	\N	f	f	t	\N	466	\N
59	388	22	50.00	50.00	sent	\N	\N	2026-01-09 14:12:33.717459	2026-01-09 14:12:33.717463	\N	\N	\N	f	f	f	provider	\N	\N
62	448	16	50.00	50.00	finished	\N	\N	2026-01-09 15:49:01.52563	2026-01-17 23:40:41.667124	2026-01-17 23:40:41.662021	\N	\N	f	f	t	\N	467	\N
36	376	17	10.00	10.00	cancelled	No hay tiempo	\N	2025-12-26 21:17:46.300016	2026-01-08 18:30:31.509811	\N	\N	\N	f	t	f	customer	375	\N
38	432	17	10.00	10.00	cancelled	No hay tiempo	\N	2025-12-29 17:22:58.776375	2026-01-08 18:30:49.499848	\N	\N	\N	f	f	f	provider	\N	\N
47	432	10	57.00	57.00	finished	\N	\N	2026-01-07 15:47:28.174756	2026-01-08 21:21:05.392767	2026-01-08 21:21:05.389689	\N	\N	f	f	t	\N	466	\N
49	432	11	70.00	70.00	finished	\N	\N	2026-01-08 15:47:36.334943	2026-01-08 22:11:19.696366	2026-01-08 22:11:19.693034	\N	\N	f	f	t	\N	466	\N
53	372	24	12.00	12.00	sent	\N	\N	2026-01-08 17:58:44.572148	2026-01-08 22:15:51.384188	\N	\N	\N	f	t	f	customer	432	\N
48	379	24	12.00	12.00	sent	\N	\N	2026-01-08 00:04:46.564555	2026-01-08 22:16:03.589138	\N	\N	\N	f	t	f	customer	432	\N
57	432	23	60.00	60.00	finished	\N	\N	2026-01-08 22:14:43.25822	2026-01-09 00:02:47.819428	2026-01-09 00:02:47.815019	\N	\N	f	f	t	\N	466	\N
50	466	24	12.00	12.00	finished	\N	\N	2026-01-08 15:48:34.660725	2026-01-09 00:04:14.0517	2026-01-09 00:04:14.04816	\N	\N	f	f	t	\N	432	\N
58	432	14	20.00	20.00	sent	\N	\N	2026-01-08 22:15:00.936613	2026-01-13 19:17:33.404116	\N	\N	\N	f	t	f	customer	467	\N
52	372	21	30.00	30.00	finished	\N	\N	2026-01-08 17:58:00.621192	2026-01-16 22:35:33.864418	2026-01-16 22:35:33.861067	\N	\N	f	f	t	\N	473	\N
65	388	16	50.00	50.00	cancelled	perdón fue por accidente 	\N	2026-01-09 16:15:57.5894	2026-01-09 16:16:53.823296	\N	\N	\N	f	f	f	provider	\N	\N
63	432	16	50.00	50.00	finished	\N	\N	2026-01-09 15:49:16.002464	2026-01-10 00:00:25.585455	2026-01-10 00:00:25.581929	\N	\N	f	f	t	\N	467	\N
112	432	42	28.00	28.00	finished	\N	\N	2026-01-13 23:51:00.415281	2026-01-19 00:05:12.719383	2026-01-19 00:05:12.71584	\N	17	t	f	t	\N	432	\N
61	473	25	75.00	75.00	accepted	\N	\N	2026-01-09 14:16:57.045705	2026-01-21 23:49:37.541334	\N	\N	\N	f	f	t	\N	473	\N
64	388	16	50.00	50.00	cancelled	esta es la razón de cancelación, no puedo dar más servicios seguidos	\N	2026-01-09 16:14:11.63675	2026-01-09 16:15:11.20823	\N	\N	\N	f	f	f	provider	\N	\N
66	379	\N	20.00	20.00	sent	\N	\N	2026-01-09 17:00:51.006651	2026-01-09 17:00:51.006654	\N	\N	1	t	f	f	\N	\N	\N
67	467	\N	50.00	50.00	sent	\N	\N	2026-01-09 17:03:41.789354	2026-01-09 17:03:41.789359	\N	\N	3	t	f	f	\N	\N	\N
68	388	26	60.00	60.00	cancelled	Date proposal rejected	\N	2026-01-09 17:12:29.018194	2026-01-09 17:18:28.788662	\N	\N	\N	f	t	f	customer	467	\N
55	372	1	100.00	100.00	cancelled	Date proposal rejected	\N	2026-01-08 20:56:54.530086	2026-01-09 18:38:34.629378	\N	\N	\N	f	f	f	provider	\N	\N
72	432	23	60.00	60.00	sent	\N	\N	2026-01-09 22:22:43.156166	2026-01-09 22:22:43.15617	\N	\N	\N	f	f	f	provider	\N	\N
115	432	28	90.00	90.00	sent	\N	\N	2026-01-14 15:39:24.302432	2026-01-14 15:39:24.30247	\N	\N	\N	f	f	f	provider	\N	\N
74	379	\N	130.00	130.00	sent	\N	\N	2026-01-12 17:25:00.825029	2026-01-12 17:25:00.825033	\N	\N	4	t	f	f	\N	\N	\N
70	432	22	50.00	50.00	sent	\N	\N	2026-01-09 18:26:51.034643	2026-01-13 18:54:45.871766	\N	\N	\N	f	t	f	customer	473	\N
105	373	25	75.00	75.00	finished	\N	\N	2026-01-13 18:46:19.411123	2026-01-19 19:02:23.128986	2026-01-19 19:02:23.125457	\N	\N	f	f	t	\N	432	\N
76	467	\N	50.00	50.00	sent	\N	\N	2026-01-12 22:47:18.421744	2026-01-12 22:47:18.421748	\N	\N	5	t	f	f	\N	\N	\N
77	448	\N	100.00	100.00	sent	\N	\N	2026-01-12 23:57:15.389862	2026-01-12 23:57:15.389864	\N	\N	6	t	f	f	\N	\N	\N
113	432	39	1.00	1.00	cancelled	Date proposal rejected	\N	2026-01-13 23:54:55.400244	2026-01-22 19:40:35.006688	\N	\N	\N	f	f	f	provider	\N	\N
78	448	\N	100.00	100.00	sent	\N	\N	2026-01-13 00:05:59.572997	2026-01-13 00:05:59.573001	\N	\N	7	t	f	f	\N	\N	\N
75	432	26	60.00	60.00	finished	\N	\N	2026-01-12 21:44:45.207919	2026-01-13 01:02:12.828838	2026-01-13 01:02:12.824394	\N	\N	f	f	t	\N	467	\N
79	435	\N	5.00	5.00	sent	\N	\N	2026-01-13 01:06:20.550969	2026-01-13 01:06:20.550972	\N	\N	8	t	f	f	\N	\N	\N
80	435	27	300.00	300.00	cancelled	Date proposal rejected	\N	2026-01-13 01:07:58.643636	2026-01-13 01:08:51.577283	\N	\N	\N	f	t	f	customer	432	\N
81	372	\N	100.00	100.00	sent	\N	\N	2026-01-13 01:20:10.815865	2026-01-13 01:20:10.865494	\N	108	10	t	f	f	\N	\N	\N
82	372	\N	600.00	600.00	sent	\N	\N	2026-01-13 01:25:43.556382	2026-01-13 01:25:43.599617	\N	109	11	t	f	f	\N	\N	\N
83	448	\N	400.00	400.00	sent	\N	\N	2026-01-13 01:37:03.896063	2026-01-13 01:37:03.948654	\N	110	9	t	f	f	\N	\N	\N
84	448	\N	90.00	90.00	sent	\N	\N	2026-01-13 01:46:28.704996	2026-01-13 01:46:28.771015	\N	111	12	t	f	f	\N	\N	\N
86	448	\N	80.00	80.00	sent	\N	\N	2026-01-13 02:00:31.757265	2026-01-13 02:00:31.757268	\N	\N	13	t	f	f	\N	\N	\N
87	448	\N	80.00	80.00	sent	\N	\N	2026-01-13 02:01:34.863769	2026-01-13 02:01:34.939964	\N	112	13	t	f	f	\N	\N	\N
88	448	30	80.00	80.00	sent	\N	\N	2026-01-13 02:05:58.521649	2026-01-13 02:05:59.108736	\N	113	13	t	f	f	\N	\N	\N
89	448	31	80.00	80.00	sent	\N	\N	2026-01-13 02:19:21.822313	2026-01-13 02:19:21.88395	\N	114	13	t	f	f	\N	\N	\N
90	448	32	80.00	80.00	sent	\N	\N	2026-01-13 02:33:14.537668	2026-01-13 02:33:14.609616	\N	115	13	t	f	f	\N	\N	\N
91	448	33	80.00	80.00	sent	\N	\N	2026-01-13 02:35:01.19985	2026-01-13 02:35:01.25769	\N	116	13	t	f	f	\N	\N	\N
92	448	34	80.00	80.00	sent	\N	\N	2026-01-13 02:42:56.362588	2026-01-13 02:42:56.432067	\N	117	13	t	f	f	\N	\N	\N
93	448	35	80.00	80.00	sent	\N	\N	2026-01-13 02:43:35.069125	2026-01-13 02:43:35.098092	\N	118	13	t	f	f	\N	\N	\N
94	448	36	80.00	80.00	sent	\N	\N	2026-01-13 02:49:45.897987	2026-01-13 02:49:45.897995	\N	\N	13	t	f	f	\N	\N	\N
96	448	38	100.00	100.00	sent	\N	\N	2026-01-13 03:02:03.532092	2026-01-13 03:02:03.532096	\N	\N	13	t	f	f	\N	\N	\N
97	372	39	1.00	1.00	sent	\N	\N	2026-01-13 03:18:26.564471	2026-01-13 03:18:26.564477	\N	\N	\N	f	f	f	provider	\N	\N
98	376	1	100.00	100.00	sent	\N	\N	2026-01-13 03:36:28.92036	2026-01-13 03:37:51.582298	\N	\N	\N	f	t	f	customer	448	\N
117	432	29	80.00	80.00	sent	\N	\N	2026-01-14 15:40:36.947984	2026-01-14 15:40:36.947989	\N	\N	\N	f	f	f	provider	\N	\N
99	432	40	5.00	5.00	sent	\N	\N	2026-01-13 14:32:48.309476	2026-01-13 14:32:48.309482	\N	\N	15	t	f	f	\N	\N	\N
100	388	21	30.00	30.00	sent	\N	\N	2026-01-13 18:29:51.56868	2026-01-13 18:30:29.664878	\N	\N	\N	f	t	f	customer	473	\N
101	435	23	60.00	60.00	sent	\N	\N	2026-01-13 18:32:33.509829	2026-01-13 18:32:33.509832	\N	\N	\N	f	f	f	provider	\N	\N
102	435	21	30.00	30.00	cancelled	a ver mensaje	\N	2026-01-13 18:33:09.873561	2026-01-13 18:34:37.093641	\N	\N	\N	f	f	f	provider	\N	\N
103	435	21	30.00	30.00	sent	\N	\N	2026-01-13 18:41:52.93651	2026-01-13 18:41:52.936514	\N	\N	\N	f	f	f	provider	\N	\N
118	375	44	11.00	11.00	sent	\N	\N	2026-01-14 19:49:52.605887	2026-01-19 19:32:01.074423	\N	\N	19	t	t	f	customer	376	\N
122	388	13	15.00	15.00	finished	\N	\N	2026-01-14 22:41:46.693675	2026-01-19 23:21:07.419386	2026-01-19 23:21:07.413296	\N	\N	f	f	t	\N	467	\N
69	388	26	60.00	60.00	cancelled	a	\N	2026-01-09 17:20:23.231842	2026-01-13 19:16:54.553598	\N	\N	\N	f	f	f	provider	\N	\N
132	432	49	36.00	36.00	finished	\N	\N	2026-01-16 22:27:32.853305	2026-01-18 07:00:30.474847	2026-01-18 07:00:30.470286	\N	\N	f	f	t	\N	468	\N
110	373	41	6.00	6.00	sent	\N	\N	2026-01-13 21:03:56.159408	2026-01-13 21:03:56.159414	\N	\N	\N	f	f	f	provider	\N	\N
111	379	41	6.00	6.00	sent	\N	\N	2026-01-13 21:04:26.894619	2026-01-13 21:04:26.894623	\N	\N	\N	f	f	f	provider	\N	\N
107	373	12	10.00	10.00	finished	\N	\N	2026-01-13 19:11:33.721972	2026-01-19 20:15:55.140778	2026-01-19 20:15:55.137255	\N	\N	f	f	t	\N	467	\N
119	379	27	300.00	300.00	cancelled	Date proposal rejected	\N	2026-01-14 21:44:53.678974	2026-01-18 15:02:35.736154	\N	\N	\N	f	t	f	customer	432	\N
133	388	49	36.00	36.00	accepted	\N	\N	2026-01-16 22:27:34.547639	2026-01-16 22:28:49.863263	\N	\N	\N	f	f	t	\N	468	\N
121	388	26	60.00	60.00	finished	\N	\N	2026-01-14 22:39:48.427773	2026-01-16 22:52:25.439299	2026-01-16 22:52:25.435272	\N	\N	f	f	t	\N	467	\N
124	388	45	20.00	20.00	accepted	\N	\N	2026-01-14 22:45:56.336638	2026-01-14 22:46:51.251503	\N	\N	20	t	f	t	\N	467	\N
108	388	26	60.00	60.00	cancelled	Date proposal rejected	\N	2026-01-13 19:17:03.728564	2026-01-14 22:39:14.985114	\N	\N	\N	f	t	f	provider	388	\N
128	432	48	3.00	3.00	finished	\N	\N	2026-01-15 16:06:42.880432	2026-01-17 05:35:05.530243	2026-01-17 05:35:05.525587	\N	22	t	f	t	\N	467	\N
116	432	26	60.00	60.00	finished	\N	\N	2026-01-14 15:39:47.767985	2026-01-16 23:01:30.752599	2026-01-16 23:01:30.747625	\N	\N	f	f	t	\N	467	\N
71	372	1	100.00	100.00	cancelled	Date proposal rejected	\N	2026-01-09 18:38:59.633414	2026-01-22 16:06:56.243673	\N	\N	\N	f	t	f	customer	448	\N
125	379	29	80.00	80.00	sent	\N	\N	2026-01-14 22:46:06.66234	2026-01-14 22:46:06.662345	\N	\N	\N	f	f	f	provider	\N	\N
123	388	12	10.00	10.00	finished	\N	\N	2026-01-14 22:41:54.754955	2026-01-16 23:23:41.556683	2026-01-16 23:23:41.551386	\N	\N	f	f	t	\N	467	\N
73	375	9	100.00	100.00	finished	\N	\N	2026-01-10 00:01:39.096303	2026-02-03 21:00:52.028178	2026-02-03 21:00:52.023122	\N	\N	f	f	t	\N	376	\N
127	388	47	3.00	3.00	sent	\N	\N	2026-01-15 15:52:25.894704	2026-01-15 15:56:29.911354	\N	\N	21	t	t	f	customer	467	\N
129	372	5	80.00	80.00	sent	\N	\N	2026-01-16 16:52:52.981394	2026-01-16 16:52:52.981398	\N	\N	\N	f	f	f	provider	\N	\N
95	448	37	400.00	400.00	finished	\N	\N	2026-01-13 02:56:49.338981	2026-01-18 00:11:45.678355	2026-01-18 00:11:45.673727	\N	14	t	f	t	\N	372	\N
130	372	4	100.00	100.00	sent	\N	\N	2026-01-16 16:53:02.71532	2026-01-16 16:53:02.715324	\N	\N	\N	f	f	f	provider	\N	\N
126	467	46	180.00	180.00	cancelled	xd?	\N	2026-01-14 23:03:10.918332	2026-01-23 22:50:45.812823	\N	\N	\N	f	t	f	customer	432	\N
131	372	3	70.00	70.00	sent	\N	\N	2026-01-16 22:00:49.939751	2026-01-16 22:00:49.939757	\N	\N	\N	f	f	f	provider	\N	\N
120	388	14	20.00	20.00	finished	\N	\N	2026-01-14 22:37:21.848951	2026-01-16 22:37:07.891232	2026-01-16 22:37:07.888052	\N	\N	f	f	t	\N	467	\N
114	432	43	50.00	50.00	finished	\N	\N	2026-01-14 00:06:26.016835	2026-01-16 22:28:35.55678	2026-01-16 22:28:35.552757	\N	18	t	f	t	\N	473	\N
135	379	27	300.00	300.00	finished	\N	\N	2026-01-18 15:02:50.31489	2026-01-19 01:03:24.26277	2026-01-19 01:03:24.259118	\N	\N	f	f	t	\N	432	\N
134	478	46	180.00	180.00	finished	\N	\N	2026-01-18 15:00:15.107144	2026-01-19 04:21:47.297814	2026-01-19 04:21:47.294405	\N	\N	f	f	t	\N	432	\N
136	450	46	180.00	180.00	sent	\N	\N	2026-01-19 04:58:40.630191	2026-01-19 04:59:04.595075	\N	\N	\N	f	t	f	customer	432	\N
189	397	61	5.00	5.00	sent	\N	\N	2026-02-04 16:41:10.56342	2026-02-04 16:41:10.56344	\N	\N	\N	f	f	f	provider	\N	\N
139	379	50	300.00	300.00	sent	\N	\N	2026-01-19 17:30:34.507028	2026-01-19 17:30:34.507032	\N	\N	\N	f	f	f	provider	\N	\N
104	373	21	30.00	30.00	finished	\N	\N	2026-01-13 18:42:59.119733	2026-01-19 17:58:30.05927	2026-01-19 17:58:30.054576	\N	\N	f	f	t	\N	473	\N
106	373	27	300.00	300.00	finished	\N	\N	2026-01-13 19:09:19.129108	2026-01-19 19:02:17.670567	2026-01-19 19:02:17.667284	\N	\N	f	f	t	\N	432	\N
160	372	1	100.00	100.00	accepted	\N	\N	2026-01-22 16:07:21.638405	2026-01-22 18:58:02.234879	\N	\N	\N	f	f	t	\N	448	\N
138	477	51	50.00	50.00	finished	\N	\N	2026-01-19 17:14:04.517723	2026-01-20 00:10:12.528828	2026-01-20 00:10:12.524436	\N	\N	f	f	t	\N	388	\N
142	477	52	1.00	1.00	finished	\N	\N	2026-01-19 19:30:17.064051	2026-01-20 00:11:29.74668	2026-01-20 00:11:29.742114	\N	24	t	f	t	\N	477	\N
162	426	3	70.00	70.00	sent	\N	\N	2026-01-22 19:34:24.751941	2026-01-22 19:34:24.751947	\N	\N	\N	f	f	f	provider	\N	\N
164	448	54	32.00	32.00	sent	\N	\N	2026-01-22 19:38:28.482217	2026-01-22 19:38:28.482222	\N	\N	\N	f	f	f	provider	\N	\N
163	426	39	1.00	1.00	cancelled	Date proposal rejected	\N	2026-01-22 19:35:12.097266	2026-01-22 19:40:25.17452	\N	\N	\N	f	f	f	provider	\N	\N
145	388	14	20.00	20.00	cancelled	Date proposal rejected	\N	2026-01-20 15:40:27.382446	2026-01-20 15:41:25.57379	\N	\N	\N	f	t	f	customer	467	\N
184	426	39	1.00	1.00	sent	\N	\N	2026-01-29 02:02:52.963101	2026-01-29 02:02:52.963105	\N	\N	\N	f	f	f	provider	\N	\N
147	395	50	300.00	300.00	sent	\N	\N	2026-01-20 15:46:40.917839	2026-01-20 23:46:09.921379	\N	\N	\N	f	t	f	customer	432	\N
143	373	50	300.00	300.00	finished	\N	\N	2026-01-20 14:24:32.322224	2026-01-21 00:00:15.48889	2026-01-21 00:00:15.482923	\N	\N	f	f	t	\N	432	\N
141	373	51	50.00	50.00	finished	\N	\N	2026-01-19 18:04:09.02098	2026-01-21 00:00:27.249365	2026-01-21 00:00:27.245306	\N	\N	f	f	t	\N	388	\N
185	379	27	300.00	300.00	sent	\N	\N	2026-01-30 20:30:47.655866	2026-01-30 20:30:47.655871	\N	\N	\N	f	f	f	provider	\N	\N
140	432	51	50.00	50.00	finished	\N	\N	2026-01-19 17:54:15.2271	2026-01-21 01:29:01.57605	2026-01-21 01:29:01.571492	\N	\N	f	f	t	\N	388	\N
149	432	51	53.00	53.00	sent	\N	\N	2026-01-21 04:17:38.809289	2026-01-21 04:17:38.809296	\N	\N	\N	f	f	f	provider	\N	\N
144	395	51	53.00	53.00	finished	\N	\N	2026-01-20 15:39:58.32151	2026-01-21 17:11:16.356331	2026-01-21 17:11:16.34984	\N	\N	f	f	t	\N	388	\N
166	376	57	10.00	10.00	accepted	\N	\N	2026-01-22 20:14:22.461401	2026-01-22 20:16:51.490923	\N	\N	\N	f	f	t	\N	448	\N
165	372	57	10.00	10.00	sent	\N	\N	2026-01-22 19:45:45.523887	2026-01-22 20:20:35.110511	\N	\N	\N	f	t	f	\N	448	\N
148	432	54	32.00	32.00	finished	\N	\N	2026-01-21 00:06:58.586215	2026-01-22 01:00:28.768062	2026-01-22 01:00:28.763421	\N	\N	f	f	t	\N	477	\N
151	426	5	80.00	80.00	sent	\N	\N	2026-01-22 01:09:16.610227	2026-01-22 01:09:16.610233	\N	\N	\N	f	f	f	provider	\N	\N
152	426	10	57.00	57.00	sent	\N	\N	2026-01-22 01:09:38.700044	2026-01-22 01:09:38.700048	\N	\N	\N	f	f	f	provider	\N	\N
186	432	60	50.00	50.00	sent	\N	\N	2026-01-30 20:39:04.050982	2026-01-30 20:39:04.050986	\N	\N	\N	f	f	f	provider	\N	\N
167	372	58	100.00	100.00	sent	\N	\N	2026-01-22 20:35:41.149052	2026-01-22 20:36:01.492336	\N	\N	\N	f	t	f	customer	448	\N
154	426	46	180.00	180.00	cancelled	Date proposal rejected	\N	2026-01-22 01:12:22.882499	2026-01-22 01:34:08.881625	\N	\N	\N	f	t	f	customer	432	\N
153	426	50	300.00	300.00	sent	\N	\N	2026-01-22 01:10:10.534435	2026-01-22 01:36:42.179534	\N	\N	\N	f	t	f	customer	432	\N
157	480	51	53.00	53.00	sent	\N	\N	2026-01-22 01:37:42.507836	2026-01-22 01:37:42.50784	\N	\N	\N	f	f	f	provider	\N	\N
109	375	41	6.00	6.00	sent	\N	\N	2026-01-13 20:25:57.417956	2026-01-22 21:46:03.952848	\N	\N	16	t	t	f	customer	376	\N
158	480	50	300.00	300.00	sent	\N	\N	2026-01-22 01:37:48.63756	2026-01-22 01:38:44.710426	\N	\N	\N	f	t	f	provider	480	\N
150	480	54	32.00	32.00	finished	\N	\N	2026-01-21 22:07:35.176924	2026-01-22 02:00:17.806127	2026-01-22 02:00:17.801908	\N	\N	f	f	t	\N	477	\N
159	373	53	9.00	9.00	accepted	\N	\N	2026-01-22 15:41:55.860614	2026-01-22 22:06:53.688738	\N	\N	\N	f	f	t	\N	373	\N
174	388	26	60.00	60.00	accepted	\N	\N	2026-01-23 22:48:50.990319	2026-01-23 22:52:26.290171	\N	\N	\N	f	f	t	\N	388	\N
176	467	46	180.00	180.00	sent	\N	\N	2026-01-23 22:51:03.093992	2026-01-24 01:44:36.336601	\N	\N	\N	f	t	f	customer	432	\N
175	388	46	180.00	180.00	sent	\N	\N	2026-01-23 22:50:03.469182	2026-01-25 00:02:35.074053	\N	\N	\N	f	t	f	customer	432	\N
137	379	46	180.00	180.00	finished	\N	\N	2026-01-19 16:54:56.782023	2026-01-23 22:35:27.432392	2026-01-23 22:35:27.427611	\N	\N	f	f	t	\N	432	\N
168	373	50	300.00	300.00	cancelled	Date proposal rejected	\N	2026-01-23 22:34:49.843793	2026-01-23 22:35:56.515694	\N	\N	\N	f	t	f	customer	432	\N
169	373	50	300.00	300.00	sent	\N	\N	2026-01-23 22:36:27.537483	2026-01-23 22:36:49.888472	\N	\N	\N	f	t	f	customer	432	\N
161	467	51	53.00	53.00	finished	\N	\N	2026-01-22 19:21:29.585613	2026-01-23 22:39:25.450066	2026-01-23 22:39:25.445507	\N	\N	f	f	t	\N	388	\N
170	373	51	53.00	53.00	sent	\N	\N	2026-01-23 22:42:42.89436	2026-01-23 22:42:42.894364	\N	\N	\N	f	f	f	provider	\N	\N
177	426	58	100.00	100.00	sent	\N	\N	2026-01-26 18:35:01.332704	2026-01-26 18:35:01.332716	\N	\N	\N	f	f	f	provider	\N	\N
171	373	46	180.00	180.00	sent	\N	\N	2026-01-23 22:42:50.495831	2026-01-23 22:43:53.455797	\N	\N	\N	f	t	f	provider	373	\N
178	486	10	57.00	57.00	cancelled	me equivoque	\N	2026-01-27 17:19:20.994438	2026-01-27 17:19:55.734064	\N	\N	\N	f	f	f	provider	\N	\N
172	388	53	9.00	9.00	accepted	\N	\N	2026-01-23 22:45:33.45154	2026-01-23 22:46:30.750269	\N	\N	\N	f	f	t	\N	467	\N
179	486	58	100.00	100.00	cancelled	me equivoque	\N	2026-01-27 17:20:23.692744	2026-01-27 17:20:31.305183	\N	\N	\N	f	f	f	provider	\N	\N
146	388	14	20.00	20.00	cancelled	Date proposal rejected	\N	2026-01-20 15:44:41.905336	2026-01-27 18:06:30.662493	\N	\N	\N	f	f	f	provider	\N	\N
180	388	60	50.00	50.00	sent	\N	\N	2026-01-27 18:15:15.358844	2026-01-27 18:15:15.358847	\N	\N	\N	f	f	f	provider	\N	\N
181	402	59	25.00	25.00	sent	\N	\N	2026-01-28 23:01:51.180217	2026-01-28 23:01:51.18024	\N	\N	\N	f	f	f	provider	\N	\N
155	426	1	100.00	100.00	finished	\N	\N	2026-01-22 01:15:32.41554	2026-01-31 05:07:08.169891	2026-01-31 05:07:08.164213	\N	\N	f	f	t	\N	448	\N
187	432	16	50.00	50.00	sent	\N	\N	2026-01-31 05:50:57.183321	2026-01-31 05:50:57.183329	\N	\N	\N	f	f	f	provider	\N	\N
182	402	56	60.00	60.00	accepted	\N	\N	2026-01-28 23:03:07.241132	2026-01-28 23:30:12.144458	\N	\N	\N	f	f	t	\N	402	\N
156	397	55	150.00	150.00	finished	\N	\N	2026-01-22 01:29:45.897061	2026-01-29 01:55:55.390818	2026-01-29 01:55:55.386029	\N	\N	f	f	t	\N	426	\N
183	397	5	80.00	80.00	sent	\N	\N	2026-01-29 01:57:05.853013	2026-01-29 01:57:05.853016	\N	\N	\N	f	f	f	provider	\N	\N
188	397	64	150.00	150.00	accepted	\N	\N	2026-02-04 15:25:58.28831	2026-02-04 15:46:03.720063	\N	\N	\N	f	f	t	\N	491	\N
173	478	27	300.00	300.00	sent	\N	\N	2026-01-23 22:46:51.468434	2026-02-04 15:46:22.721891	\N	\N	\N	f	t	f	customer	432	\N
\.


--
-- Data for Name: service_schedules; Type: TABLE DATA; Schema: public; Owner: canteradigitalio_bateradmin
--

COPY public.service_schedules (id, service_request_id, start_date, start_time, end_date, end_time, created_at, updated_at, notification_sent) FROM stdin;
1	8	2025-12-17	09:00:00	2025-12-17	17:00:00	2025-12-17 17:06:56.062898	2025-12-17 17:06:56.062925	f
2	6	2025-12-17	09:00:00	2025-12-17	17:00:00	2025-12-17 17:06:56.062898	2025-12-17 17:06:56.062925	f
3	9	2025-12-19	09:00:00	2025-12-19	17:00:00	2025-12-17 17:06:56.062898	2025-12-17 17:06:56.062925	f
5	13	2025-12-22	09:00:00	2025-12-22	17:00:00	2025-12-22 16:03:28.193366	2025-12-22 16:03:28.193396	f
6	12	2025-12-22	09:00:00	2025-12-22	17:00:00	2025-12-22 16:03:28.193366	2025-12-22 16:03:28.193396	f
7	15	2025-12-27	09:00:00	2025-12-27	17:00:00	2025-12-22 20:56:43.456375	2025-12-22 20:56:43.456404	f
8	17	2025-12-23	09:00:00	2025-12-23	17:00:00	2025-12-22 20:56:43.456375	2025-12-22 20:56:43.456404	f
9	18	2025-12-23	09:00:00	2025-12-23	17:00:00	2025-12-22 20:56:43.456375	2025-12-22 20:56:43.456404	f
10	23	2025-12-27	09:00:00	2025-12-27	17:00:00	2025-12-23 21:04:07.256119	2025-12-23 21:04:07.256148	f
11	24	2025-12-29	09:00:00	2025-12-29	17:00:00	2025-12-23 21:04:07.256119	2025-12-23 21:04:07.256148	f
13	25	2026-01-01	09:00:00	2026-01-01	17:00:00	2025-12-23 23:17:55.958986	2025-12-23 23:17:55.959033	f
170	167	2026-01-20	09:00:00	2026-01-23	17:00:00	2026-01-22 20:33:28.136815	2026-01-22 20:33:28.136841	f
15	26	2025-12-24	09:00:00	2025-12-24	17:00:00	2025-12-23 23:17:55.958986	2025-12-23 23:17:55.959033	f
16	11	2025-12-24	09:00:00	2025-12-24	17:00:00	2025-12-24 05:38:32.321602	2025-12-24 05:38:32.32163	f
17	29	2025-12-24	09:00:00	2025-12-24	17:00:00	2025-12-24 05:38:32.321602	2025-12-24 05:38:32.32163	f
172	159	2026-01-23	09:00:00	2026-01-23	17:00:00	2026-01-22 20:33:28.136815	2026-01-22 20:33:28.136841	f
19	28	2025-12-24	09:00:00	2025-12-24	17:00:00	2025-12-24 05:38:32.321602	2025-12-24 05:38:32.32163	f
20	27	2025-12-24	09:00:00	2025-12-24	17:00:00	2025-12-24 05:38:32.321602	2025-12-24 05:38:32.32163	f
21	36	2025-12-28	09:00:00	2025-12-28	17:00:00	2025-12-24 18:49:20.740753	2025-12-24 18:49:20.74078	f
22	35	2025-12-29	09:00:00	2025-12-29	17:00:00	2025-12-29 21:10:05.865622	2025-12-29 21:10:05.865652	f
180	172	2026-01-23	09:00:00	2026-01-23	17:00:00	2026-01-22 20:33:28.136815	2026-01-22 20:33:28.136841	f
26	34	2025-12-29	09:00:00	2025-12-29	17:00:00	2025-12-29 21:10:05.865622	2025-12-29 21:10:05.865652	f
29	39	2025-12-29	09:00:00	2025-12-29	17:00:00	2025-12-29 21:10:05.865622	2025-12-29 21:10:05.865652	f
30	39	2025-12-30	09:00:00	2025-12-30	17:00:00	2025-12-29 21:10:05.865622	2025-12-29 21:10:05.865652	f
32	40	2025-12-30	09:00:00	2025-12-30	17:00:00	2025-12-29 21:10:05.865622	2025-12-29 21:10:05.865652	f
33	37	2025-12-29	09:00:00	2025-12-29	17:00:00	2025-12-29 21:10:05.865622	2025-12-29 21:10:05.865652	f
34	33	2025-12-29	09:00:00	2025-12-29	17:00:00	2025-12-31 18:21:24.759172	2025-12-31 18:21:24.75924	f
36	41	2026-01-06	09:00:00	2026-01-06	17:00:00	2025-12-31 18:21:24.759172	2025-12-31 18:21:24.75924	f
37	42	2026-01-06	09:00:00	2026-01-06	17:00:00	2025-12-31 18:21:24.759172	2025-12-31 18:21:24.75924	f
39	44	2026-01-06	09:00:00	2026-01-06	17:00:00	2025-12-31 18:21:24.759172	2025-12-31 18:21:24.75924	f
42	46	2026-01-07	09:00:00	2026-01-07	17:00:00	2026-01-07 15:13:51.873218	2026-01-07 15:13:51.873263	f
43	47	2026-01-07	09:00:00	2026-01-07	17:00:00	2026-01-07 15:13:51.873218	2026-01-07 15:13:51.873263	f
45	49	2026-01-08	09:00:00	2026-01-08	17:00:00	2026-01-07 15:13:51.873218	2026-01-07 15:13:51.873263	f
47	50	2026-01-08	09:00:00	2026-01-08	17:00:00	2026-01-07 15:13:51.873218	2026-01-07 15:13:51.873263	f
48	45	2026-01-08	09:00:00	2026-01-08	17:00:00	2026-01-07 15:13:51.873218	2026-01-07 15:13:51.873263	f
50	51	2026-01-08	09:00:00	2026-01-08	17:00:00	2026-01-07 15:13:51.873218	2026-01-07 15:13:51.873263	f
52	52	2026-01-08	09:00:00	2026-01-08	17:00:00	2026-01-07 15:13:51.873218	2026-01-07 15:13:51.873263	f
53	54	2026-01-09	09:00:00	2026-01-09	17:00:00	2026-01-08 19:25:40.917212	2026-01-08 19:25:40.917242	f
54	56	2026-01-08	09:00:00	2026-01-08	17:00:00	2026-01-08 21:11:12.351978	2026-01-08 21:11:12.352004	f
55	53	2026-01-08	09:00:00	2026-01-08	17:00:00	2026-01-08 21:11:12.351978	2026-01-08 21:11:12.352004	f
56	48	2026-01-08	09:00:00	2026-01-08	17:00:00	2026-01-08 21:11:12.351978	2026-01-08 21:11:12.352004	f
58	57	2026-01-08	09:00:00	2026-01-08	17:00:00	2026-01-08 21:11:12.351978	2026-01-08 21:11:12.352004	f
65	63	2026-01-09	09:00:00	2026-01-09	17:00:00	2026-01-08 22:49:15.947543	2026-01-08 22:49:15.947571	f
66	62	2026-01-09	09:00:00	2026-01-09	17:00:00	2026-01-08 22:49:15.947543	2026-01-08 22:49:15.947571	f
67	68	2026-01-09	09:00:00	2026-01-09	17:00:00	2026-01-09 17:07:15.330526	2026-01-09 17:07:15.330554	f
69	73	2026-01-24	09:00:00	2026-01-24	17:00:00	2026-01-09 17:48:07.528095	2026-01-09 17:48:07.528122	f
71	75	2026-01-12	09:00:00	2026-01-12	17:00:00	2026-01-12 17:19:52.607999	2026-01-12 17:19:52.608029	f
72	71	2026-01-14	09:00:00	2026-01-14	17:00:00	2026-01-12 23:58:42.161777	2026-01-12 23:58:42.161817	f
73	71	2026-01-13	09:00:00	2026-01-13	17:00:00	2026-01-12 23:58:42.161777	2026-01-12 23:58:42.161817	f
74	80	2026-01-13	09:00:00	2026-01-13	17:00:00	2026-01-12 23:58:42.161777	2026-01-12 23:58:42.161817	f
75	98	2026-01-13	09:00:00	2026-01-13	17:00:00	2026-01-13 03:00:24.901472	2026-01-13 03:00:24.901499	f
78	100	2026-01-13	09:00:00	2026-01-13	17:00:00	2026-01-13 03:00:24.901472	2026-01-13 03:00:24.901499	f
80	70	2026-01-13	09:00:00	2026-01-13	17:00:00	2026-01-13 03:00:24.901472	2026-01-13 03:00:24.901499	f
81	104	2026-01-13	09:00:00	2026-01-13	17:00:00	2026-01-13 03:00:24.901472	2026-01-13 03:00:24.901499	f
83	106	2026-01-13	09:00:00	2026-01-13	17:00:00	2026-01-13 19:08:21.925591	2026-01-13 19:08:21.925619	f
85	107	2026-01-13	09:00:00	2026-01-13	17:00:00	2026-01-13 19:08:21.925591	2026-01-13 19:08:21.925619	f
87	58	2026-01-13	09:00:00	2026-01-13	17:00:00	2026-01-13 19:15:31.95715	2026-01-13 19:15:31.957176	f
88	95	2026-01-13	09:00:00	2026-01-13	17:00:00	2026-01-13 19:15:31.95715	2026-01-13 19:15:31.957176	f
89	95	2026-01-15	09:00:00	2026-01-15	17:00:00	2026-01-13 19:15:31.95715	2026-01-13 19:15:31.957176	f
91	105	2026-01-13	09:00:00	2026-01-13	17:00:00	2026-01-13 23:37:16.549984	2026-01-13 23:37:16.550014	f
94	114	2026-01-14	09:00:00	2026-01-14	17:00:00	2026-01-14 00:03:23.062212	2026-01-14 00:03:23.062243	f
97	120	2026-01-14	09:00:00	2026-01-14	17:00:00	2026-01-14 00:03:23.062212	2026-01-14 00:03:23.062243	f
98	108	2026-01-14	09:00:00	2026-01-14	17:00:00	2026-01-14 00:03:23.062212	2026-01-14 00:03:23.062243	f
100	121	2026-01-14	09:00:00	2026-01-14	17:00:00	2026-01-14 00:03:23.062212	2026-01-14 00:03:23.062243	f
103	123	2026-01-14	09:00:00	2026-01-14	17:00:00	2026-01-14 00:03:23.062212	2026-01-14 00:03:23.062243	f
104	122	2026-01-14	09:00:00	2026-01-14	17:00:00	2026-01-14 00:03:23.062212	2026-01-14 00:03:23.062243	f
106	124	2026-01-14	09:00:00	2026-01-14	17:00:00	2026-01-14 00:03:23.062212	2026-01-14 00:03:23.062243	f
107	116	2026-01-14	09:00:00	2026-01-14	17:00:00	2026-01-14 00:03:23.062212	2026-01-14 00:03:23.062243	f
108	119	2026-01-14	09:00:00	2026-01-14	17:00:00	2026-01-14 00:03:23.062212	2026-01-14 00:03:23.062243	f
109	126	2026-01-14	09:00:00	2026-01-14	17:00:00	2026-01-14 00:03:23.062212	2026-01-14 00:03:23.062243	f
110	127	2026-01-15	09:00:00	2026-01-15	17:00:00	2026-01-15 15:54:33.241899	2026-01-15 15:54:33.241929	f
112	128	2026-01-15	09:00:00	2026-01-15	17:00:00	2026-01-15 16:02:08.920447	2026-01-15 16:02:08.920477	f
116	132	2026-01-16	09:00:00	2026-01-16	17:00:00	2026-01-16 19:48:55.611615	2026-01-16 19:48:55.611646	f
117	133	2026-01-16	09:00:00	2026-01-16	17:00:00	2026-01-16 19:48:55.611615	2026-01-16 19:48:55.611646	f
119	134	2026-01-18	09:00:00	2026-01-18	17:00:00	2026-01-18 00:27:26.159071	2026-01-18 00:27:26.159101	f
120	112	2026-01-13	09:00:00	2026-01-13	17:00:00	2026-01-18 00:27:26.159071	2026-01-18 00:27:26.159101	f
122	135	2026-01-18	09:00:00	2026-01-18	17:00:00	2026-01-18 00:27:26.159071	2026-01-18 00:27:26.159101	f
123	136	2026-01-19	09:00:00	2026-01-19	17:00:00	2026-01-18 00:27:26.159071	2026-01-18 00:27:26.159101	f
125	137	2026-01-19	09:00:00	2026-01-19	17:00:00	2026-01-19 16:57:48.770751	2026-01-19 16:57:48.770781	f
127	138	2026-01-19	09:00:00	2026-01-19	17:00:00	2026-01-19 16:57:48.770751	2026-01-19 16:57:48.770781	f
169	166	2026-01-20	09:00:00	2026-01-23	17:00:00	2026-01-22 20:12:10.933493	2026-01-22 20:12:10.93352	f
171	109	2026-01-31	09:00:00	2026-01-31	17:00:00	2026-01-22 20:33:28.136815	2026-01-22 20:33:28.136841	f
130	142	2026-01-19	09:00:00	2026-01-19	17:00:00	2026-01-19 16:57:48.770751	2026-01-19 16:57:48.770781	f
131	118	2026-01-24	09:00:00	2026-01-24	17:00:00	2026-01-19 16:57:48.770751	2026-01-19 16:57:48.770781	f
173	168	2026-01-23	09:00:00	2026-01-23	17:00:00	2026-01-22 20:33:28.136815	2026-01-22 20:33:28.136841	f
133	140	2026-01-19	09:00:00	2026-01-19	17:00:00	2026-01-19 21:16:49.019805	2026-01-19 21:16:49.019834	f
134	141	2026-01-19	09:00:00	2026-01-19	17:00:00	2026-01-19 21:16:49.019805	2026-01-19 21:16:49.019834	f
174	169	2026-01-23	09:00:00	2026-01-23	17:00:00	2026-01-22 20:33:28.136815	2026-01-22 20:33:28.136841	f
136	143	2026-01-20	09:00:00	2026-01-20	17:00:00	2026-01-19 21:16:49.019805	2026-01-19 21:16:49.019834	f
137	145	2026-01-20	09:00:00	2026-01-20	17:00:00	2026-01-19 21:16:49.019805	2026-01-19 21:16:49.019834	f
176	171	2026-01-25	09:00:00	2026-01-25	17:00:00	2026-01-22 20:33:28.136815	2026-01-22 20:33:28.136841	f
139	144	2026-01-20	09:00:00	2026-01-20	17:00:00	2026-01-19 21:16:49.019805	2026-01-19 21:16:49.019834	f
140	147	2026-01-20	09:00:00	2026-01-20	17:00:00	2026-01-19 21:16:49.019805	2026-01-19 21:16:49.019834	f
142	148	2026-01-21	09:00:00	2026-01-21	17:00:00	2026-01-19 21:16:49.019805	2026-01-19 21:16:49.019834	f
144	150	2026-01-21	09:00:00	2026-01-21	17:00:00	2026-01-21 17:57:43.983152	2026-01-21 17:57:43.98318	f
145	61	2026-01-10	09:00:00	2026-01-10	17:00:00	2026-01-21 17:57:43.983152	2026-01-21 17:57:43.98318	f
147	156	2026-01-22	09:00:00	2026-01-22	17:00:00	2026-01-21 17:57:43.983152	2026-01-21 17:57:43.98318	f
148	154	2026-01-22	09:00:00	2026-01-22	17:00:00	2026-01-21 17:57:43.983152	2026-01-21 17:57:43.98318	f
149	153	2026-01-22	09:00:00	2026-01-22	17:00:00	2026-01-21 17:57:43.983152	2026-01-21 17:57:43.98318	f
151	158	2026-01-23	09:00:00	2026-01-23	17:00:00	2026-01-21 17:57:43.983152	2026-01-21 17:57:43.98318	f
156	155	2026-01-24	09:00:00	2026-01-24	17:00:00	2026-01-21 17:57:43.983152	2026-01-21 17:57:43.98318	f
157	155	2026-01-30	09:00:00	2026-01-30	17:00:00	2026-01-21 17:57:43.983152	2026-01-21 17:57:43.98318	f
185	174	2026-01-23	09:00:00	2026-01-23	17:00:00	2026-01-22 20:33:28.136815	2026-01-22 20:33:28.136841	f
186	174	2026-01-24	09:00:00	2026-01-24	17:00:00	2026-01-22 20:33:28.136815	2026-01-22 20:33:28.136841	f
160	160	2026-01-24	09:00:00	2026-01-24	17:00:00	2026-01-21 17:57:43.983152	2026-01-21 17:57:43.98318	f
161	160	2026-01-23	09:00:00	2026-01-23	17:00:00	2026-01-21 17:57:43.983152	2026-01-21 17:57:43.98318	f
187	176	2026-01-24	09:00:00	2026-01-24	17:00:00	2026-01-22 20:33:28.136815	2026-01-22 20:33:28.136841	f
163	161	2026-01-22	09:00:00	2026-01-22	17:00:00	2026-01-22 19:18:13.431766	2026-01-22 19:18:13.431796	f
188	175	2026-01-25	09:00:00	2026-01-25	17:00:00	2026-01-22 20:33:28.136815	2026-01-22 20:33:28.136841	f
191	182	2026-01-30	09:00:00	2026-01-30	17:00:00	2026-01-27 18:49:58.846603	2026-01-27 18:49:58.846632	f
196	188	2026-02-09	09:00:00	2026-02-09	17:00:00	2026-02-04 14:54:23.672379	2026-02-04 14:54:23.672407	f
197	173	2026-02-11	09:00:00	2026-02-11	17:00:00	2026-02-04 14:54:23.672379	2026-02-04 14:54:23.672407	f
198	173	2026-02-18	09:00:00	2026-02-18	17:00:00	2026-02-04 14:54:23.672379	2026-02-04 14:54:23.672407	f
199	173	2026-02-25	09:00:00	2026-02-25	17:00:00	2026-02-04 14:54:23.672379	2026-02-04 14:54:23.672407	f
200	173	2026-02-26	09:00:00	2026-02-26	17:00:00	2026-02-04 14:54:23.672379	2026-02-04 14:54:23.672407	f
201	173	2026-02-19	09:00:00	2026-02-19	17:00:00	2026-02-04 14:54:23.672379	2026-02-04 14:54:23.672407	f
202	173	2026-02-12	09:00:00	2026-02-12	17:00:00	2026-02-04 14:54:23.672379	2026-02-04 14:54:23.672407	f
\.


--
-- Data for Name: service_validation_documents; Type: TABLE DATA; Schema: public; Owner: canteradigitalio_bateradmin
--

COPY public.service_validation_documents (id, service_id, file, created_at, updated_at) FROM stdin;
\.


--
-- Data for Name: services; Type: TABLE DATA; Schema: public; Owner: canteradigitalio_bateradmin
--

COPY public.services (id, user_id, cover_image, name, category_id, subcategory_id, address, service_type, coverage_range, service_cost, experience_years, created_at, updated_at, chat_id, is_active, knowledge_level) FROM stdin;
1	448	/media/services/service1/cover/7c914bb1-6c55-4e46-acfb-d4c5e1d1fd79.jpg	Tramite Visa	4	26	Nochebuena, #4, El Rosal (Los Viveros), Jungapeo de Juárez, Michoacán, México	virtual	0	100.00	2	2025-12-16 22:21:05.394242	2025-12-16 22:21:05.394269	\N	t	intermediate
2	465	/media/services/service2/cover/87e0b25b-5ce8-4b38-ac5e-4780d20452fd.jpg	Peluches artesanales	3	22	Angel Padilla, #204, Francisca Xaviera Villegas, Morelia, Michoacán, Mexico	virtual	0	50.00	2	2025-12-17 17:06:56.043141	2025-12-17 17:06:56.043186	\N	t	intermediate
3	465	/media/services/service3/cover/eddcd8bc-c0a3-41db-95d3-9c1c6428ac88.png	Ramos personalizados	8	51	Angel Padilla, #204, Francisca Xaviera Villegas, Morelia, Michoacán, Mexico	virtual	40	70.00	2	2025-12-17 17:06:56.043141	2025-12-17 17:06:56.043186	\N	t	intermediate
4	465	/media/services/service4/cover/ffaf9d18-77da-45d7-b22f-61d28daf1459.png	Carwash	2	17	Angel Padilla, #204, Francisca Xaviera Villegas, Morelia, Michoacán, Mexico	physical	100	100.00	3	2025-12-17 17:06:56.043141	2025-12-17 17:06:56.043186	\N	t	advanced
5	465	/media/services/service5/cover/62acf8c0-ec8c-4b10-80f1-d1c6bb4f15c8.jpg	Se crea musica a tu gusto 	8	38	Angel Padilla, #204, Francisca Xaviera Villegas, Morelia, Michoacán, Mexico	virtual	0	80.00	2	2025-12-17 17:06:56.043141	2025-12-17 17:06:56.043186	\N	t	intermediate
6	465	/media/services/service6/cover/5a81baa1-f637-4b79-8328-2271a38437a5.jpg	Tazas personalizadas	8	54	Angel Padilla, #204, Francisca Xaviera Villegas, Morelia, Michoacán, Mexico	physical	100	120.00	3	2025-12-17 17:06:56.043141	2025-12-17 17:06:56.043186	\N	t	advanced
11	466	\N	Paseo de perros	6	29	Angel Padilla, #204, Francisca Xaviera Villegas, Morelia, Michoacán, Mexico	virtual	40	70.00	2	2025-12-24 05:38:32.301801	2025-12-29 21:10:05.844184	45	t	intermediate
23	466	\N	Cupcakes 	3	23	Angel Padilla, #204, Francisca Xaviera Villegas, Morelia, Michoacán, Mexico	physical	90	60.00	2	2025-12-31 18:21:24.739063	2025-12-31 18:21:24.73909	\N	t	intermediate
7	375	/media/services/service7/cover/f8d2de1e-7109-4762-9450-b909d90c6e4d.jpg	Cambio de radiadores 	2	17	Vicente Guerrero, Revolución, 58932 Zinapécuaro de Figueroa, Mich., México	virtual	100	5.00	3	2025-12-22 19:47:25.666382	2025-12-22 19:47:25.666412	\N	t	advanced
8	432	/media/services/service8/cover/092743dd-dcb1-4603-82f3-f9465b5b555a.jpg	Decoración fiestas	9	40	Batalla de Casa Mata, 351, Chapultepec Sur, Morelia, Michoacán, México	virtual	0	60.75	1	2025-12-23 23:17:55.937514	2025-12-23 23:17:55.937543	\N	t	beginner
9	376	/media/services/service9/cover/264a6bef-d6a6-455f-b841-7f9f5be2664d.jpg	Control de plagas	8	51	Nochebuena, #4, El Rosal (Los Viveros), Jungapeo de Juárez, Michoacán, México	physical	40	100.00	2	2025-12-24 05:38:32.301801	2025-12-24 05:38:32.301827	\N	t	intermediate
10	466	\N	Cerrajero	1	13	Angel Padilla, #141, Francisca Xaviera Villegas, Morelia, Michoacán, Mexico	physical	30	57.00	2	2025-12-24 05:38:32.301801	2025-12-24 05:38:32.301826	\N	t	intermediate
12	467	\N	Creator of content	27	28	Angel Padilla, #204, Francisca Xaviera Villegas, Morelia, Michoacán, Mexico	virtual	100	10.00	2	2025-12-24 05:38:32.301801	2025-12-24 05:38:32.301826	\N	t	intermediate
13	467	\N	Mantenimiento de carros nissan	2	17	Angel Padilla, #204, Francisca Xaviera Villegas, Morelia, Michoacán, Mexico	physical	90	15.00	2	2025-12-24 05:38:32.301801	2025-12-24 05:38:32.301826	\N	t	intermediate
14	467	/media/services/service14/cover/6d165875-29b7-436c-9edd-7aa739689d3d.jpg	Platitos de barro	8	55	Angel Padilla, #204, Francisca Xaviera Villegas, Morelia, Michoacán, Mexico	physical	50	20.00	1	2025-12-24 05:38:32.301801	2025-12-24 05:38:32.301827	\N	t	beginner
15	467	/media/services/service15/cover/39c73196-73f0-4168-939f-b176ef26b46f.jpg	Luces de noche	1	52	Angel Padilla, #204, Francisca Xaviera Villegas, Morelia, Michoacán, Mexico	physical	40	25.00	3	2025-12-24 05:38:32.301801	2025-12-24 05:38:32.301827	\N	t	advanced
16	467	/media/services/service16/cover/606f08aa-b17d-4250-90df-27dfb98a315c.png	Amigurumis	1	56	Angel Padilla, #204, Francisca Xaviera Villegas, Morelia, Michoacán, Mexico	virtual	50	50.00	3	2025-12-24 05:38:32.301801	2025-12-24 05:38:32.301827	45	t	advanced
17	375	/media/services/service17/cover/ccb45818-8b6b-4b3e-9d82-c8a6ccc79609.jpg	Viajes por el mundo 	3	23	Vicente Guerrero, Revolución, 58932 Zinapécuaro de Figueroa, Mich., México	physical	50	10.00	3	2025-12-24 18:49:20.722573	2025-12-24 18:49:20.722599	\N	t	advanced
18	470	\N	Test	1	57	Infinite Loop, #4, Cupertino, California, United States	physical	40	5.00	2	2025-12-24 18:49:20.722573	2025-12-24 18:49:20.722598	\N	t	intermediate
19	470	\N	Other	1	58	Infinite Loop, #4, Cupertino, California, United States	physical	40	6.00	3	2025-12-24 18:49:20.722573	2025-12-24 18:49:20.722598	\N	t	advanced
21	473	/media/services/service21/cover/08c2994c-ade7-43ae-9dc1-c59a78919d8a.jpg	Reparacion de teclados	10	59	Angel Padilla, #204, Francisca Xaviera Villegas, Morelia, Michoacán, Mexico	physical	30	30.00	2	2025-12-29 21:10:05.844155	2025-12-29 21:10:05.844184	\N	t	intermediate
22	473	/media/services/service22/cover/c152f483-7c36-42d6-a861-419c91093171.jpg	Reparación de controles	10	60	Angel Padilla, #204, Francisca Xaviera Villegas, Morelia, Michoacán, Mexico	virtual	30	50.00	3	2025-12-29 21:10:05.844155	2025-12-29 21:10:05.844184	\N	t	advanced
24	432	/media/services/service24/cover/18625f37-ed69-42ce-9df9-85b2499754a4.jpg	Limpieza de botas	10	45	Piazza Cascina Moie, #1/2, Lombardia, Italia	physical	40	12.00	3	2026-01-07 15:13:51.852648	2026-01-07 15:13:51.852675	\N	t	advanced
25	432	/media/services/service25/cover/b187706a-2833-48d8-ab78-370723393ec9.jpg	Decoración Navideña	3	20	Batalla de Casa Mata, 351, Chapultepec Sur, Morelia, Michoacán, México	virtual	0	75.00	2	2026-01-08 21:11:12.332742	2026-01-08 21:11:12.332785	\N	t	intermediate
26	467	\N	Event organizer	3	20	Angel Padilla, #204, Francisca Xaviera Villegas, Morelia, Michoacán, México	virtual	100	60.00	2	2026-01-08 22:49:15.928599	2026-01-08 22:49:15.928625	\N	t	intermediate
27	432	/media/services/service27/cover/036dc72d-ddc0-4aa4-bc88-1130b9186221.jpg	Amigurumis	1	56	Obispo de La Calzada, Fray Antonio de San Miguel Iglesias, 58277 Morelia, Mich., México	virtual	30	300.00	3	2026-01-09 17:48:07.507154	2026-01-09 17:48:07.507181	\N	t	advanced
28	372	\N	Validación de documentos 	8	38	Nochebuena, #4, El Rosal (Los Viveros), Jungapeo de Juárez, Michoacán, México	virtual	0	90.00	\N	2026-01-13 01:43:08.496086	2026-01-13 01:43:08.496113	111	t	\N
29	372	\N	Maestro de gatos	6	29	Nochebuena, #4, El Rosal (Los Viveros), Jungapeo de Juárez, Michoacán, México	virtual	0	80.00	\N	2026-01-13 02:01:13.286717	2026-01-13 02:01:13.286744	112	t	\N
30	372	\N	Maestro de gatos	6	29	Nochebuena, #4, El Rosal (Los Viveros), Jungapeo de Juárez, Michoacán, México	virtual	0	80.00	\N	2026-01-13 02:01:13.286717	2026-01-13 02:01:13.286744	113	t	\N
31	372	\N	Maestro de gatos	6	29	Nochebuena, #4, El Rosal (Los Viveros), Jungapeo de Juárez, Michoacán, México	virtual	0	80.00	\N	2026-01-13 02:18:53.81344	2026-01-13 02:18:53.813483	114	t	\N
32	372	\N	Maestro de gatos	6	29	Nochebuena, #4, El Rosal (Los Viveros), Jungapeo de Juárez, Michoacán, México	virtual	0	80.00	\N	2026-01-13 02:32:02.454838	2026-01-13 02:32:02.454866	115	t	\N
33	372	\N	Maestro de gatos	6	29	Nochebuena, #4, El Rosal (Los Viveros), Jungapeo de Juárez, Michoacán, México	virtual	0	80.00	\N	2026-01-13 02:34:37.141753	2026-01-13 02:34:37.141779	116	t	\N
34	372	\N	Maestro de gatos	6	29	Nochebuena, #4, El Rosal (Los Viveros), Jungapeo de Juárez, Michoacán, México	virtual	0	80.00	\N	2026-01-13 02:42:05.483139	2026-01-13 02:42:05.483166	117	t	\N
35	372	\N	Maestro de gatos	6	29	Nochebuena, #4, El Rosal (Los Viveros), Jungapeo de Juárez, Michoacán, México	virtual	0	80.00	\N	2026-01-13 02:42:05.483139	2026-01-13 02:42:05.483166	118	t	\N
36	372	\N	Maestro de gatos	6	29	Nochebuena, #4, El Rosal (Los Viveros), Jungapeo de Juárez, Michoacán, México	virtual	0	80.00	\N	2026-01-13 02:49:30.830815	2026-01-13 02:49:30.830839	\N	t	\N
37	372	\N	Remodelacion de interiores	1	13	Nochebuena, #4, El Rosal (Los Viveros), Jungapeo de Juárez, Michoacán, México	virtual	0	400.00	\N	2026-01-13 02:49:30.830815	2026-01-13 02:49:30.830839	\N	t	\N
38	376	/media/service_petitions/6216f668-f90c-4ed6-9887-88a7b84227e5.jpg	Maestro de gatos	6	29	Nochebuena, #4, El Rosal (Los Viveros), Jungapeo de Juárez, Michoacán, México	virtual	0	100.00	\N	2026-01-13 03:00:24.882362	2026-01-13 03:00:24.882387	\N	t	\N
55	426	/media/services/service55/cover/6474495d-38b2-420e-8b4f-0717e6641713.jpg	Cuidado de ancianos	1	64	27670 Lakeview Dr, Helendale, CA 92342, USA	physical	10	150.00	2	2026-01-21 17:57:43.962831	2026-01-21 17:57:43.962857	\N	t	intermediate
39	448	/media/services/service39/cover/4e34f027-125e-41f7-a018-708be0b41e3a.jpg	BORRON Y YA	1	12	Nochebuena, #4, El Rosal (Los Viveros), Jungapeo de Juárez, Michoacán, México	virtual	0	1.00	3	2026-01-13 03:00:24.882362	2026-01-13 03:00:24.882388	\N	t	advanced
40	435	/media/service_petitions/c2284ff4-ef57-481d-ac0e-22d8034b90e0.jpg	Cocinero Hamburguesas	3	20	Batalla de Casa Mata, 351, Chapultepec Sur, Morelia, Michoacán, México	virtual	0	5.00	\N	2026-01-13 03:00:24.882362	2026-01-13 03:00:24.882387	\N	t	\N
41	376	/media/service_petitions/d046516e-ca25-41a3-b82e-36ef77c280e6.jpg	arreglar teclados	10	45	Vicente Guerrero, Revolución, 58932 Zinapécuaro de Figueroa, Mich., México	physical	30	6.00	\N	2026-01-13 20:24:47.198561	2026-01-13 20:24:47.198588	\N	t	\N
42	478	/media/service_petitions/08caa9f1-f7a5-4268-979a-64e7541b49b5.jpg	couch Gym	27	28	Batalla de Casa Mata, 351, Chapultepec Sur, Morelia, Michoacán, México	physical	30	28.00	\N	2026-01-13 23:37:16.528256	2026-01-13 23:37:16.528286	\N	t	\N
43	473	/media/service_petitions/704bc5af-df58-4ebd-a923-325da62eadee.jpg	Visor de Arte	9	41	Artilleros de 1847, #1597, Chapultepec Oriente, Morelia, Michoacán, México	virtual	0	50.00	\N	2026-01-14 00:03:23.041333	2026-01-14 00:03:23.041361	\N	t	\N
44	376	/media/service_petitions/c20b87eb-8c07-4163-bd28-6bd339a75b13.jpg	Plan alimneticio	27	28	Vicente Guerrero, Revolución, 58932 Zinapécuaro de Figueroa, Mich., México	both	60	11.00	\N	2026-01-14 00:03:23.041333	2026-01-14 00:03:23.041361	\N	t	\N
45	467	\N	kintsugi	8	54	Angel Padilla, #204, Francisca Xaviera Villegas, Morelia, Michoacán, Mexico	physical	90	20.00	\N	2026-01-14 00:03:23.041333	2026-01-14 00:03:23.041361	\N	t	\N
46	432	/media/services/service46/cover/a752aba9-183b-48e3-b7ab-865f53fafaf4.jpg	Hamburguesas Casa Vieja	8	37	Batalla de Casa Mata, 351, Chapultepec Sur, Morelia, Michoacán, México	virtual	0	180.00	3	2026-01-14 00:03:23.041333	2026-01-14 00:03:23.041362	\N	t	advanced
47	467	\N	reapara carteras	1	14	Angel Padilla, #204, Francisca Xaviera Villegas, Morelia, Michoacán, Mexico	virtual	0	3.00	\N	2026-01-15 15:52:02.68694	2026-01-15 15:52:02.686964	\N	t	\N
48	467	/media/service_petitions/3158dadd-00bc-4059-a960-93d3d3eaf6cf.jpg	Renta de viviendas	1	13	Batalla de Casa Mata, 351, Chapultepec Sur, Morelia, Michoacán, México	both	30	3.00	\N	2026-01-15 16:02:08.900206	2026-01-15 16:02:08.900264	\N	t	\N
49	468	\N	Construcciones de lego	8	62	Angel Padilla, #204, Francisca Xaviera Villegas, Morelia, Michoacán, Mexico	physical	40	36.00	2	2026-01-16 19:48:55.590392	2026-01-16 19:48:55.590434	\N	t	intermediate
50	432	/media/services/service50/cover/b8867c67-f32d-4fbe-a772-c72497415e47.jpg	Day pass 	3	21	Avenida Acueducto, #344, Chapultepec Norte, Morelia, Michoacán, Mexico	physical	30	300.00	3	2026-01-19 16:57:48.749116	2026-01-19 16:57:48.749144	\N	t	advanced
51	388	/media/services/service51/cover/8666c70a-6d24-463d-b9dc-d793f5859e35.png	arte al oleo	8	63	Angel Padilla, #181, Francisca Xaviera Villegas, Morelia, Michoacán, Mexico	virtual	90	53.00	2	2026-01-19 16:57:48.749116	2026-01-19 16:57:48.749144	\N	t	intermediate
52	388	/media/service_petitions/9b70279f-fbc6-4024-abe2-9916cbdbdf07.jpg	mini funkos	7	33	Angel Padilla, #204, Francisca Xaviera Villegas, Morelia, Michoacán, Mexico	both	80	1.00	\N	2026-01-19 16:57:48.749116	2026-01-19 16:57:48.749143	\N	t	\N
53	467	/media/services/service53/cover/e5c90f0d-4d14-4ad0-8c7f-8dc2947626ba.png	Esculpir en yeso	8	54	Angel Padilla, #204, Francisca Xaviera Villegas, Morelia, Michoacán, México	virtual	100	9.00	1	2026-01-19 21:16:48.998732	2026-01-19 21:16:48.998762	\N	t	beginner
54	477	\N	Creamos tu avatar con ia	9	41	Angel Padilla, #204, Francisca Xaviera Villegas, Morelia, Michoacán, México	virtual	100	32.00	2	2026-01-19 21:16:48.998732	2026-01-19 21:16:48.998761	\N	t	intermediate
56	426	/media/services/service56/cover/d4e44c9f-e43e-4a4c-8581-16bfb3b29cfe.jpg	Cerrajero a domicilio	1	13	27670 Lakeview Dr, Helendale, CA 92342, USA	physical	10	60.00	2	2026-01-21 17:57:43.962831	2026-01-21 17:57:43.962857	\N	t	intermediate
57	448	\N	Seguridad IT	8	37	Nochebuena, #4, El Rosal (Los Viveros), Jungapeo de Juárez, Michoacán, Mexico	virtual	0	10.00	3	2026-01-22 19:18:13.410631	2026-01-22 19:18:13.410664	\N	t	advanced
58	448	/media/services/service58/cover/a7eddd34-3609-4278-9609-8a606d15d51f.jpg	Mantenimiento Laptops	8	37	Nochebuena, #4, El Rosal (Los Viveros), Jungapeo de Juárez, Michoacán, Mexico	virtual	0	100.00	3	2026-01-22 20:33:28.115799	2026-01-22 20:33:28.115827	\N	t	advanced
59	397	/media/services/service59/cover/972e2ec3-83dd-426e-8a52-9b426fa5a0e4.jpg	electrician services	1	13	Bellflower Boulevard, #11622, Downey, California, United States	physical	10	25.00	1	2026-01-22 20:33:28.115799	2026-01-22 20:33:28.115827	\N	t	beginner
60	467	\N	Como ser fit	27	28	Angel Padilla, #204, Francisca Xaviera Villegas, Morelia, Michoacán, México	physical	40	50.00	2	2026-01-26 23:44:34.07441	2026-01-26 23:44:34.074438	\N	t	intermediate
61	402	/media/services/service61/cover/cf9c7b1a-48d3-4fc6-a481-8866b5654314.jpg	Zapatero	8	65	Lakeview Drive, #27670, Helendale, California, United States	physical	40	5.00	3	2026-01-27 18:49:58.825302	2026-01-27 18:49:58.825333	\N	t	advanced
62	490	/media/services/service62/cover/dd430822-2b99-40aa-a19c-6d1208944a8a.jpg	Paletas de mango	3	23	Angel Padilla, #181, Francisca Xaviera Villegas, Morelia, Michoacán, Mexico	physical	40	225.00	3	2026-01-29 22:13:20.922159	2026-01-29 22:13:20.922187	\N	t	advanced
64	491	/media/services/service64/cover/020ec181-bccd-4444-90f5-b749d19a906e.jpg	Ride sharing 	2	66	Bellflower Boulevard, #11622, Downey, California, United States	physical	20	150.00	3	2026-02-04 14:54:23.651849	2026-02-04 14:54:23.651881	\N	t	advanced
\.


--
-- Data for Name: support_assist_requests; Type: TABLE DATA; Schema: public; Owner: canteradigitalio_bateradmin
--

COPY public.support_assist_requests (id, user_id, folio_number, contact_email, contact_number, requested_at, reason, description, completed_status, response, status, agent_id, in_progress_at, completed_at, group_id, owner_type, result, related_category_id) FROM stdin;
15	426	212582	jessepelayo@gmail.com	13232737510	2026-01-22 01:05:20.154467	Approval of subcategory	The user Jesse Pelayo has requested the approval of the subcategory Health	t	Subcategory 'Health' approved and activated by Super Admin	completed	381	\N	2026-01-22 22:05:27.80239	\N	cms	accepted	64
1	465	242078	cesar.barter2@yopmail.com	524436147800	2025-12-17 18:42:24.196577	Approval of subcategory	The user Elizabeth LH has requested the approval of the subcategory Flowers	t	de	completed	381	2025-12-17 18:45:43.760619	2025-12-17 18:45:51.385381	\N	cms	accepted	51
2	448	267355	danielmartineztello0@gmail.com	527152170992	2025-12-17 18:48:44.652343	Approval of subcategory	The user Daniel Martinez Tello has requested the approval of the subcategory Decoración	f	\N	pending	\N	\N	\N	\N	cms	\N	52
3	448	786245	danielmartineztello0@gmail.com	527152170992	2025-12-17 18:49:12.359553	Approval of subcategory	The user Daniel Martinez Tello has requested the approval of the subcategory Organizar	f	\N	pending	\N	\N	\N	\N	cms	\N	53
7	470	216607	tester02@yopmail.com	524431276699	2025-12-29 19:32:53.360334	Approval of subcategory	The user Tester has requested the approval of the subcategory Babysitter	t	Subcategory 'Babysitter' approved and activated by Super Admin	completed	381	\N	2025-12-30 16:51:49.214162	\N	cms	accepted	57
8	470	121826	tester02@yopmail.com	524431276699	2025-12-29 19:33:47.893222	Approval of subcategory	The user Tester has requested the approval of the subcategory Carpenter	t	Subcategory 'Carpenter' approved and activated by Super Admin	completed	381	\N	2025-12-30 16:51:54.769128	\N	cms	accepted	58
9	473	174977	cesar.barter6@yopmail.com	524436149700	2025-12-29 23:21:05.95971	Approval of subcategory	The user Villagomez Jony has requested the approval of the subcategory Support keyboard	t	Subcategory 'Support keyboard' approved and activated by Super Admin	completed	381	\N	2025-12-30 16:51:56.452224	\N	cms	accepted	59
10	473	185920	cesar.barter6@yopmail.com	524436149700	2025-12-29 23:22:15.366216	Approval of subcategory	The user Villagomez Jony has requested the approval of the subcategory Support controller	t	Subcategory 'Support controller' approved and activated by Super Admin	completed	381	\N	2025-12-30 16:51:59.874634	\N	cms	accepted	60
6	467	244317	cesar.barter4@yopmail.com	526980000147	2025-12-24 17:47:50.486608	Approval of subcategory	The user Isabela has requested the approval of the subcategory Crochet	t	Subcategory 'Crochet' approved and activated by Super Admin	completed	381	\N	2025-12-30 16:52:02.154234	\N	cms	accepted	56
5	467	742631	cesar.barter4@yopmail.com	526980000147	2025-12-24 17:36:27.57706	Approval of subcategory	The user Isabela has requested the approval of the subcategory Pottery	t	Subcategory 'Pottery' approved and activated by Super Admin	completed	381	\N	2025-12-30 16:52:04.101451	\N	cms	accepted	55
16	402	279777	angelpelayo1@gmail.com	17146846130	2026-01-28 22:55:56.198737	Approval of subcategory	The user Angel Pelayo has requested the approval of the subcategory Zapatos	f	\N	pending	\N	\N	\N	\N	cms	\N	65
4	465	321022	cesar.barter2@yopmail.com	524436147800	2025-12-17 18:54:21.491339	Approval of subcategory	The user Elizabeth LH has requested the approval of the subcategory Cups	t	a	completed	381	2025-12-30 16:52:37.108416	2025-12-30 16:52:46.840944	\N	cms	accepted	54
11	388	430859	javier.cesar98@outlook.com	524434632514	2025-12-30 16:59:52.229866	Approval of subcategory	The user Javier Ramírez edit has requested the approval of the subcategory Tarro	t	asd\n\nSubcategory rejected and cleaned up. Services affected: 0	completed	381	2025-12-30 17:00:24.957632	2025-12-30 17:00:31.48187	\N	cms	rejected	\N
12	466	188804	cesar.barter3@yopmail.com	4444444444	2026-01-09 00:26:43.380009	razon	esta es la descripción de lo que pasa	f	\N	pending	\N	\N	\N	\N	customer	\N	\N
13	468	170159	cesar.barter5@yopmail.com	524436147900	2026-01-16 22:24:59.387289	Approval of subcategory	The user Montserrat Villa has requested the approval of the subcategory Lego	f	\N	pending	\N	\N	\N	\N	cms	\N	62
14	388	329372	javier.cesar98@outlook.com	524434632514	2026-01-19 16:56:02.456329	Approval of subcategory	The user Javier Ramírez edit has requested the approval of the subcategory Paint	f	\N	pending	\N	\N	\N	\N	cms	\N	63
18	490	758812	ios.barter01@yopmail.com	3164949787	2026-01-30 19:59:35.386066	para asignar a otro agente	owls	f	\N	in_progress	462	2026-01-30 19:59:49.806582	\N	\N	customer	\N	\N
17	490	318030	ios.barter01@yopmail.com	4444518407	2026-01-30 19:38:30.856084	prueba QA	esta es una prueba de soporte \n	t	resuelto el ticket, buen dia	completed	381	2026-01-30 19:39:03.837964	2026-01-30 20:17:33.7189	\N	customer	\N	\N
19	491	182058	jessepelayo@gmail.com	13232737510	2026-02-04 15:15:36.017835	Approval of subcategory	The user Jesse Pelayo has requested the approval of the subcategory Ride sharing	f	\N	pending	\N	\N	\N	\N	cms	\N	66
\.


--
-- Data for Name: token_algorithm_params; Type: TABLE DATA; Schema: public; Owner: canteradigitalio_bateradmin
--

COPY public.token_algorithm_params (id, tarifa_base, factor_tiempo, nivel_habilidad, multiplicador_demanda, ajuste_regional, is_active, created_at, updated_at) FROM stdin;
\.


--
-- Data for Name: token_history; Type: TABLE DATA; Schema: public; Owner: canteradigitalio_bateradmin
--

COPY public.token_history (id, user_id, transaction_type, description, status, token_pack_id, payment_intent_id, payment_method_id, created_at, updated_at) FROM stdin;
91	378	purchase	expirado	succeeded	31	pi_3SGng2PujRyN8lA00F2SrkCz	pm_1SGnfvPujRyN8lA0ofRJBS5S	2025-10-10 21:16:38.640173+00	2025-10-10 21:16:41.766178+00
92	376	purchase	QA	succeeded	30	pi_3SGo0LPujRyN8lA02rk6b7Rm	pm_1SGo09PujRyN8lA0HuZpjzcJ	2025-10-10 21:37:37.332217+00	2025-10-10 21:37:38.842648+00
93	376	purchase	QA	succeeded	30	pi_3SGoBzPujRyN8lA01yRkJbaL	pm_1SGo09PujRyN8lA0HuZpjzcJ	2025-10-10 21:49:40.040609+00	2025-10-10 21:49:42.545304+00
94	375	purchase	QA	succeeded	30	pi_3SGoE8PujRyN8lA00PERfJgv	pm_1SGoDzPujRyN8lA0SrOpZK7i	2025-10-10 21:51:52.759199+00	2025-10-10 21:51:55.162873+00
95	375	purchase	QA	succeeded	30	pi_3SGpRyPujRyN8lA02rnEaYR4	pm_1SGoDzPujRyN8lA0SrOpZK7i	2025-10-10 23:10:14.313307+00	2025-10-10 23:10:15.91626+00
118	388	purchase	Paquete Heroes	succeeded	32	pi_3SaPxEPujRyN8lA02N6IcLDe	pm_1SSmMNPujRyN8lA0IPYrQOj6	2025-12-03 23:59:28.544949+00	2025-12-03 23:59:29.9162+00
97	382	purchase	QA	succeeded	30	pi_3SIVzRPujRyN8lA00SphdWzL	pm_1SIVzGPujRyN8lA0GW9cKNRD	2025-10-15 14:47:45.402827+00	2025-10-15 14:47:48.356513+00
98	398	purchase	Paquete Heroes	succeeded	32	pi_3SK6AYPujRyN8lA01pYn7O92	pm_1SK6AQPujRyN8lA0ol18X3iu	2025-10-19 23:37:46.316743+00	2025-10-19 23:37:48.382715+00
99	396	purchase	Paquete Heroes	succeeded	32	pi_3SKKcJPujRyN8lA02gCkcmTS	pm_1SKKc6PujRyN8lA0oKs6V8jT	2025-10-20 15:03:23.938946+00	2025-10-20 15:03:26.437929+00
100	382	purchase	Paquete Heroes	succeeded	32	pi_3SLGYFPujRyN8lA01AroC3Ee	pm_1SIVzGPujRyN8lA0GW9cKNRD	2025-10-23 04:55:03.360099+00	2025-10-23 04:55:05.841983+00
101	417	purchase	Paquete Heroes	succeeded	32	pi_3SNifPPujRyN8lA01RFZdGgL	pm_1SNierPujRyN8lA0rIEwgT6D	2025-10-29 23:20:35.238249+00	2025-10-29 23:20:37.500667+00
102	417	purchase	Paquete Heroes	succeeded	32	pi_3SNifqPujRyN8lA01ub2YBLe	pm_1SNierPujRyN8lA0rIEwgT6D	2025-10-29 23:21:02.847087+00	2025-10-29 23:21:04.741392+00
103	417	purchase	Promo Hallowen	succeeded	29	pi_3SPQZkPujRyN8lA0049Zn1tI	pm_1SPQZcPujRyN8lA0hHZwoZu7	2025-11-03 16:25:49.03558+00	2025-11-03 16:25:51.154372+00
104	382	purchase	123	succeeded	50	pi_3SPQeoPujRyN8lA02I79IKOS	pm_1SIVzGPujRyN8lA0GW9cKNRD	2025-11-03 16:31:02.905448+00	2025-11-03 16:31:05.573831+00
105	379	purchase	123	succeeded	50	pi_3SQcbCPujRyN8lA00j4YoU4K	pm_1SQcb6PujRyN8lA0KJkKfAEY	2025-11-06 23:28:14.488719+00	2025-11-06 23:28:17.245002+00
106	379	purchase	123	incomplete	50	pi_3SRymiPujRyN8lA0132XLfc4	\N	2025-11-10 17:21:44.650637+00	2025-11-10 17:21:44.650643+00
107	379	purchase	123	succeeded	50	pi_3SRymnPujRyN8lA028ieYk5i	pm_1SQcb6PujRyN8lA0KJkKfAEY	2025-11-10 17:21:49.262902+00	2025-11-10 17:21:51.749108+00
108	426	purchase	Promo Hallowen	succeeded	29	pi_3SSO9BPujRyN8lA00AOUrXTC	pm_1SSO94PujRyN8lA0MfoBqH3G	2025-11-11 20:26:37.671881+00	2025-11-11 20:26:39.924784+00
109	379	purchase	Promo Hallowen	succeeded	29	pi_3STVJ3PujRyN8lA01qgfOKIt	pm_1SQcb6PujRyN8lA0KJkKfAEY	2025-11-14 22:17:26.052854+00	2025-11-14 22:17:28.980633+00
110	379	purchase	Promo Hallowen	succeeded	29	pi_3STVJ6PujRyN8lA00SHI5X5i	pm_1SQcb6PujRyN8lA0KJkKfAEY	2025-11-14 22:17:28.764808+00	2025-11-14 22:17:30.651739+00
111	388	purchase	Paquete Heroes	succeeded	32	pi_3SaPw9PujRyN8lA02sCVrvvb	pm_1SSmMNPujRyN8lA0IPYrQOj6	2025-12-03 23:58:22.035045+00	2025-12-03 23:58:23.718312+00
112	388	purchase	Paquete Heroes	succeeded	32	pi_3SaPwePujRyN8lA01aoYzCyD	pm_1SSmMNPujRyN8lA0IPYrQOj6	2025-12-03 23:58:52.64357+00	2025-12-03 23:58:53.87166+00
113	388	purchase	Paquete Heroes	succeeded	32	pi_3SaPwnPujRyN8lA022VigEy6	pm_1SSmMNPujRyN8lA0IPYrQOj6	2025-12-03 23:59:00.741431+00	2025-12-03 23:59:02.369848+00
114	388	purchase	Paquete Heroes	succeeded	32	pi_3SaPwtPujRyN8lA0077ohbNJ	pm_1SSmMNPujRyN8lA0IPYrQOj6	2025-12-03 23:59:07.077841+00	2025-12-03 23:59:08.443204+00
115	388	purchase	Paquete Heroes	succeeded	32	pi_3SaPwzPujRyN8lA01BMVBzqF	pm_1SSmMNPujRyN8lA0IPYrQOj6	2025-12-03 23:59:13.075994+00	2025-12-03 23:59:14.397401+00
116	388	purchase	Paquete Heroes	succeeded	32	pi_3SaPx4PujRyN8lA01JDymAkH	pm_1SSmMNPujRyN8lA0IPYrQOj6	2025-12-03 23:59:18.333682+00	2025-12-03 23:59:19.57376+00
117	388	purchase	Paquete Heroes	succeeded	32	pi_3SaPx9PujRyN8lA00IDkYSu9	pm_1SSmMNPujRyN8lA0IPYrQOj6	2025-12-03 23:59:23.326276+00	2025-12-03 23:59:24.765736+00
119	388	purchase	Paquete Heroes	succeeded	32	pi_3SaPxMPujRyN8lA01S5W0unE	pm_1SSmMNPujRyN8lA0IPYrQOj6	2025-12-03 23:59:36.258585+00	2025-12-03 23:59:37.444783+00
120	388	purchase	Paquete Heroes	succeeded	32	pi_3SaPxNPujRyN8lA00E8i5zn1	pm_1SSmMNPujRyN8lA0IPYrQOj6	2025-12-03 23:59:36.651044+00	2025-12-03 23:59:39.685776+00
121	388	purchase	Paquete Heroes	succeeded	32	pi_3SaPxWPujRyN8lA02IVcbmAq	pm_1SSmMNPujRyN8lA0IPYrQOj6	2025-12-03 23:59:46.170552+00	2025-12-03 23:59:48.692744+00
122	388	purchase	Paquete Heroes	succeeded	32	pi_3SaPxvPujRyN8lA02VROz8sA	pm_1SSmMNPujRyN8lA0IPYrQOj6	2025-12-04 00:00:11.056125+00	2025-12-04 00:00:12.227555+00
123	458	purchase	Paquete Heroes	succeeded	32	pi_3SaeoyPujRyN8lA01Fj49VSC	pm_1SaeotPujRyN8lA0kOn05xFg	2025-12-04 15:51:56.602843+00	2025-12-04 15:51:58.657561+00
124	458	purchase	Paquete Heroes	succeeded	32	pi_3SaeyPPujRyN8lA01rkWZSsB	pm_1SaeotPujRyN8lA0kOn05xFg	2025-12-04 16:01:41.046166+00	2025-12-04 16:01:43.32002+00
125	458	purchase	Paquete Heroes	succeeded	32	pi_3SaeybPujRyN8lA01n539jHX	pm_1SaeotPujRyN8lA0kOn05xFg	2025-12-04 16:01:53.793459+00	2025-12-04 16:01:56.418362+00
126	458	purchase	Paquete Heroes	succeeded	32	pi_3SaeydPujRyN8lA02emXHM0e	pm_1SaeotPujRyN8lA0kOn05xFg	2025-12-04 16:01:54.957263+00	2025-12-04 16:01:57.043025+00
127	458	purchase	Paquete Heroes	succeeded	32	pi_3SaeypPujRyN8lA02QvOC7zK	pm_1SaeotPujRyN8lA0kOn05xFg	2025-12-04 16:02:07.762946+00	2025-12-04 16:02:09.878313+00
128	458	purchase	Paquete Heroes	succeeded	32	pi_3SaeysPujRyN8lA02Z2iD4bo	pm_1SaeotPujRyN8lA0kOn05xFg	2025-12-04 16:02:09.825912+00	2025-12-04 16:02:11.690064+00
129	458	purchase	Paquete Heroes	succeeded	32	pi_3Saf2NPujRyN8lA01nxIbi7G	pm_1SaeotPujRyN8lA0kOn05xFg	2025-12-04 16:05:47.902714+00	2025-12-04 16:05:50.161433+00
130	458	purchase	Paquete Heroes	succeeded	32	pi_3Saf2OPujRyN8lA00pC8UH2Y	pm_1SaeotPujRyN8lA0kOn05xFg	2025-12-04 16:05:49.185703+00	2025-12-04 16:05:50.97255+00
131	458	purchase	Paquete Heroes	succeeded	32	pi_3Saf2WPujRyN8lA01AkQYcxX	pm_1SaeotPujRyN8lA0kOn05xFg	2025-12-04 16:05:56.542269+00	2025-12-04 16:05:58.914004+00
132	458	purchase	Paquete Heroes	succeeded	32	pi_3Saf2gPujRyN8lA00pYxpMIj	pm_1SaeotPujRyN8lA0kOn05xFg	2025-12-04 16:06:07.002041+00	2025-12-04 16:06:09.353145+00
133	458	purchase	Paquete Heroes	succeeded	32	pi_3Saf2pPujRyN8lA00gREGeJB	pm_1SaeotPujRyN8lA0kOn05xFg	2025-12-04 16:06:15.983847+00	2025-12-04 16:06:17.996481+00
134	388	purchase	Paquete Heroes	succeeded	32	pi_3ScZaLPujRyN8lA011rM84zL	pm_1SSmMNPujRyN8lA0IPYrQOj6	2025-12-09 22:40:46.016065+00	2025-12-09 22:40:47.644842+00
135	388	purchase	niños heroes	succeeded	33	pi_3SdZHWPujRyN8lA02aYLIZDp	pm_1SSmMNPujRyN8lA0IPYrQOj6	2025-12-12 16:33:26.583616+00	2025-12-12 16:33:27.943203+00
136	432	purchase	niños heroes	incomplete	33	pi_3ShY2BPujRyN8lA00oZDRtnL	\N	2025-12-23 16:02:03.562279+00	2025-12-23 16:02:03.562284+00
137	432	purchase	niños heroes	succeeded	33	pi_3ShY2EPujRyN8lA01c82gpHd	pm_1ShY26PujRyN8lA0mKtztSbU	2025-12-23 16:02:06.251924+00	2025-12-23 16:02:08.745946+00
138	432	purchase	para borrar	incomplete	54	pi_3SnLQlPujRyN8lA00VD2aKXE	\N	2026-01-08 15:47:23.545978+00	2026-01-08 15:47:23.545982+00
139	432	purchase	para borrar	succeeded	54	pi_3SnLQqPujRyN8lA00hVPJUbi	pm_1ShY26PujRyN8lA0mKtztSbU	2026-01-08 15:47:29.027156+00	2026-01-08 15:47:31.151519+00
140	432	purchase	para borrar	succeeded	54	pi_3SnRTSPujRyN8lA00Mqry0IZ	pm_1ShY26PujRyN8lA0mKtztSbU	2026-01-08 22:14:35.103195+00	2026-01-08 22:14:37.565199+00
141	432	purchase	para borrar	succeeded	54	pi_3SnkOPPujRyN8lA025FrHmwa	pm_1ShY26PujRyN8lA0mKtztSbU	2026-01-09 18:26:37.503023+00	2026-01-09 18:26:40.590194+00
142	432	purchase	para borrar	succeeded	54	pi_3SnkORPujRyN8lA01YWDDVzd	pm_1ShY26PujRyN8lA0mKtztSbU	2026-01-09 18:26:39.865853+00	2026-01-09 18:26:41.945358+00
143	467	purchase	para borrar	succeeded	54	pi_3SooJGPujRyN8lA02bONK8oL	pm_1SooJAPujRyN8lA0jiWmjzP1	2026-01-12 16:49:42.375338+00	2026-01-12 16:49:44.761043+00
144	467	purchase	para borrar	succeeded	54	pi_3SooJZPujRyN8lA02QUUjlN8	pm_1SooJAPujRyN8lA0jiWmjzP1	2026-01-12 16:50:01.181443+00	2026-01-12 16:50:03.446659+00
145	467	purchase	para borrar	succeeded	54	pi_3SooPpPujRyN8lA00udA6ZPk	pm_1SooJAPujRyN8lA0jiWmjzP1	2026-01-12 16:56:29.803868+00	2026-01-12 16:56:32.038682+00
146	467	purchase	para borrar	succeeded	54	pi_3SooQWPujRyN8lA00o5r6o4M	pm_1SooJAPujRyN8lA0jiWmjzP1	2026-01-12 16:57:12.467144+00	2026-01-12 16:57:29.234158+00
147	432	purchase	para borrar	succeeded	54	pi_3SpHQ4PujRyN8lA01cVnoL8m	pm_1ShY26PujRyN8lA0mKtztSbU	2026-01-13 23:54:40.446169+00	2026-01-13 23:54:43.052908+00
148	432	purchase	para borrar	succeeded	54	pi_3SpWBMPujRyN8lA01zbm47Ie	pm_1ShY26PujRyN8lA0mKtztSbU	2026-01-14 15:40:28.48264+00	2026-01-14 15:40:30.964298+00
149	432	purchase	para borrar	succeeded	54	pi_3SpWBNPujRyN8lA01WR7m2kR	pm_1ShY26PujRyN8lA0mKtztSbU	2026-01-14 15:40:29.697554+00	2026-01-14 15:40:31.686791+00
150	373	purchase	para borrar	succeeded	54	pi_3SrfoPPujRyN8lA014u2QeWd	pm_1SrfoGPujRyN8lA09n6pKQ87	2026-01-20 14:21:41.768093+00	2026-01-20 14:21:44.605164+00
151	373	purchase	San Valentín	succeeded	59	pi_3Srfr0PujRyN8lA00ln1Ivfl	pm_1SrfoGPujRyN8lA09n6pKQ87	2026-01-20 14:24:23.175303+00	2026-01-20 14:24:26.07696+00
152	373	purchase	San Valentín	succeeded	59	pi_3Srfr2PujRyN8lA00ddvzf1t	pm_1SrfoGPujRyN8lA09n6pKQ87	2026-01-20 14:24:24.94567+00	2026-01-20 14:24:27.411286+00
153	477	purchase	San Valentín	succeeded	59	pi_3SrgoIPujRyN8lA029aHwYVh	pm_1SrgnmPujRyN8lA09P4PST9j	2026-01-20 15:25:38.343197+00	2026-01-20 15:25:41.262296+00
154	448	purchase	para borrar	succeeded	54	pi_3SsP7XPujRyN8lA02LqHeMsJ	pm_1SsP7PPujRyN8lA00xR6UzWU	2026-01-22 14:44:27.841609+00	2026-01-22 14:44:30.123818+00
155	373	purchase	San Valentín	succeeded	59	pi_3SsQ5jPujRyN8lA02LNIs2vO	pm_1SrfoGPujRyN8lA09n6pKQ87	2026-01-22 15:46:39.58691+00	2026-01-22 15:46:42.014565+00
156	376	purchase	San Valentín	succeeded	59	pi_3SsVr9PujRyN8lA02ExrqIvh	pm_1SGo09PujRyN8lA0HuZpjzcJ	2026-01-22 21:56:00.149612+00	2026-01-22 21:56:01.482926+00
157	361	purchase	San Valentín	incomplete	59	pi_3SvOKEPujRyN8lA01CSzDzTI	\N	2026-01-30 20:29:54.145792+00	2026-01-30 20:29:54.145799+00
158	432	purchase	Paquete Milenio 	succeeded	60	pi_3SvOUsPujRyN8lA01fZBV5Ac	pm_1ShY26PujRyN8lA0mKtztSbU	2026-01-30 20:40:54.331604+00	2026-01-30 20:40:55.624501+00
\.


--
-- Data for Name: token_operations; Type: TABLE DATA; Schema: public; Owner: canteradigitalio_bateradmin
--

COPY public.token_operations (id, user_id, token_purchase_id, action, transaction_type, tokens_obtained, tokens_spent, held_tokens, available_tokens, created_at, updated_at, reason, group_id, service_id, service_request_id, service_name, service_type, provider_name, customer_name) FROM stdin;
1	376	\N	spent	service_consumption	0.00	100.00	100.00	0.00	2025-12-16 22:26:27.307753	2025-12-16 22:26:27.307757	\N	\N	\N	\N	\N	\N	\N	\N
2	436	\N	spent	service_consumption	0.00	100.00	100.00	0.00	2025-12-16 22:30:17.75806	2025-12-16 22:30:17.758065	\N	\N	\N	\N	\N	\N	\N	\N
3	372	\N	spent	service_consumption	0.00	100.00	100.00	0.00	2025-12-16 22:36:19.982352	2025-12-16 22:36:19.982356	\N	\N	\N	\N	\N	\N	\N	\N
4	436	\N	purchase	support_assist_refund	100.00	0.00	0.00	0.00	2025-12-16 22:37:42.096856	2025-12-16 22:37:42.09686	\N	\N	1	2	Tramite Visa	virtual	Daniel Martinez Tello	Daniel Martinez Rojas
5	376	\N	purchase	support_assist_refund	100.00	0.00	0.00	0.00	2025-12-16 22:37:49.518386	2025-12-16 22:37:49.51839	\N	\N	1	1	Tramite Visa	virtual	Daniel Martinez Tello	Customer
6	376	\N	spent	service_consumption	0.00	100.00	100.00	0.00	2025-12-16 22:38:13.642663	2025-12-16 22:38:13.642667	\N	\N	\N	\N	\N	\N	\N	\N
7	432	\N	spent	service_consumption	0.00	100.00	100.00	0.00	2025-12-17 15:46:47.444468	2025-12-17 15:46:47.444472	\N	\N	\N	\N	\N	\N	\N	\N
8	465	\N	purchase	courtesy_tokens	500.00	0.00	0.00	500.00	2025-12-17 18:25:07.675407	2025-12-17 18:25:07.675411	\N	\N	\N	\N	\N	\N	\N	\N
9	466	\N	purchase	courtesy_tokens	500.00	0.00	0.00	500.00	2025-12-17 18:26:19.44006	2025-12-17 18:26:19.440064	\N	\N	\N	\N	\N	\N	\N	\N
10	467	\N	purchase	courtesy_tokens	500.00	0.00	0.00	500.00	2025-12-17 18:27:29.502154	2025-12-17 18:27:29.502158	\N	\N	\N	\N	\N	\N	\N	\N
11	388	\N	spent	service_consumption	0.00	50.00	50.00	0.00	2025-12-17 18:39:45.765528	2025-12-17 18:39:45.765541	\N	\N	\N	\N	\N	\N	\N	\N
12	388	\N	spent	service_consumption	0.00	80.00	80.00	0.00	2025-12-17 22:29:29.460012	2025-12-17 22:29:29.460016	\N	\N	\N	\N	\N	\N	\N	\N
13	388	\N	spent	service_consumption	0.00	120.00	120.00	0.00	2025-12-17 22:29:44.946405	2025-12-17 22:29:44.946409	\N	\N	\N	\N	\N	\N	\N	\N
14	388	\N	spent	service_consumption	0.00	100.00	100.00	0.00	2025-12-17 22:29:51.784588	2025-12-17 22:29:51.784592	\N	\N	\N	\N	\N	\N	\N	\N
15	388	\N	spent	service_consumption	0.00	70.00	70.00	0.00	2025-12-17 22:29:57.463055	2025-12-17 22:29:57.463059	\N	\N	\N	\N	\N	\N	\N	\N
16	432	\N	spent	service_consumption	0.00	50.00	50.00	0.00	2025-12-17 22:39:36.146276	2025-12-17 22:39:36.14628	\N	\N	\N	\N	\N	\N	\N	\N
17	388	\N	purchase	support_assist_refund	80.00	0.00	0.00	0.00	2025-12-19 15:23:46.733284	2025-12-19 15:23:46.733288	\N	\N	5	7	Se crea musica a tu gusto 	virtual	Elizabeth LH	Javier Ramírez edit
18	388	\N	purchase	support_assist_refund	120.00	0.00	0.00	0.00	2025-12-19 15:24:22.761024	2025-12-19 15:24:22.761028	\N	\N	6	8	Tazas personalizadas	physical	Elizabeth LH	Javier Ramírez edit
19	388	\N	spent	service_consumption	0.00	80.00	80.00	0.00	2025-12-19 15:26:05.932168	2025-12-19 15:26:05.932171	\N	\N	\N	\N	\N	\N	\N	\N
20	376	\N	spent	service_consumption	0.00	50.00	50.00	0.00	2025-12-22 17:01:06.484427	2025-12-22 17:01:06.484431	\N	\N	\N	\N	\N	\N	\N	\N
21	376	\N	spent	service_consumption	0.00	100.00	100.00	0.00	2025-12-22 20:18:54.60242	2025-12-22 20:18:54.602426	\N	\N	\N	\N	\N	\N	\N	\N
22	376	\N	spent	service_consumption	0.00	5.00	5.00	0.00	2025-12-22 20:22:56.815336	2025-12-22 20:22:56.81534	\N	\N	\N	\N	\N	\N	\N	\N
23	376	\N	purchase	support_assist_refund	5.00	0.00	0.00	0.00	2025-12-22 22:43:25.975497	2025-12-22 22:43:25.9755	\N	\N	7	15	Cambio de radiadores 	virtual	Giovanni Guerra	Customer
24	376	\N	spent	service_consumption	0.00	5.00	5.00	0.00	2025-12-22 22:48:25.962051	2025-12-22 22:48:25.962055	\N	\N	\N	\N	\N	\N	\N	\N
25	432	\N	spent	service_consumption	0.00	80.00	80.00	0.00	2025-12-23 16:00:36.102811	2025-12-23 16:00:36.102818	\N	\N	\N	\N	\N	\N	\N	\N
26	432	137	purchase	purchase	100.00	0.00	0.00	100.00	2025-12-23 16:02:08.759487	2025-12-23 16:02:08.759491	\N	\N	\N	\N	\N	\N	\N	\N
27	432	\N	spent	service_consumption	0.00	70.00	70.00	0.00	2025-12-23 16:02:25.95014	2025-12-23 16:02:25.950144	\N	\N	\N	\N	\N	\N	\N	\N
28	376	\N	spent	service_consumption	0.00	80.00	80.00	0.00	2025-12-23 19:33:37.555386	2025-12-23 19:33:37.55539	\N	\N	\N	\N	\N	\N	\N	\N
29	376	\N	purchase	support_assist_refund	80.00	0.00	0.00	0.00	2025-12-23 20:07:49.003663	2025-12-23 20:07:49.003667	\N	\N	5	19	Se crea musica a tu gusto 	virtual	Elizabeth LH	Customer
30	376	\N	purchase	support_assist_refund	50.00	0.00	0.00	0.00	2025-12-23 20:08:20.893924	2025-12-23 20:08:20.893928	\N	\N	2	13	Peluches artesanales	virtual	Elizabeth LH	Customer
31	376	\N	purchase	support_assist_refund	100.00	0.00	0.00	0.00	2025-12-23 20:08:26.827141	2025-12-23 20:08:26.827145	\N	\N	4	14	Carwash	physical	Elizabeth LH	Customer
32	432	\N	purchase	support_assist_refund	100.00	0.00	0.00	0.00	2025-12-23 20:10:28.335702	2025-12-23 20:10:28.335723	\N	\N	1	5	Tramite Visa	virtual	Daniel Martinez Tello	Raul Aparicio
33	376	\N	purchase	support_assist_refund	100.00	0.00	0.00	0.00	2025-12-23 20:10:36.219102	2025-12-23 20:10:36.219105	\N	\N	1	4	Tramite Visa	virtual	Daniel Martinez Tello	Customer
34	372	\N	purchase	support_assist_refund	100.00	0.00	0.00	0.00	2025-12-23 20:10:43.907874	2025-12-23 20:10:43.907878	\N	\N	1	3	Tramite Visa	virtual	Daniel Martinez Tello	Daniel Marin
35	376	\N	spent	service_consumption	0.00	100.00	100.00	0.00	2025-12-23 20:13:35.865201	2025-12-23 20:13:35.865204	\N	\N	\N	\N	\N	\N	\N	\N
36	376	\N	purchase	support_assist_refund	100.00	0.00	0.00	0.00	2025-12-23 21:15:00.997373	2025-12-23 21:15:00.997377	\N	\N	1	20	Tramite Visa	virtual	Daniel Martinez Tello	Customer
37	376	\N	spent	service_consumption	0.00	100.00	100.00	0.00	2025-12-23 21:29:35.077569	2025-12-23 21:29:35.077573	\N	\N	\N	\N	\N	\N	\N	\N
38	376	\N	purchase	support_assist_refund	100.00	0.00	0.00	0.00	2025-12-23 21:36:00.226575	2025-12-23 21:36:00.226578	\N	\N	1	21	Tramite Visa	virtual	Daniel Martinez Tello	Customer
39	376	\N	purchase	support_assist_refund	5.00	0.00	0.00	0.00	2025-12-23 21:37:02.877946	2025-12-23 21:37:02.877951	\N	\N	7	16	Cambio de radiadores 	virtual	Giovanni Guerra	Customer
40	376	\N	spent	service_consumption	0.00	5.00	5.00	0.00	2025-12-23 21:37:27.465524	2025-12-23 21:37:27.465529	\N	\N	\N	\N	\N	\N	\N	\N
41	376	\N	purchase	support_assist_refund	5.00	0.00	0.00	0.00	2025-12-23 21:58:02.259353	2025-12-23 21:58:02.259356	\N	\N	7	22	Cambio de radiadores 	virtual	Giovanni Guerra	Customer
42	376	\N	spent	service_consumption	0.00	5.00	5.00	0.00	2025-12-23 22:03:16.966133	2025-12-23 22:03:16.966137	\N	\N	\N	\N	\N	\N	\N	\N
43	376	\N	purchase	support_assist_refund	5.00	0.00	0.00	0.00	2025-12-23 23:03:05.451938	2025-12-23 23:03:05.451942	\N	\N	7	23	Cambio de radiadores 	virtual	Giovanni Guerra	Customer
44	376	\N	spent	service_consumption	0.00	5.00	5.00	0.00	2025-12-23 23:04:24.746758	2025-12-23 23:04:24.746762	\N	\N	\N	\N	\N	\N	\N	\N
45	376	\N	purchase	support_assist_refund	5.00	0.00	0.00	0.00	2025-12-23 23:10:34.492011	2025-12-23 23:10:34.492014	\N	\N	7	24	Cambio de radiadores 	virtual	Giovanni Guerra	Customer
46	376	\N	spent	service_consumption	0.00	5.00	5.00	0.00	2025-12-23 23:21:40.061185	2025-12-23 23:21:40.061189	\N	\N	\N	\N	\N	\N	\N	\N
47	379	\N	spent	service_consumption	0.00	60.75	60.75	0.00	2025-12-24 00:36:15.090407	2025-12-24 00:36:15.090411	\N	\N	\N	\N	\N	\N	\N	\N
48	468	\N	purchase	courtesy_tokens	500.00	0.00	0.00	500.00	2025-12-24 15:12:15.020071	2025-12-24 15:12:15.020075	\N	\N	\N	\N	\N	\N	\N	\N
49	388	\N	spent	service_consumption	0.00	70.00	70.00	0.00	2025-12-24 15:53:03.639015	2025-12-24 15:53:03.639019	\N	\N	\N	\N	\N	\N	\N	\N
50	388	\N	spent	service_consumption	0.00	57.00	57.00	0.00	2025-12-24 15:53:37.381559	2025-12-24 15:53:37.381562	\N	\N	\N	\N	\N	\N	\N	\N
51	448	\N	spent	service_consumption	0.00	57.00	57.00	0.00	2025-12-24 15:55:29.182861	2025-12-24 15:55:29.182865	\N	\N	\N	\N	\N	\N	\N	\N
52	448	\N	purchase	support_assist_refund	57.00	0.00	0.00	0.00	2025-12-24 16:05:28.038954	2025-12-24 16:05:28.038958	\N	\N	10	29	Cerrajero	physical	Sandra Rf	Daniel Martinez Tello
53	388	\N	purchase	support_assist_refund	70.00	0.00	0.00	0.00	2025-12-24 16:23:10.06454	2025-12-24 16:23:10.064543	\N	\N	11	27	Paseo de perros	physical	Sandra Rf	Javier Ramírez edit
54	388	\N	spent	service_consumption	0.00	70.00	70.00	0.00	2025-12-24 16:26:29.892965	2025-12-24 16:26:29.892968	\N	\N	\N	\N	\N	\N	\N	\N
55	448	\N	spent	service_consumption	0.00	57.00	57.00	0.00	2025-12-24 16:35:21.192101	2025-12-24 16:35:21.192104	\N	\N	\N	\N	\N	\N	\N	\N
56	388	\N	purchase	support_assist_refund	70.00	0.00	0.00	0.00	2025-12-24 16:36:57.451619	2025-12-24 16:36:57.451622	\N	\N	11	30	Paseo de perros	physical	Sandra Rf	Javier Ramírez edit
57	435	\N	spent	service_consumption	0.00	100.00	100.00	0.00	2025-12-24 17:41:21.010428	2025-12-24 17:41:21.010433	\N	\N	\N	\N	\N	\N	\N	\N
58	435	\N	spent	service_consumption	0.00	25.00	25.00	0.00	2025-12-24 17:43:52.180086	2025-12-24 17:43:52.180089	\N	\N	\N	\N	\N	\N	\N	\N
59	388	\N	spent	service_consumption	0.00	50.00	50.00	0.00	2025-12-24 17:53:05.441178	2025-12-24 17:53:05.441181	\N	\N	\N	\N	\N	\N	\N	\N
60	375	\N	spent	service_consumption	0.00	25.00	25.00	0.00	2025-12-26 21:05:20.874863	2025-12-26 21:05:20.874867	\N	\N	\N	\N	\N	\N	\N	\N
61	376	\N	spent	service_consumption	0.00	10.00	10.00	0.00	2025-12-26 21:17:46.806623	2025-12-26 21:17:46.806627	\N	\N	\N	\N	\N	\N	\N	\N
62	432	\N	spent	service_consumption	0.00	50.00	50.00	0.00	2025-12-29 17:21:06.441692	2025-12-29 17:21:06.4417	\N	\N	\N	\N	\N	\N	\N	\N
63	432	\N	spent	service_consumption	0.00	10.00	10.00	0.00	2025-12-29 17:22:59.307465	2025-12-29 17:22:59.307471	\N	\N	\N	\N	\N	\N	\N	\N
64	469	\N	purchase	courtesy_tokens	500.00	0.00	0.00	500.00	2025-12-29 19:29:14.14712	2025-12-29 19:29:14.147124	\N	\N	\N	\N	\N	\N	\N	\N
65	470	\N	purchase	courtesy_tokens	500.00	0.00	0.00	500.00	2025-12-29 19:31:34.170887	2025-12-29 19:31:34.170891	\N	\N	\N	\N	\N	\N	\N	\N
66	471	\N	purchase	courtesy_tokens	500.00	0.00	0.00	500.00	2025-12-29 20:38:42.06927	2025-12-29 20:38:42.069274	\N	\N	\N	\N	\N	\N	\N	\N
67	472	\N	purchase	courtesy_tokens	500.00	0.00	0.00	500.00	2025-12-29 21:32:23.723741	2025-12-29 21:32:23.723746	\N	\N	\N	\N	\N	\N	\N	\N
68	473	\N	purchase	courtesy_tokens	500.00	0.00	0.00	500.00	2025-12-29 23:08:42.164379	2025-12-29 23:08:42.164384	\N	\N	\N	\N	\N	\N	\N	\N
69	388	\N	spent	service_consumption	0.00	30.00	30.00	0.00	2025-12-29 23:48:08.559076	2025-12-29 23:48:08.559079	\N	\N	\N	\N	\N	\N	\N	\N
70	388	\N	spent	service_consumption	0.00	57.00	0.00	0.00	2025-12-30 03:11:03.169099	2025-12-30 03:11:03.169103	\N	\N	\N	\N	\N	\N	\N	\N
71	466	\N	purchase	service_provision	57.00	0.00	0.00	0.00	2025-12-30 03:11:03.180172	2025-12-30 03:11:03.180176	\N	\N	\N	\N	\N	\N	\N	\N
72	388	\N	spent	service_consumption	0.00	50.00	0.00	0.00	2025-12-30 03:11:13.814066	2025-12-30 03:11:13.81407	\N	\N	\N	\N	\N	\N	\N	\N
73	467	\N	purchase	service_provision	50.00	0.00	0.00	0.00	2025-12-30 03:11:13.825161	2025-12-30 03:11:13.825167	\N	\N	\N	\N	\N	\N	\N	\N
74	388	\N	spent	service_consumption	0.00	70.00	70.00	0.00	2025-12-30 03:36:35.171068	2025-12-30 03:36:35.171072	\N	\N	\N	\N	\N	\N	\N	\N
75	388	\N	spent	service_consumption	0.00	30.00	0.00	0.00	2025-12-30 15:52:51.714856	2025-12-30 15:52:51.714861	\N	\N	\N	\N	\N	\N	\N	\N
76	473	\N	purchase	service_provision	30.00	0.00	0.00	0.00	2025-12-30 15:52:51.724592	2025-12-30 15:52:51.724596	\N	\N	\N	\N	\N	\N	\N	\N
77	474	\N	purchase	courtesy_tokens	500.00	0.00	0.00	500.00	2025-12-30 16:46:48.074068	2025-12-30 16:46:48.074073	\N	\N	\N	\N	\N	\N	\N	\N
78	475	\N	purchase	courtesy_tokens	500.00	0.00	0.00	500.00	2025-12-30 22:31:39.518111	2025-12-30 22:31:39.518116	\N	\N	\N	\N	\N	\N	\N	\N
79	432	\N	spent	service_consumption	0.00	50.00	0.00	0.00	2025-12-31 00:00:28.632495	2025-12-31 00:00:28.632499	\N	\N	\N	\N	\N	\N	\N	\N
80	467	\N	purchase	service_provision	50.00	0.00	0.00	0.00	2025-12-31 00:00:28.645178	2025-12-31 00:00:28.645181	\N	\N	\N	\N	\N	\N	\N	\N
81	388	\N	spent	service_consumption	0.00	70.00	0.00	0.00	2026-01-05 16:50:23.063485	2026-01-05 16:50:23.063491	\N	\N	\N	\N	\N	\N	\N	\N
82	466	\N	purchase	service_provision	70.00	0.00	0.00	0.00	2026-01-05 16:50:23.079785	2026-01-05 16:50:23.079789	\N	\N	\N	\N	\N	\N	\N	\N
83	379	\N	spent	service_consumption	0.00	57.00	57.00	0.00	2026-01-06 23:20:13.23161	2026-01-06 23:20:13.231615	\N	\N	\N	\N	\N	\N	\N	\N
84	379	\N	spent	service_consumption	0.00	60.00	60.00	0.00	2026-01-06 23:20:27.941597	2026-01-06 23:20:27.9416	\N	\N	\N	\N	\N	\N	\N	\N
85	388	\N	spent	service_consumption	0.00	57.00	57.00	0.00	2026-01-06 23:20:40.066337	2026-01-06 23:20:40.066342	\N	\N	\N	\N	\N	\N	\N	\N
86	388	\N	purchase	support_assist_refund	57.00	0.00	0.00	0.00	2026-01-06 23:55:33.76707	2026-01-06 23:55:33.767074	\N	\N	10	43	Cerrajero	physical	Sandra Rf	Javier Ramírez edit
87	388	\N	spent	service_consumption	0.00	60.00	60.00	0.00	2026-01-06 23:56:15.3568	2026-01-06 23:56:15.356804	\N	\N	\N	\N	\N	\N	\N	\N
88	379	\N	spent	service_consumption	0.00	60.75	0.00	0.00	2026-01-07 00:01:48.02792	2026-01-07 00:01:48.027924	\N	\N	\N	\N	\N	\N	\N	\N
89	432	\N	purchase	service_provision	60.75	0.00	0.00	0.00	2026-01-07 00:01:48.037301	2026-01-07 00:01:48.037304	\N	\N	\N	\N	\N	\N	\N	\N
90	379	\N	spent	service_consumption	0.00	60.00	0.00	0.00	2026-01-07 00:09:24.060877	2026-01-07 00:09:24.060908	\N	\N	\N	\N	\N	\N	\N	\N
91	466	\N	purchase	service_provision	60.00	0.00	0.00	0.00	2026-01-07 00:09:24.07238	2026-01-07 00:09:24.072384	\N	\N	\N	\N	\N	\N	\N	\N
92	388	\N	spent	service_consumption	0.00	60.00	0.00	0.00	2026-01-07 00:12:40.97075	2026-01-07 00:12:40.970755	\N	\N	\N	\N	\N	\N	\N	\N
93	466	\N	purchase	service_provision	60.00	0.00	0.00	0.00	2026-01-07 00:12:40.980215	2026-01-07 00:12:40.980218	\N	\N	\N	\N	\N	\N	\N	\N
94	432	\N	spent	service_consumption	0.00	30.00	30.00	0.00	2026-01-07 15:38:11.710109	2026-01-07 15:38:11.710113	\N	\N	\N	\N	\N	\N	\N	\N
95	432	\N	spent	service_consumption	0.00	60.00	60.00	0.00	2026-01-07 15:47:09.967338	2026-01-07 15:47:09.967341	\N	\N	\N	\N	\N	\N	\N	\N
96	432	\N	spent	service_consumption	0.00	57.00	57.00	0.00	2026-01-07 15:47:28.377352	2026-01-07 15:47:28.377355	\N	\N	\N	\N	\N	\N	\N	\N
97	476	\N	purchase	courtesy_tokens	100.00	0.00	0.00	100.00	2026-01-07 15:58:21.161364	2026-01-07 15:58:21.161369	\N	\N	\N	\N	\N	\N	\N	\N
98	379	\N	spent	service_consumption	0.00	12.00	12.00	0.00	2026-01-08 00:04:46.610415	2026-01-08 00:04:46.610419	\N	\N	\N	\N	\N	\N	\N	\N
99	432	139	purchase	purchase	100.00	0.00	0.00	100.00	2026-01-08 15:47:31.165455	2026-01-08 15:47:31.165458	\N	\N	\N	\N	\N	\N	\N	\N
100	432	\N	spent	service_consumption	0.00	70.00	70.00	0.00	2026-01-08 15:47:36.614147	2026-01-08 15:47:36.614152	\N	\N	\N	\N	\N	\N	\N	\N
101	466	\N	spent	service_consumption	0.00	12.00	12.00	0.00	2026-01-08 15:48:34.918363	2026-01-08 15:48:34.918367	\N	\N	\N	\N	\N	\N	\N	\N
102	388	\N	spent	service_consumption	0.00	30.00	30.00	0.00	2026-01-08 17:21:33.814855	2026-01-08 17:21:33.814859	\N	\N	\N	\N	\N	\N	\N	\N
103	435	\N	spent	service_consumption	0.00	25.00	0.00	0.00	2026-01-08 17:57:36.08962	2026-01-08 17:57:36.089623	\N	\N	\N	\N	\N	\N	\N	\N
104	467	\N	purchase	service_provision	25.00	0.00	0.00	0.00	2026-01-08 17:57:36.099061	2026-01-08 17:57:36.099064	\N	\N	\N	\N	\N	\N	\N	\N
105	372	\N	spent	service_consumption	0.00	30.00	30.00	0.00	2026-01-08 17:58:00.872031	2026-01-08 17:58:00.872035	\N	\N	\N	\N	\N	\N	\N	\N
106	372	\N	spent	service_consumption	0.00	12.00	12.00	0.00	2026-01-08 17:58:44.614826	2026-01-08 17:58:44.614829	\N	\N	\N	\N	\N	\N	\N	\N
107	376	\N	spent	service_consumption	0.00	5.00	0.00	0.00	2026-01-08 17:59:32.210839	2026-01-08 17:59:32.210843	\N	\N	\N	\N	\N	\N	\N	\N
108	375	\N	purchase	service_provision	5.00	0.00	0.00	0.00	2026-01-08 17:59:32.219856	2026-01-08 17:59:32.219859	\N	\N	\N	\N	\N	\N	\N	\N
109	376	\N	purchase	support_assist_refund	10.00	0.00	0.00	0.00	2026-01-08 18:30:31.541379	2026-01-08 18:30:31.541384	\N	\N	17	36	Viajes por el mundo 	physical	Giovanni Guerra	Customer
110	432	\N	purchase	support_assist_refund	10.00	0.00	0.00	0.00	2026-01-08 18:30:49.531848	2026-01-08 18:30:49.531852	\N	\N	17	38	Viajes por el mundo 	physical	Giovanni Guerra	Raul Aparicio
111	372	\N	spent	service_consumption	0.00	100.00	100.00	0.00	2026-01-08 19:43:23.62232	2026-01-08 19:43:23.622324	\N	\N	\N	\N	\N	\N	\N	\N
112	372	\N	purchase	support_assist_refund	100.00	0.00	0.00	0.00	2026-01-08 20:56:33.243107	2026-01-08 20:56:33.24311	\N	\N	1	54	Tramite Visa	virtual	Daniel Martinez Tello	Daniel Marin
113	372	\N	spent	service_consumption	0.00	100.00	100.00	0.00	2026-01-08 20:56:54.568347	2026-01-08 20:56:54.56835	\N	\N	\N	\N	\N	\N	\N	\N
114	432	\N	spent	service_consumption	0.00	60.00	0.00	0.00	2026-01-08 21:19:51.258442	2026-01-08 21:19:51.258448	\N	\N	\N	\N	\N	\N	\N	\N
115	466	\N	purchase	service_provision	60.00	0.00	0.00	0.00	2026-01-08 21:19:51.269828	2026-01-08 21:19:51.269832	\N	\N	\N	\N	\N	\N	\N	\N
116	432	\N	spent	service_consumption	0.00	57.00	0.00	0.00	2026-01-08 21:21:05.706657	2026-01-08 21:21:05.706661	\N	\N	\N	\N	\N	\N	\N	\N
117	466	\N	purchase	service_provision	57.00	0.00	0.00	0.00	2026-01-08 21:21:05.717826	2026-01-08 21:21:05.717829	\N	\N	\N	\N	\N	\N	\N	\N
118	379	\N	spent	service_consumption	0.00	75.00	75.00	0.00	2026-01-08 22:01:36.712898	2026-01-08 22:01:36.712902	\N	\N	\N	\N	\N	\N	\N	\N
119	432	\N	spent	service_consumption	0.00	70.00	0.00	0.00	2026-01-08 22:11:20.038062	2026-01-08 22:11:20.038065	\N	\N	\N	\N	\N	\N	\N	\N
120	466	\N	purchase	service_provision	70.00	0.00	0.00	0.00	2026-01-08 22:11:20.047457	2026-01-08 22:11:20.047467	\N	\N	\N	\N	\N	\N	\N	\N
121	432	140	purchase	purchase	100.00	0.00	0.00	100.00	2026-01-08 22:14:37.585782	2026-01-08 22:14:37.585786	\N	\N	\N	\N	\N	\N	\N	\N
122	432	\N	spent	service_consumption	0.00	60.00	60.00	0.00	2026-01-08 22:14:43.543232	2026-01-08 22:14:43.543235	\N	\N	\N	\N	\N	\N	\N	\N
123	432	\N	spent	service_consumption	0.00	20.00	20.00	0.00	2026-01-08 22:15:00.985751	2026-01-08 22:15:00.985755	\N	\N	\N	\N	\N	\N	\N	\N
124	432	\N	spent	service_consumption	0.00	60.00	0.00	0.00	2026-01-09 00:02:48.079033	2026-01-09 00:02:48.079039	\N	\N	\N	\N	\N	\N	\N	\N
125	466	\N	purchase	service_provision	60.00	0.00	0.00	0.00	2026-01-09 00:02:48.092343	2026-01-09 00:02:48.092347	\N	\N	\N	\N	\N	\N	\N	\N
126	466	\N	spent	service_consumption	0.00	12.00	0.00	0.00	2026-01-09 00:04:14.291472	2026-01-09 00:04:14.291479	\N	\N	\N	\N	\N	\N	\N	\N
127	432	\N	purchase	service_provision	12.00	0.00	0.00	0.00	2026-01-09 00:04:14.301837	2026-01-09 00:04:14.301841	\N	\N	\N	\N	\N	\N	\N	\N
128	388	\N	spent	service_consumption	0.00	30.00	0.00	0.00	2026-01-09 00:29:06.12494	2026-01-09 00:29:06.124945	\N	\N	\N	\N	\N	\N	\N	\N
129	473	\N	purchase	service_provision	30.00	0.00	0.00	0.00	2026-01-09 00:29:06.135322	2026-01-09 00:29:06.135327	\N	\N	\N	\N	\N	\N	\N	\N
130	477	\N	purchase	courtesy_tokens	100.00	0.00	0.00	100.00	2026-01-09 03:04:46.68932	2026-01-09 03:04:46.689326	\N	\N	\N	\N	\N	\N	\N	\N
131	388	\N	spent	service_consumption	0.00	50.00	50.00	0.00	2026-01-09 14:12:34.004998	2026-01-09 14:12:34.005003	\N	\N	\N	\N	\N	\N	\N	\N
132	450	\N	spent	service_consumption	0.00	10.00	10.00	0.00	2026-01-09 14:13:07.91746	2026-01-09 14:13:07.917465	\N	\N	\N	\N	\N	\N	\N	\N
133	473	\N	spent	service_consumption	0.00	75.00	75.00	0.00	2026-01-09 14:16:57.088181	2026-01-09 14:16:57.088186	\N	\N	\N	\N	\N	\N	\N	\N
134	448	\N	spent	service_consumption	0.00	50.00	50.00	0.00	2026-01-09 15:49:01.579291	2026-01-09 15:49:01.579297	\N	\N	\N	\N	\N	\N	\N	\N
135	432	\N	spent	service_consumption	0.00	50.00	50.00	0.00	2026-01-09 15:49:16.037446	2026-01-09 15:49:16.03745	\N	\N	\N	\N	\N	\N	\N	\N
136	388	\N	spent	service_consumption	0.00	50.00	50.00	0.00	2026-01-09 16:14:11.910636	2026-01-09 16:14:11.910641	\N	\N	\N	\N	\N	\N	\N	\N
137	388	\N	purchase	support_assist_refund	50.00	0.00	0.00	0.00	2026-01-09 16:15:11.216817	2026-01-09 16:15:11.216821	\N	\N	16	64	Amigurumis	virtual	Isabela	Javier Ramírez edit
138	388	\N	spent	service_consumption	0.00	50.00	50.00	0.00	2026-01-09 16:15:57.824802	2026-01-09 16:15:57.824805	\N	\N	\N	\N	\N	\N	\N	\N
139	388	\N	purchase	support_assist_refund	50.00	0.00	0.00	0.00	2026-01-09 16:16:53.832024	2026-01-09 16:16:53.832029	\N	\N	16	65	Amigurumis	virtual	Isabela	Javier Ramírez edit
140	388	\N	spent	service_consumption	0.00	60.00	60.00	0.00	2026-01-09 17:12:29.431422	2026-01-09 17:12:29.431427	\N	\N	\N	\N	\N	\N	\N	\N
141	388	\N	purchase	support_assist_refund	60.00	0.00	0.00	0.00	2026-01-09 17:18:28.799407	2026-01-09 17:18:28.799411	\N	\N	26	68	Event organizer	virtual	Isabela	Javier Ramírez edit
142	388	\N	spent	service_consumption	0.00	60.00	60.00	0.00	2026-01-09 17:20:23.510197	2026-01-09 17:20:23.510201	\N	\N	\N	\N	\N	\N	\N	\N
143	432	141	purchase	purchase	100.00	0.00	0.00	100.00	2026-01-09 18:26:40.611002	2026-01-09 18:26:40.611006	\N	\N	\N	\N	\N	\N	\N	\N
144	432	142	purchase	purchase	100.00	0.00	0.00	100.00	2026-01-09 18:26:41.953746	2026-01-09 18:26:41.95375	\N	\N	\N	\N	\N	\N	\N	\N
145	432	\N	spent	service_consumption	0.00	50.00	50.00	0.00	2026-01-09 18:26:51.088368	2026-01-09 18:26:51.088371	\N	\N	\N	\N	\N	\N	\N	\N
146	372	\N	purchase	support_assist_refund	100.00	0.00	0.00	0.00	2026-01-09 18:38:34.660783	2026-01-09 18:38:34.660787	\N	\N	1	55	Tramite Visa	virtual	Daniel Martinez Tello	Daniel Marin
147	372	\N	spent	service_consumption	0.00	100.00	100.00	0.00	2026-01-09 18:38:59.667542	2026-01-09 18:38:59.667546	\N	\N	\N	\N	\N	\N	\N	\N
148	432	\N	spent	service_consumption	0.00	60.00	60.00	0.00	2026-01-09 22:22:43.195177	2026-01-09 22:22:43.195181	\N	\N	\N	\N	\N	\N	\N	\N
149	432	\N	spent	service_consumption	0.00	50.00	0.00	0.00	2026-01-10 00:00:25.823724	2026-01-10 00:00:25.823727	\N	\N	\N	\N	\N	\N	\N	\N
150	467	\N	purchase	service_provision	50.00	0.00	0.00	0.00	2026-01-10 00:00:25.834197	2026-01-10 00:00:25.834201	\N	\N	\N	\N	\N	\N	\N	\N
151	375	\N	spent	service_consumption	0.00	100.00	100.00	0.00	2026-01-10 00:01:39.265983	2026-01-10 00:01:39.265986	\N	\N	\N	\N	\N	\N	\N	\N
152	467	143	purchase	purchase	100.00	0.00	0.00	100.00	2026-01-12 16:49:44.777657	2026-01-12 16:49:44.777663	\N	\N	\N	\N	\N	\N	\N	\N
153	467	144	purchase	purchase	100.00	0.00	0.00	100.00	2026-01-12 16:50:03.455454	2026-01-12 16:50:03.455458	\N	\N	\N	\N	\N	\N	\N	\N
154	467	145	purchase	purchase	100.00	0.00	0.00	100.00	2026-01-12 16:56:32.0536	2026-01-12 16:56:32.053603	\N	\N	\N	\N	\N	\N	\N	\N
155	467	146	purchase	purchase	100.00	0.00	0.00	100.00	2026-01-12 16:57:29.255853	2026-01-12 16:57:29.255857	\N	\N	\N	\N	\N	\N	\N	\N
156	432	\N	spent	service_consumption	0.00	60.00	60.00	0.00	2026-01-12 21:44:45.592327	2026-01-12 21:44:45.592333	\N	\N	\N	\N	\N	\N	\N	\N
157	432	\N	spent	service_consumption	0.00	60.00	0.00	0.00	2026-01-13 01:02:13.077366	2026-01-13 01:02:13.077369	\N	\N	\N	\N	\N	\N	\N	\N
158	467	\N	purchase	service_provision	60.00	0.00	0.00	0.00	2026-01-13 01:02:13.088469	2026-01-13 01:02:13.088473	\N	\N	\N	\N	\N	\N	\N	\N
159	435	\N	spent	service_consumption	0.00	300.00	300.00	0.00	2026-01-13 01:07:58.681478	2026-01-13 01:07:58.681482	\N	\N	\N	\N	\N	\N	\N	\N
160	435	\N	purchase	support_assist_refund	300.00	0.00	0.00	0.00	2026-01-13 01:08:51.586054	2026-01-13 01:08:51.586057	\N	\N	27	80	Amigurumis	virtual	Raul Aparicio	luis Martin
161	372	\N	spent	service_consumption	0.00	1.00	1.00	0.00	2026-01-13 03:18:26.618197	2026-01-13 03:18:26.618204	\N	\N	\N	\N	\N	\N	\N	\N
162	376	\N	spent	service_consumption	0.00	100.00	100.00	0.00	2026-01-13 03:36:28.960668	2026-01-13 03:36:28.960672	\N	\N	\N	\N	\N	\N	\N	\N
163	388	\N	spent	service_consumption	0.00	30.00	30.00	0.00	2026-01-13 18:29:51.954588	2026-01-13 18:29:51.954591	\N	\N	\N	\N	\N	\N	\N	\N
164	435	\N	spent	service_consumption	0.00	60.00	60.00	0.00	2026-01-13 18:32:33.559526	2026-01-13 18:32:33.559535	\N	\N	\N	\N	\N	\N	\N	\N
165	435	\N	spent	service_consumption	0.00	30.00	30.00	0.00	2026-01-13 18:33:10.112053	2026-01-13 18:33:10.112057	\N	\N	\N	\N	\N	\N	\N	\N
166	435	\N	purchase	support_assist_refund	30.00	0.00	0.00	0.00	2026-01-13 18:34:37.102777	2026-01-13 18:34:37.10278	\N	\N	21	102	Reparacion de teclados	physical	Villagomez Jony	luis Martin
167	435	\N	spent	service_consumption	0.00	30.00	30.00	0.00	2026-01-13 18:41:53.191692	2026-01-13 18:41:53.191695	\N	\N	\N	\N	\N	\N	\N	\N
168	373	\N	spent	service_consumption	0.00	30.00	30.00	0.00	2026-01-13 18:42:59.382718	2026-01-13 18:42:59.382722	\N	\N	\N	\N	\N	\N	\N	\N
169	373	\N	spent	service_consumption	0.00	75.00	75.00	0.00	2026-01-13 18:46:19.455758	2026-01-13 18:46:19.455762	\N	\N	\N	\N	\N	\N	\N	\N
170	373	\N	spent	service_consumption	0.00	300.00	300.00	0.00	2026-01-13 19:09:19.197914	2026-01-13 19:09:19.197917	\N	\N	\N	\N	\N	\N	\N	\N
171	373	\N	spent	service_consumption	0.00	10.00	10.00	0.00	2026-01-13 19:11:34.002595	2026-01-13 19:11:34.002602	\N	\N	\N	\N	\N	\N	\N	\N
172	388	\N	purchase	support_assist_refund	60.00	0.00	0.00	0.00	2026-01-13 19:16:54.582153	2026-01-13 19:16:54.582159	\N	\N	26	69	Event organizer	virtual	Isabela	Javier Ramírez edit
173	388	\N	spent	service_consumption	0.00	60.00	60.00	0.00	2026-01-13 19:17:04.101711	2026-01-13 19:17:04.101715	\N	\N	\N	\N	\N	\N	\N	\N
174	373	\N	spent	service_consumption	0.00	6.00	6.00	0.00	2026-01-13 21:03:56.220909	2026-01-13 21:03:56.220912	\N	\N	\N	\N	\N	\N	\N	\N
175	379	\N	spent	service_consumption	0.00	6.00	6.00	0.00	2026-01-13 21:04:26.936118	2026-01-13 21:04:26.936122	\N	\N	\N	\N	\N	\N	\N	\N
176	478	\N	purchase	courtesy_tokens	500.00	0.00	0.00	500.00	2026-01-13 23:49:11.688958	2026-01-13 23:49:11.688962	\N	\N	\N	\N	\N	\N	\N	\N
177	432	147	purchase	purchase	100.00	0.00	0.00	100.00	2026-01-13 23:54:43.064626	2026-01-13 23:54:43.06463	\N	\N	\N	\N	\N	\N	\N	\N
178	432	\N	spent	service_consumption	0.00	1.00	1.00	0.00	2026-01-13 23:54:55.685434	2026-01-13 23:54:55.685437	\N	\N	\N	\N	\N	\N	\N	\N
179	432	\N	spent	service_consumption	0.00	90.00	90.00	0.00	2026-01-14 15:39:24.669962	2026-01-14 15:39:24.669966	\N	\N	\N	\N	\N	\N	\N	\N
180	432	\N	spent	service_consumption	0.00	60.00	60.00	0.00	2026-01-14 15:39:47.806614	2026-01-14 15:39:47.806618	\N	\N	\N	\N	\N	\N	\N	\N
181	432	148	purchase	purchase	100.00	0.00	0.00	100.00	2026-01-14 15:40:30.974909	2026-01-14 15:40:30.974913	\N	\N	\N	\N	\N	\N	\N	\N
182	432	149	purchase	purchase	100.00	0.00	0.00	100.00	2026-01-14 15:40:31.695004	2026-01-14 15:40:31.695008	\N	\N	\N	\N	\N	\N	\N	\N
183	432	\N	spent	service_consumption	0.00	80.00	80.00	0.00	2026-01-14 15:40:36.986786	2026-01-14 15:40:36.98679	\N	\N	\N	\N	\N	\N	\N	\N
184	379	\N	spent	service_consumption	0.00	300.00	300.00	0.00	2026-01-14 21:44:53.723866	2026-01-14 21:44:53.72387	\N	\N	\N	\N	\N	\N	\N	\N
185	388	\N	spent	service_consumption	0.00	20.00	20.00	0.00	2026-01-14 22:37:22.104803	2026-01-14 22:37:22.104807	\N	\N	\N	\N	\N	\N	\N	\N
186	388	\N	purchase	support_assist_refund	60.00	0.00	0.00	0.00	2026-01-14 22:39:14.993684	2026-01-14 22:39:14.993687	\N	\N	26	108	Event organizer	virtual	Isabela	Javier Ramírez edit
187	388	\N	spent	service_consumption	0.00	60.00	60.00	0.00	2026-01-14 22:39:48.665601	2026-01-14 22:39:48.665605	\N	\N	\N	\N	\N	\N	\N	\N
188	388	\N	spent	service_consumption	0.00	15.00	15.00	0.00	2026-01-14 22:41:46.981244	2026-01-14 22:41:46.981247	\N	\N	\N	\N	\N	\N	\N	\N
189	388	\N	spent	service_consumption	0.00	10.00	10.00	0.00	2026-01-14 22:41:55.003301	2026-01-14 22:41:55.003305	\N	\N	\N	\N	\N	\N	\N	\N
190	379	\N	spent	service_consumption	0.00	80.00	80.00	0.00	2026-01-14 22:46:06.703318	2026-01-14 22:46:06.703322	\N	\N	\N	\N	\N	\N	\N	\N
191	467	\N	spent	service_consumption	0.00	180.00	180.00	0.00	2026-01-14 23:03:11.205115	2026-01-14 23:03:11.205119	\N	\N	\N	\N	\N	\N	\N	\N
192	372	\N	spent	service_consumption	0.00	70.00	70.00	0.00	2026-01-16 22:00:50.010759	2026-01-16 22:00:50.010763	\N	\N	3	131	Ramos personalizados	virtual	Elizabeth LH	Daniel Marin
193	432	\N	spent	service_consumption	0.00	36.00	36.00	0.00	2026-01-16 22:27:33.140416	2026-01-16 22:27:33.14042	\N	\N	49	132	Construcciones de lego	physical	Montserrat Villa	Raul Aparicio
194	388	\N	spent	service_consumption	0.00	36.00	36.00	0.00	2026-01-16 22:27:34.81107	2026-01-16 22:27:34.811074	\N	\N	49	133	Construcciones de lego	physical	Montserrat Villa	Javier Ramírez edit
195	432	\N	spent	service_consumption	0.00	50.00	0.00	0.00	2026-01-16 22:28:35.682551	2026-01-16 22:28:35.682555	\N	\N	43	114	Visor de Arte	virtual	Villagomez Jony	Raul Aparicio
196	473	\N	purchase	service_provision	50.00	0.00	0.00	0.00	2026-01-16 22:28:35.692586	2026-01-16 22:28:35.69259	\N	\N	43	114	Visor de Arte	virtual	Villagomez Jony	Raul Aparicio
197	372	\N	spent	service_consumption	0.00	30.00	0.00	0.00	2026-01-16 22:35:34.009278	2026-01-16 22:35:34.009282	\N	\N	21	52	Reparacion de teclados	physical	Villagomez Jony	Daniel Marin
198	473	\N	purchase	service_provision	30.00	0.00	0.00	0.00	2026-01-16 22:35:34.018882	2026-01-16 22:35:34.018884	\N	\N	21	52	Reparacion de teclados	physical	Villagomez Jony	Daniel Marin
199	388	\N	spent	service_consumption	0.00	20.00	0.00	0.00	2026-01-16 22:37:08.167804	2026-01-16 22:37:08.167808	\N	\N	14	120	Platitos de barro	physical	Isabela	Javier Ramírez edit
200	467	\N	purchase	service_provision	20.00	0.00	0.00	0.00	2026-01-16 22:37:08.176617	2026-01-16 22:37:08.176621	\N	\N	14	120	Platitos de barro	physical	Isabela	Javier Ramírez edit
201	388	\N	spent	service_consumption	0.00	60.00	0.00	0.00	2026-01-16 22:52:25.674528	2026-01-16 22:52:25.674549	\N	\N	26	121	Event organizer	virtual	Isabela	Javier Ramírez edit
202	467	\N	purchase	service_provision	60.00	0.00	0.00	0.00	2026-01-16 22:52:25.68415	2026-01-16 22:52:25.684152	\N	\N	26	121	Event organizer	virtual	Isabela	Javier Ramírez edit
203	448	\N	spent	service_consumption	0.00	400.00	0.00	0.00	2026-01-18 00:11:45.835126	2026-01-18 00:11:45.83513	\N	\N	37	95	Remodelacion de interiores	virtual	Daniel Marin	Daniel Martinez Tello
204	372	\N	purchase	service_provision	400.00	0.00	0.00	0.00	2026-01-18 00:11:45.847536	2026-01-18 00:11:45.84754	\N	\N	37	95	Remodelacion de interiores	virtual	Daniel Marin	Daniel Martinez Tello
205	432	\N	spent	service_consumption	0.00	36.00	0.00	0.00	2026-01-18 07:00:30.644542	2026-01-18 07:00:30.644547	\N	\N	49	132	Construcciones de lego	physical	Montserrat Villa	Raul Aparicio
206	468	\N	purchase	service_provision	36.00	0.00	0.00	0.00	2026-01-18 07:00:30.659212	2026-01-18 07:00:30.659233	\N	\N	49	132	Construcciones de lego	physical	Montserrat Villa	Raul Aparicio
207	478	\N	spent	service_consumption	0.00	180.00	180.00	0.00	2026-01-18 15:00:15.176594	2026-01-18 15:00:15.176597	\N	\N	46	134	Hamburguesas Casa Vieja	virtual	Raul Aparicio	Toto Pollo
208	379	\N	purchase	support_assist_refund	300.00	0.00	0.00	0.00	2026-01-18 15:02:35.746863	2026-01-18 15:02:35.746867	\N	\N	27	119	Amigurumis	virtual	Raul Aparicio	Sapito Mm
209	379	\N	spent	service_consumption	0.00	300.00	300.00	0.00	2026-01-18 15:02:50.367583	2026-01-18 15:02:50.367588	\N	\N	27	135	Amigurumis	virtual	Raul Aparicio	Sapito Mm
210	432	\N	spent	service_consumption	0.00	28.00	0.00	0.00	2026-01-19 00:05:12.907773	2026-01-19 00:05:12.907777	\N	\N	42	112	couch Gym	physical	Toto Pollo	Raul Aparicio
211	478	\N	purchase	service_provision	28.00	0.00	0.00	0.00	2026-01-19 00:05:12.921569	2026-01-19 00:05:12.921576	\N	\N	42	112	couch Gym	physical	Toto Pollo	Raul Aparicio
212	379	\N	spent	service_consumption	0.00	300.00	0.00	0.00	2026-01-19 01:03:24.41855	2026-01-19 01:03:24.418556	\N	\N	27	135	Amigurumis	virtual	Raul Aparicio	Sapito Mm
213	432	\N	purchase	service_provision	300.00	0.00	0.00	0.00	2026-01-19 01:03:24.429995	2026-01-19 01:03:24.429998	\N	\N	27	135	Amigurumis	virtual	Raul Aparicio	Sapito Mm
214	478	\N	spent	service_consumption	0.00	180.00	0.00	0.00	2026-01-19 04:21:47.529692	2026-01-19 04:21:47.529696	\N	\N	46	134	Hamburguesas Casa Vieja	virtual	Raul Aparicio	Toto Pollo
215	432	\N	purchase	service_provision	180.00	0.00	0.00	0.00	2026-01-19 04:21:47.539763	2026-01-19 04:21:47.539767	\N	\N	46	134	Hamburguesas Casa Vieja	virtual	Raul Aparicio	Toto Pollo
216	450	\N	spent	service_consumption	0.00	180.00	180.00	0.00	2026-01-19 04:58:40.676983	2026-01-19 04:58:40.676987	\N	\N	46	136	Hamburguesas Casa Vieja	virtual	Raul Aparicio	Polo Muñoz
217	379	\N	spent	service_consumption	0.00	180.00	180.00	0.00	2026-01-19 16:54:56.86568	2026-01-19 16:54:56.865684	\N	\N	46	137	Hamburguesas Casa Vieja	virtual	Raul Aparicio	Sapito Mm
218	477	\N	spent	service_consumption	0.00	50.00	50.00	0.00	2026-01-19 17:14:05.018355	2026-01-19 17:14:05.018358	\N	\N	51	138	arte al oleo	virtual	Javier Ramírez edit	Derek
219	379	\N	spent	service_consumption	0.00	300.00	300.00	0.00	2026-01-19 17:30:34.544965	2026-01-19 17:30:34.544971	\N	\N	50	139	Day pass 	physical	Raul Aparicio	Sapito Mm
220	432	\N	spent	service_consumption	0.00	50.00	50.00	0.00	2026-01-19 17:54:15.741072	2026-01-19 17:54:15.741075	\N	\N	51	140	arte al oleo	virtual	Javier Ramírez edit	Raul Aparicio
221	373	\N	spent	service_consumption	0.00	30.00	0.00	0.00	2026-01-19 17:58:30.313087	2026-01-19 17:58:30.313091	\N	\N	21	104	Reparacion de teclados	physical	Villagomez Jony	Benito Juarez
222	473	\N	purchase	service_provision	30.00	0.00	0.00	0.00	2026-01-19 17:58:30.324715	2026-01-19 17:58:30.32472	\N	\N	21	104	Reparacion de teclados	physical	Villagomez Jony	Benito Juarez
223	373	\N	spent	service_consumption	0.00	50.00	50.00	0.00	2026-01-19 18:04:09.518467	2026-01-19 18:04:09.518471	\N	\N	51	141	arte al oleo	virtual	Javier Ramírez edit	Benito Juarez
224	373	\N	spent	service_consumption	0.00	300.00	0.00	0.00	2026-01-19 19:02:17.811072	2026-01-19 19:02:17.811075	\N	\N	27	106	Amigurumis	virtual	Raul Aparicio	Benito Juarez
225	432	\N	purchase	service_provision	300.00	0.00	0.00	0.00	2026-01-19 19:02:17.820304	2026-01-19 19:02:17.820307	\N	\N	27	106	Amigurumis	virtual	Raul Aparicio	Benito Juarez
226	373	\N	spent	service_consumption	0.00	75.00	0.00	0.00	2026-01-19 19:02:23.273936	2026-01-19 19:02:23.27394	\N	\N	25	105	Decoración Navideña	virtual	Raul Aparicio	Benito Juarez
227	432	\N	purchase	service_provision	75.00	0.00	0.00	0.00	2026-01-19 19:02:23.282681	2026-01-19 19:02:23.282684	\N	\N	25	105	Decoración Navideña	virtual	Raul Aparicio	Benito Juarez
228	373	\N	spent	service_consumption	0.00	10.00	0.00	0.00	2026-01-19 20:15:55.313844	2026-01-19 20:15:55.313849	\N	\N	12	107	Creator of content	virtual	Isabela	Benito Juarez
229	467	\N	purchase	service_provision	10.00	0.00	0.00	0.00	2026-01-19 20:15:55.326032	2026-01-19 20:15:55.326035	\N	\N	12	107	Creator of content	virtual	Isabela	Benito Juarez
230	388	\N	spent	service_consumption	0.00	15.00	0.00	0.00	2026-01-19 23:21:07.701645	2026-01-19 23:21:07.701649	\N	\N	13	122	Mantenimiento de carros nissan	physical	Isabela	Javier Ramírez edit
231	467	\N	purchase	service_provision	15.00	0.00	0.00	0.00	2026-01-19 23:21:07.716308	2026-01-19 23:21:07.716311	\N	\N	13	122	Mantenimiento de carros nissan	physical	Isabela	Javier Ramírez edit
232	477	\N	spent	service_consumption	0.00	50.00	0.00	0.00	2026-01-20 00:10:12.931813	2026-01-20 00:10:12.931816	\N	\N	51	138	arte al oleo	virtual	Javier Ramírez edit	Derek
233	388	\N	purchase	service_provision	50.00	0.00	0.00	0.00	2026-01-20 00:10:12.94425	2026-01-20 00:10:12.944253	\N	\N	51	138	arte al oleo	virtual	Javier Ramírez edit	Derek
234	477	\N	spent	service_consumption	0.00	1.00	0.00	0.00	2026-01-20 00:11:29.993064	2026-01-20 00:11:29.99307	\N	\N	52	142	mini funkos	both	Javier Ramírez edit	Derek
235	388	\N	purchase	service_provision	1.00	0.00	0.00	0.00	2026-01-20 00:11:30.004944	2026-01-20 00:11:30.004947	\N	\N	52	142	mini funkos	both	Javier Ramírez edit	Derek
236	373	150	purchase	purchase	100.00	0.00	0.00	100.00	2026-01-20 14:21:44.618818	2026-01-20 14:21:44.618821	\N	\N	\N	\N	\N	\N	\N	\N
237	373	151	purchase	purchase	400.00	0.00	0.00	400.00	2026-01-20 14:24:26.086673	2026-01-20 14:24:26.086677	\N	\N	\N	\N	\N	\N	\N	\N
238	373	152	purchase	purchase	400.00	0.00	0.00	400.00	2026-01-20 14:24:27.421722	2026-01-20 14:24:27.421727	\N	\N	\N	\N	\N	\N	\N	\N
239	373	\N	spent	service_consumption	0.00	300.00	300.00	0.00	2026-01-20 14:24:32.375158	2026-01-20 14:24:32.375162	\N	\N	50	143	Day pass 	physical	Raul Aparicio	Benito Juarez
240	477	153	purchase	purchase	400.00	0.00	0.00	400.00	2026-01-20 15:25:41.273025	2026-01-20 15:25:41.273029	\N	\N	\N	\N	\N	\N	\N	\N
241	395	\N	spent	service_consumption	0.00	53.00	53.00	0.00	2026-01-20 15:39:58.833754	2026-01-20 15:39:58.833757	\N	\N	51	144	arte al oleo	virtual	Javier Ramírez edit	Raul Aparicio Muñoz
242	388	\N	spent	service_consumption	0.00	20.00	20.00	0.00	2026-01-20 15:40:27.733574	2026-01-20 15:40:27.733577	\N	\N	14	145	Platitos de barro	physical	Isabela	Javier Ramírez edit
243	388	\N	purchase	support_assist_refund	20.00	0.00	0.00	0.00	2026-01-20 15:41:25.583196	2026-01-20 15:41:25.5832	\N	\N	14	145	Platitos de barro	physical	Isabela	Javier Ramírez edit
244	388	\N	spent	service_consumption	0.00	20.00	20.00	0.00	2026-01-20 15:44:42.167496	2026-01-20 15:44:42.1675	\N	\N	14	146	Platitos de barro	physical	Isabela	Javier Ramírez edit
245	395	\N	spent	service_consumption	0.00	300.00	300.00	0.00	2026-01-20 15:46:40.967673	2026-01-20 15:46:40.967677	\N	\N	50	147	Day pass 	physical	Raul Aparicio	Raul Aparicio Muñoz
246	373	\N	spent	service_consumption	0.00	300.00	0.00	0.00	2026-01-21 00:00:15.653722	2026-01-21 00:00:15.653727	\N	\N	50	143	Day pass 	physical	Raul Aparicio	Benito Juarez
247	432	\N	purchase	service_provision	300.00	0.00	0.00	0.00	2026-01-21 00:00:15.66621	2026-01-21 00:00:15.666213	\N	\N	50	143	Day pass 	physical	Raul Aparicio	Benito Juarez
248	373	\N	spent	service_consumption	0.00	50.00	0.00	0.00	2026-01-21 00:00:27.597711	2026-01-21 00:00:27.597714	\N	\N	51	141	arte al oleo	virtual	Javier Ramírez edit	Benito Juarez
249	388	\N	purchase	service_provision	50.00	0.00	0.00	0.00	2026-01-21 00:00:27.608868	2026-01-21 00:00:27.608871	\N	\N	51	141	arte al oleo	virtual	Javier Ramírez edit	Benito Juarez
250	432	\N	spent	service_consumption	0.00	32.00	32.00	0.00	2026-01-21 00:06:58.904783	2026-01-21 00:06:58.904786	\N	\N	54	148	Creamos tu avatar con ia	virtual	Derek	Raul Aparicio
251	432	\N	spent	service_consumption	0.00	50.00	0.00	0.00	2026-01-21 01:29:01.998954	2026-01-21 01:29:01.998959	\N	\N	51	140	arte al oleo	virtual	Javier Ramírez edit	Raul Aparicio
252	388	\N	purchase	service_provision	50.00	0.00	0.00	0.00	2026-01-21 01:29:02.012239	2026-01-21 01:29:02.012271	\N	\N	51	140	arte al oleo	virtual	Javier Ramírez edit	Raul Aparicio
253	432	\N	spent	service_consumption	0.00	53.00	53.00	0.00	2026-01-21 04:17:39.331334	2026-01-21 04:17:39.331338	\N	\N	51	149	arte al oleo	virtual	Javier Ramírez edit	Raul Aparicio
254	479	\N	purchase	courtesy_tokens	100.00	0.00	0.00	100.00	2026-01-21 16:42:10.37207	2026-01-21 16:42:10.372076	\N	\N	\N	\N	\N	\N	\N	\N
255	395	\N	spent	service_consumption	0.00	53.00	0.00	0.00	2026-01-21 17:11:16.917433	2026-01-21 17:11:16.917437	\N	\N	51	144	arte al oleo	virtual	Javier Ramírez edit	Raul Aparicio Muñoz
256	388	\N	purchase	service_provision	53.00	0.00	0.00	0.00	2026-01-21 17:11:16.932346	2026-01-21 17:11:16.93235	\N	\N	51	144	arte al oleo	virtual	Javier Ramírez edit	Raul Aparicio Muñoz
257	480	\N	purchase	courtesy_tokens	500.00	0.00	0.00	500.00	2026-01-21 17:12:30.131189	2026-01-21 17:12:30.131194	\N	\N	\N	\N	\N	\N	\N	\N
258	481	\N	purchase	courtesy_tokens	100.00	0.00	0.00	100.00	2026-01-21 17:32:59.840961	2026-01-21 17:32:59.840965	\N	\N	\N	\N	\N	\N	\N	\N
259	482	\N	purchase	courtesy_tokens	100.00	0.00	0.00	100.00	2026-01-21 17:51:30.803089	2026-01-21 17:51:30.803095	\N	\N	\N	\N	\N	\N	\N	\N
260	480	\N	spent	service_consumption	0.00	32.00	32.00	0.00	2026-01-21 22:07:35.587598	2026-01-21 22:07:35.587602	\N	\N	54	150	Creamos tu avatar con ia	virtual	Derek	Raul Aparicio Muñoz
261	483	\N	purchase	courtesy_tokens	100.00	0.00	0.00	100.00	2026-01-21 22:13:38.968906	2026-01-21 22:13:38.96891	\N	\N	\N	\N	\N	\N	\N	\N
262	484	\N	purchase	courtesy_tokens	100.00	0.00	0.00	100.00	2026-01-21 22:19:03.828669	2026-01-21 22:19:03.828674	\N	\N	\N	\N	\N	\N	\N	\N
263	485	\N	purchase	courtesy_tokens	100.00	0.00	0.00	100.00	2026-01-21 22:22:27.01218	2026-01-21 22:22:27.012185	\N	\N	\N	\N	\N	\N	\N	\N
264	432	\N	spent	service_consumption	0.00	32.00	0.00	0.00	2026-01-22 01:00:28.934029	2026-01-22 01:00:28.934032	\N	\N	54	148	Creamos tu avatar con ia	virtual	Derek	Raul Aparicio
265	477	\N	purchase	service_provision	32.00	0.00	0.00	0.00	2026-01-22 01:00:28.946732	2026-01-22 01:00:28.946735	\N	\N	54	148	Creamos tu avatar con ia	virtual	Derek	Raul Aparicio
266	426	\N	spent	service_consumption	0.00	80.00	80.00	0.00	2026-01-22 01:09:16.655997	2026-01-22 01:09:16.656	\N	\N	5	151	Se crea musica a tu gusto 	virtual	Elizabeth LH	Jesse Pelayo
267	426	\N	spent	service_consumption	0.00	57.00	57.00	0.00	2026-01-22 01:09:38.752754	2026-01-22 01:09:38.752758	\N	\N	10	152	Cerrajero	physical	Sandra Rf	Jesse Pelayo
268	426	\N	spent	service_consumption	0.00	300.00	300.00	0.00	2026-01-22 01:10:10.808905	2026-01-22 01:10:10.808909	\N	\N	50	153	Day pass 	physical	Raul Aparicio	Jesse Pelayo
269	426	\N	spent	service_consumption	0.00	180.00	180.00	0.00	2026-01-22 01:12:23.146048	2026-01-22 01:12:23.146051	\N	\N	46	154	Hamburguesas Casa Vieja	virtual	Raul Aparicio	Jesse Pelayo
270	426	\N	spent	service_consumption	0.00	100.00	100.00	0.00	2026-01-22 01:15:32.66951	2026-01-22 01:15:32.669513	\N	\N	1	155	Tramite Visa	virtual	Daniel Martinez Tello	Jesse Pelayo
271	397	\N	spent	service_consumption	0.00	150.00	150.00	0.00	2026-01-22 01:29:46.170544	2026-01-22 01:29:46.170548	\N	\N	55	156	Cuidado de ancianos	physical	Jesse Pelayo	Jesse Pelayo
272	426	\N	purchase	support_assist_refund	180.00	0.00	0.00	0.00	2026-01-22 01:34:08.89091	2026-01-22 01:34:08.890913	\N	\N	46	154	Hamburguesas Casa Vieja	virtual	Raul Aparicio	Jesse Pelayo
273	480	\N	spent	service_consumption	0.00	53.00	53.00	0.00	2026-01-22 01:37:43.021874	2026-01-22 01:37:43.021877	\N	\N	51	157	arte al oleo	virtual	Javier Ramírez edit	Raul Aparicio Muñoz
274	480	\N	spent	service_consumption	0.00	300.00	300.00	0.00	2026-01-22 01:37:48.680531	2026-01-22 01:37:48.680535	\N	\N	50	158	Day pass 	physical	Raul Aparicio	Raul Aparicio Muñoz
275	480	\N	spent	service_consumption	0.00	32.00	0.00	0.00	2026-01-22 02:00:17.960768	2026-01-22 02:00:17.960772	\N	\N	54	150	Creamos tu avatar con ia	virtual	Derek	Raul Aparicio Muñoz
276	477	\N	purchase	service_provision	32.00	0.00	0.00	0.00	2026-01-22 02:00:17.975777	2026-01-22 02:00:17.975781	\N	\N	54	150	Creamos tu avatar con ia	virtual	Derek	Raul Aparicio Muñoz
277	448	154	purchase	purchase	100.00	0.00	0.00	100.00	2026-01-22 14:44:30.138605	2026-01-22 14:44:30.138612	\N	\N	\N	\N	\N	\N	\N	\N
278	373	\N	spent	service_consumption	0.00	9.00	9.00	0.00	2026-01-22 15:41:55.913695	2026-01-22 15:41:55.9137	\N	\N	53	159	Esculpir en yeso	virtual	Isabela	Benito Juarez
279	373	155	purchase	purchase	400.00	0.00	0.00	400.00	2026-01-22 15:46:42.026396	2026-01-22 15:46:42.026403	\N	\N	\N	\N	\N	\N	\N	\N
280	372	\N	purchase	support_assist_refund	100.00	0.00	0.00	0.00	2026-01-22 16:06:56.255923	2026-01-22 16:06:56.255928	\N	\N	1	71	Tramite Visa	virtual	Daniel Martinez Tello	Daniel Marin
281	372	\N	spent	service_consumption	0.00	100.00	100.00	0.00	2026-01-22 16:07:21.679035	2026-01-22 16:07:21.679041	\N	\N	1	160	Tramite Visa	virtual	Daniel Martinez Tello	Daniel Marin
282	467	\N	spent	service_consumption	0.00	53.00	53.00	0.00	2026-01-22 19:21:29.866593	2026-01-22 19:21:29.866597	\N	\N	51	161	arte al oleo	virtual	Javier Ramírez edit	Isabela
283	426	\N	spent	service_consumption	0.00	70.00	70.00	0.00	2026-01-22 19:34:24.798774	2026-01-22 19:34:24.798778	\N	\N	3	162	Ramos personalizados	virtual	Elizabeth LH	Jesse Pelayo
284	426	\N	spent	service_consumption	0.00	1.00	1.00	0.00	2026-01-22 19:35:12.146686	2026-01-22 19:35:12.146689	\N	\N	39	163	BORRON Y YA	virtual	Daniel Martinez Tello	Jesse Pelayo
285	448	\N	spent	service_consumption	0.00	32.00	32.00	0.00	2026-01-22 19:38:28.527903	2026-01-22 19:38:28.527906	\N	\N	54	164	Creamos tu avatar con ia	virtual	Derek	Daniel Martinez Tello
286	426	\N	purchase	support_assist_refund	1.00	0.00	0.00	0.00	2026-01-22 19:40:25.185301	2026-01-22 19:40:25.185307	\N	\N	39	163	BORRON Y YA	virtual	Daniel Martinez Tello	Jesse Pelayo
287	432	\N	purchase	support_assist_refund	1.00	0.00	0.00	0.00	2026-01-22 19:40:35.015833	2026-01-22 19:40:35.015839	\N	\N	39	113	BORRON Y YA	virtual	Daniel Martinez Tello	Raul Aparicio
288	372	\N	spent	service_consumption	0.00	10.00	10.00	0.00	2026-01-22 19:45:45.570033	2026-01-22 19:45:45.570036	\N	\N	57	165	Seguridad IT	virtual	Daniel Martinez Tello	Daniel Marin
289	376	\N	spent	service_consumption	0.00	10.00	10.00	0.00	2026-01-22 20:14:22.507046	2026-01-22 20:14:22.50705	\N	\N	57	166	Seguridad IT	virtual	Daniel Martinez Tello	Customer
290	372	\N	spent	service_consumption	0.00	100.00	100.00	0.00	2026-01-22 20:35:41.218782	2026-01-22 20:35:41.218786	\N	\N	58	167	Mantenimiento Laptops	virtual	Daniel Martinez Tello	Daniel Marin
291	376	156	purchase	purchase	400.00	0.00	0.00	400.00	2026-01-22 21:56:01.493592	2026-01-22 21:56:01.493596	\N	\N	\N	\N	\N	\N	\N	\N
292	373	\N	spent	service_consumption	0.00	300.00	300.00	0.00	2026-01-23 22:34:49.88534	2026-01-23 22:34:49.885344	\N	\N	50	168	Day pass 	physical	Raul Aparicio	Benito Juarez
293	379	\N	spent	service_consumption	0.00	180.00	0.00	0.00	2026-01-23 22:35:27.613901	2026-01-23 22:35:27.613905	\N	\N	46	137	Hamburguesas Casa Vieja	virtual	Raul Aparicio	Sapito Mm
294	432	\N	purchase	service_provision	180.00	0.00	0.00	0.00	2026-01-23 22:35:27.625392	2026-01-23 22:35:27.625396	\N	\N	46	137	Hamburguesas Casa Vieja	virtual	Raul Aparicio	Sapito Mm
295	373	\N	purchase	support_assist_refund	300.00	0.00	0.00	0.00	2026-01-23 22:35:56.525578	2026-01-23 22:35:56.525582	\N	\N	50	168	Day pass 	physical	Raul Aparicio	Benito Juarez
296	373	\N	spent	service_consumption	0.00	300.00	300.00	0.00	2026-01-23 22:36:27.575135	2026-01-23 22:36:27.575139	\N	\N	50	169	Day pass 	physical	Raul Aparicio	Benito Juarez
297	467	\N	spent	service_consumption	0.00	53.00	0.00	0.00	2026-01-23 22:39:25.722663	2026-01-23 22:39:25.722667	\N	\N	51	161	arte al oleo	virtual	Javier Ramírez edit	Isabela
298	388	\N	purchase	service_provision	53.00	0.00	0.00	0.00	2026-01-23 22:39:25.733306	2026-01-23 22:39:25.733309	\N	\N	51	161	arte al oleo	virtual	Javier Ramírez edit	Isabela
299	373	\N	spent	service_consumption	0.00	53.00	53.00	0.00	2026-01-23 22:42:43.380743	2026-01-23 22:42:43.380746	\N	\N	51	170	arte al oleo	virtual	Javier Ramírez edit	Benito Juarez
300	373	\N	spent	service_consumption	0.00	180.00	180.00	0.00	2026-01-23 22:42:50.530739	2026-01-23 22:42:50.530742	\N	\N	46	171	Hamburguesas Casa Vieja	virtual	Raul Aparicio	Benito Juarez
301	388	\N	spent	service_consumption	0.00	9.00	9.00	0.00	2026-01-23 22:45:33.732201	2026-01-23 22:45:33.732204	\N	\N	53	172	Esculpir en yeso	virtual	Isabela	Javier Ramírez edit
302	478	\N	spent	service_consumption	0.00	300.00	300.00	0.00	2026-01-23 22:46:51.511105	2026-01-23 22:46:51.511109	\N	\N	27	173	Amigurumis	virtual	Raul Aparicio	Toto Pollo
303	388	\N	spent	service_consumption	0.00	60.00	60.00	0.00	2026-01-23 22:48:51.224853	2026-01-23 22:48:51.224857	\N	\N	26	174	Event organizer	virtual	Isabela	Javier Ramírez edit
304	388	\N	spent	service_consumption	0.00	180.00	180.00	0.00	2026-01-23 22:50:03.711469	2026-01-23 22:50:03.711472	\N	\N	46	175	Hamburguesas Casa Vieja	virtual	Raul Aparicio	Javier Ramírez edit
305	467	\N	purchase	support_assist_refund	180.00	0.00	0.00	0.00	2026-01-23 22:50:45.822216	2026-01-23 22:50:45.822238	\N	\N	46	126	Hamburguesas Casa Vieja	virtual	Raul Aparicio	Isabela
306	467	\N	purchase	support_assist_refund	180.00	0.00	0.00	0.00	2026-01-23 22:50:47.057773	2026-01-23 22:50:47.057777	\N	\N	46	126	Hamburguesas Casa Vieja	virtual	Raul Aparicio	Isabela
307	467	\N	spent	service_consumption	0.00	180.00	180.00	0.00	2026-01-23 22:51:03.354851	2026-01-23 22:51:03.354855	\N	\N	46	176	Hamburguesas Casa Vieja	virtual	Raul Aparicio	Isabela
308	426	\N	spent	service_consumption	0.00	100.00	100.00	0.00	2026-01-26 18:35:01.399001	2026-01-26 18:35:01.399146	\N	\N	58	177	Mantenimiento Laptops	virtual	Daniel Martinez Tello	Jesse Pelayo
309	486	\N	purchase	courtesy_tokens	100.00	0.00	0.00	100.00	2026-01-27 17:12:45.117552	2026-01-27 17:12:45.117556	\N	\N	\N	\N	\N	\N	\N	\N
310	486	\N	spent	service_consumption	0.00	57.00	57.00	0.00	2026-01-27 17:19:21.303836	2026-01-27 17:19:21.303839	\N	\N	10	178	Cerrajero	physical	Sandra Rf	San Miguel De Allende
311	486	\N	purchase	support_assist_refund	57.00	0.00	0.00	0.00	2026-01-27 17:19:55.762127	2026-01-27 17:19:55.762131	\N	\N	10	178	Cerrajero	physical	Sandra Rf	San Miguel De Allende
312	486	\N	spent	service_consumption	0.00	100.00	100.00	0.00	2026-01-27 17:20:23.735073	2026-01-27 17:20:23.735076	\N	\N	58	179	Mantenimiento Laptops	virtual	Daniel Martinez Tello	San Miguel De Allende
313	486	\N	purchase	support_assist_refund	100.00	0.00	0.00	0.00	2026-01-27 17:20:31.314384	2026-01-27 17:20:31.314388	\N	\N	58	179	Mantenimiento Laptops	virtual	Daniel Martinez Tello	San Miguel De Allende
314	487	\N	purchase	courtesy_tokens	100.00	0.00	0.00	100.00	2026-01-27 17:46:42.489603	2026-01-27 17:46:42.489608	\N	\N	\N	\N	\N	\N	\N	\N
315	488	\N	purchase	courtesy_tokens	100.00	0.00	0.00	100.00	2026-01-27 18:02:04.758712	2026-01-27 18:02:04.758717	\N	\N	\N	\N	\N	\N	\N	\N
316	489	\N	purchase	courtesy_tokens	100.00	0.00	0.00	100.00	2026-01-27 18:03:55.72022	2026-01-27 18:03:55.720227	\N	\N	\N	\N	\N	\N	\N	\N
317	388	\N	purchase	support_assist_refund	20.00	0.00	0.00	0.00	2026-01-27 18:06:30.672703	2026-01-27 18:06:30.672707	\N	\N	14	146	Platitos de barro	physical	Isabela	Javier Ramírez edit
318	388	\N	spent	service_consumption	0.00	50.00	50.00	0.00	2026-01-27 18:15:15.640879	2026-01-27 18:15:15.640884	\N	\N	60	180	Como ser fit	physical	Isabela	Javier Ramírez edit
319	402	\N	spent	service_consumption	0.00	25.00	25.00	0.00	2026-01-28 23:01:51.68715	2026-01-28 23:01:51.687154	\N	\N	59	181	electrician services	physical	Jesse Pelayo	Angel Pelayo
320	402	\N	spent	service_consumption	0.00	60.00	60.00	0.00	2026-01-28 23:03:07.493034	2026-01-28 23:03:07.493039	\N	\N	56	182	Cerrajero a domicilio	physical	Jesse Pelayo	Angel Pelayo
321	397	\N	spent	service_consumption	0.00	150.00	0.00	0.00	2026-01-29 01:55:55.747343	2026-01-29 01:55:55.747346	\N	\N	55	156	Cuidado de ancianos	physical	Jesse Pelayo	Jesse Pelayo
322	426	\N	purchase	service_provision	150.00	0.00	0.00	0.00	2026-01-29 01:55:55.76036	2026-01-29 01:55:55.760365	\N	\N	55	156	Cuidado de ancianos	physical	Jesse Pelayo	Jesse Pelayo
323	397	\N	spent	service_consumption	0.00	80.00	80.00	0.00	2026-01-29 01:57:05.902044	2026-01-29 01:57:05.902048	\N	\N	5	183	Se crea musica a tu gusto 	virtual	Elizabeth LH	Jesse Pelayo
324	426	\N	spent	service_consumption	0.00	1.00	1.00	0.00	2026-01-29 02:02:53.00343	2026-01-29 02:02:53.003434	\N	\N	39	184	BORRON Y YA	virtual	Daniel Martinez Tello	Jesse Pelayo
325	490	\N	purchase	courtesy_tokens	100.00	0.00	0.00	100.00	2026-01-30 16:24:16.194088	2026-01-30 16:24:16.194092	\N	\N	\N	\N	\N	\N	\N	\N
326	379	\N	spent	service_consumption	0.00	300.00	300.00	0.00	2026-01-30 20:30:47.702798	2026-01-30 20:30:47.702802	\N	\N	27	185	Amigurumis	virtual	Raul Aparicio	Sapito Mm
327	432	\N	spent	service_consumption	0.00	50.00	50.00	0.00	2026-01-30 20:39:04.295184	2026-01-30 20:39:04.295188	\N	\N	60	186	Como ser fit	physical	Isabela	Raul Aparicio
328	432	158	purchase	purchase	300.00	0.00	0.00	300.00	2026-01-30 20:40:55.635376	2026-01-30 20:40:55.63538	\N	\N	\N	\N	\N	\N	\N	\N
329	426	\N	spent	service_consumption	0.00	100.00	0.00	0.00	2026-01-31 05:07:08.389764	2026-01-31 05:07:08.389768	\N	\N	1	155	Tramite Visa	virtual	Daniel Martinez Tello	Jesse Pelayo
330	448	\N	purchase	service_provision	100.00	0.00	0.00	0.00	2026-01-31 05:07:08.40509	2026-01-31 05:07:08.405093	\N	\N	1	155	Tramite Visa	virtual	Daniel Martinez Tello	Jesse Pelayo
331	432	\N	spent	service_consumption	0.00	50.00	50.00	0.00	2026-01-31 05:50:57.386104	2026-01-31 05:50:57.386108	\N	\N	16	187	Amigurumis	virtual	Isabela	Raul Aparicio
332	375	\N	spent	service_consumption	0.00	100.00	0.00	0.00	2026-02-03 21:00:52.769036	2026-02-03 21:00:52.769042	\N	\N	9	73	Control de plagas	physical	Customer	Giovanni Guerra
333	376	\N	purchase	service_provision	100.00	0.00	0.00	0.00	2026-02-03 21:00:52.787001	2026-02-03 21:00:52.787005	\N	\N	9	73	Control de plagas	physical	Customer	Giovanni Guerra
334	491	\N	purchase	courtesy_tokens	500.00	0.00	0.00	500.00	2026-02-04 15:13:49.395753	2026-02-04 15:13:49.395758	\N	\N	\N	\N	\N	\N	\N	\N
335	397	\N	spent	service_consumption	0.00	150.00	150.00	0.00	2026-02-04 15:25:58.555569	2026-02-04 15:25:58.555573	\N	\N	64	188	Ride sharing 	physical	Jesse Pelayo	Jesse Pelayo
336	397	\N	spent	service_consumption	0.00	5.00	5.00	0.00	2026-02-04 16:41:10.615042	2026-02-04 16:41:10.615046	\N	\N	61	189	Zapatero	physical	Angel Pelayo	Jesse Pelayo
\.


--
-- Data for Name: token_packs; Type: TABLE DATA; Schema: public; Owner: canteradigitalio_bateradmin
--

COPY public.token_packs (id, name, price, tokens, created_at, status, discount, is_deleted, expiration_date) FROM stdin;
34	niños heroes	80.00	100	2025-10-21 00:26:48.815482	active	0.00	f	2025-10-01 00:00:00
35	xd	12.00	100	2025-10-21 00:27:38.714604	active	0.00	f	2025-10-01 00:00:00
38	xd	12.00	100	2025-10-21 00:27:43.317832	active	0.00	f	2025-10-01 00:00:00
39	xd	12.00	100	2025-10-21 00:27:44.414517	active	0.00	f	2025-10-01 00:00:00
40	xd	12.00	100	2025-10-21 00:27:45.866325	active	0.00	f	2025-10-01 00:00:00
41	xd	12.00	100	2025-10-21 00:27:54.313475	active	0.00	f	2025-10-01 00:00:00
42	xd	12.00	100	2025-10-21 00:27:55.329406	active	0.00	f	2025-10-01 00:00:00
43	xd	12.00	100	2025-10-21 00:27:56.308188	active	0.00	f	2025-10-01 00:00:00
44	xd	12.00	100	2025-10-21 00:27:57.261258	active	0.00	f	2025-10-01 00:00:00
45	xd	12.00	100	2025-10-21 00:27:59.220528	active	0.00	f	2025-10-01 00:00:00
46	xd	12.00	100	2025-10-21 00:28:00.266348	active	0.00	f	2025-10-01 00:00:00
47	pase de batalla fonrais	350.00	2500	2025-10-21 00:29:32.732172	active	0.00	f	2025-10-23 00:00:00
30	QA	200.00	500	2025-10-10 21:15:09.400616	active	10.00	f	2025-10-24 00:00:00
48	expira el viernes	1.00	0	2025-10-23 19:57:09.805517	active	0.00	f	2025-10-24 00:00:00
49	expira el viernes	1.00	1	2025-10-23 19:57:11.54342	active	0.00	f	2025-10-24 00:00:00
29	Promo Hallowen	1.00	100000	2025-10-10 21:09:38.913964	active	1.00	f	2025-11-29 00:00:00
50	123	123.00	123	2025-11-03 16:25:04.430197	active	0.00	f	2025-11-30 00:00:00
51	Paquete de paquetaxos paquetes paquetosos con mucho paquete	2.00	2	2025-11-06 17:04:34.988926	active	0.00	f	2025-11-07 00:00:00
52	Paquete de paquetaxos paquetes paquetosos con mucho paquete	2.00	2	2025-11-06 17:04:38.079023	active	0.00	f	2025-11-07 00:00:00
32	Paquete Heroes	40.00	100	2025-10-16 22:31:39.68351	active	0.00	f	2026-01-01 00:00:00
33	niños heroes	80.00	100	2025-10-21 00:26:46.21732	active	0.00	f	2026-01-05 00:00:00
36	xd	12.00	100	2025-10-21 00:27:40.357241	active	0.00	t	2025-10-01 00:00:00
37	xd	12.00	100	2025-10-21 00:27:41.973172	active	0.00	t	2025-10-01 00:00:00
54	para borrar	1.00	100	2025-12-30 17:42:59.79905	active	0.00	f	2026-02-06 00:00:00
31	expiradoaaa	1.00	11	2025-10-10 21:15:28.396113	active	0.00	t	\N
53	para borrar	1.00	100	2025-12-30 17:42:56.129879	active	0.00	t	2026-02-06 00:00:00
55	Stranger tingers promo	110.00	1000	2025-12-30 23:29:36.193002	active	0.00	f	2026-01-03 00:00:00
56	Stranger tingers promo	110.00	1000	2025-12-30 23:31:09.423119	active	0.00	f	2026-01-03 00:00:00
57	Stranger tingers promo	110.00	1000	2025-12-30 23:31:10.184469	active	0.00	f	2026-01-03 00:00:00
58	Stranger tingers promo	110.00	1000	2025-12-30 23:31:41.868418	active	0.00	f	2026-01-03 00:00:00
59	San Valentín	200.00	400	2026-01-20 14:23:54.424663	active	0.00	f	2026-02-20 00:00:00
60	Paquete Milenio 	200.00	300	2026-01-22 22:02:39.482125	active	0.00	f	2026-03-28 00:00:00
61	enero 2026	50.00	100	2026-01-23 22:41:23.884437	active	0.00	f	2026-01-31 00:00:00
\.


--
-- Data for Name: token_user_balance; Type: TABLE DATA; Schema: public; Owner: canteradigitalio_bateradmin
--

COPY public.token_user_balance (id, user_id, tokens_obtained, tokens_spent, held_tokens, available_tokens, created_at, updated_at) FROM stdin;
126	366	500.00	0.00	0.00	500.00	2025-10-10 17:20:06.380136	2025-10-10 17:20:06.380139
127	367	500.00	0.00	0.00	500.00	2025-10-10 17:20:30.658268	2025-10-10 17:20:30.658272
130	370	500.00	0.00	0.00	500.00	2025-10-10 17:29:36.599628	2025-10-10 17:29:36.599632
131	371	500.00	0.00	0.00	500.00	2025-10-10 17:31:40.379429	2025-10-10 17:31:40.379433
157	397	500.00	150.00	235.00	115.00	2025-10-19 22:03:50.763831	2026-02-04 16:41:10.612188
154	361	0.00	0.00	0.00	0.00	2025-10-19 18:11:35.950325	2025-10-19 18:11:35.950331
173	414	500.00	0.00	0.00	500.00	2025-10-28 22:19:14.780746	2025-10-28 22:19:14.78075
174	415	500.00	0.00	0.00	500.00	2025-10-28 22:25:09.570687	2025-10-28 22:25:09.57069
175	416	500.00	0.00	0.00	500.00	2025-10-28 22:25:52.277219	2025-10-28 22:25:52.277223
144	385	500.00	0.00	16.00	499.00	2025-10-10 23:08:14.584613	2025-11-03 19:23:05.994947
129	369	500.00	0.00	30.00	470.00	2025-10-10 17:23:12.269955	2025-11-04 00:20:01.939843
199	443	500.00	0.00	0.00	500.00	2025-11-07 00:57:57.538229	2025-11-07 00:57:57.538232
170	411	500.00	0.00	15.00	485.00	2025-10-28 22:14:56.912897	2025-10-28 22:59:16.257685
138	377	500.00	0.00	10.00	490.00	2025-10-10 19:02:50.982592	2025-10-10 19:13:37.016755
141	380	500.00	0.00	0.00	500.00	2025-10-10 19:31:40.394969	2025-10-10 19:31:40.394973
206	451	500.00	0.00	0.00	500.00	2025-11-20 15:04:29.28836	2025-11-20 15:04:29.288364
178	419	500.00	0.00	250.00	250.00	2025-10-28 22:30:23.307846	2025-10-28 23:02:02.209151
155	395	500.00	53.00	300.00	147.00	2025-10-19 18:19:35.41181	2026-01-21 17:11:16.911917
145	386	500.00	50.00	100.00	725.00	2025-10-10 23:29:49.291858	2025-11-05 18:05:54.044002
211	456	500.00	0.00	35.00	475.00	2025-11-24 22:58:28.472329	2025-11-25 00:08:57.521713
187	431	500.00	0.00	0.00	500.00	2025-11-05 19:51:19.189889	2025-11-05 19:51:19.189893
169	410	500.00	0.00	250.00	500.00	2025-10-28 22:00:48.639113	2025-10-28 23:30:44.920083
150	391	500.00	15.00	445.00	40.00	2025-10-16 19:01:27.680074	2025-10-28 23:39:20.086082
134	374	500.00	254.00	133.00	113.00	2025-10-10 18:18:24.214323	2025-10-28 23:41:46.255973
172	413	500.00	15.00	0.00	485.00	2025-10-28 22:18:59.258905	2025-10-29 00:00:50.70358
158	398	500.00	50.00	295.00	382.00	2025-10-19 22:33:45.970157	2025-10-19 23:37:48.387654
163	403	500.00	0.00	0.00	500.00	2025-10-23 23:40:04.46747	2025-10-23 23:40:04.467474
207	452	500.00	0.00	0.00	660.00	2025-11-20 17:03:58.051371	2025-11-27 16:06:57.82989
164	404	500.00	0.00	0.00	500.00	2025-10-23 23:46:28.753905	2025-10-23 23:46:28.753909
189	433	500.00	0.00	0.00	500.00	2025-11-05 20:00:02.56608	2025-11-05 20:00:02.566085
165	405	500.00	0.00	0.00	500.00	2025-10-24 14:19:22.036382	2025-10-24 14:19:22.036387
190	434	500.00	0.00	0.00	500.00	2025-11-05 20:04:01.289796	2025-11-05 20:04:01.2898
166	406	500.00	0.00	0.00	500.00	2025-10-24 20:58:36.57412	2025-10-24 20:58:36.574124
148	389	500.00	0.00	0.00	500.00	2025-10-14 23:28:57.355732	2025-10-14 23:28:57.355735
159	399	500.00	0.00	100.00	400.00	2025-10-20 00:32:52.947972	2025-10-20 00:33:54.530007
208	453	500.00	0.00	0.00	500.00	2025-11-20 17:25:27.812975	2025-11-20 17:25:27.812978
143	384	500.00	10.00	50.00	500.00	2025-10-10 20:29:15.439278	2025-10-27 23:21:02.712171
179	420	500.00	0.00	0.00	500.00	2025-10-29 18:36:12.652094	2025-10-29 18:36:12.652098
149	390	500.00	0.00	0.00	500.00	2025-10-15 15:18:55.199147	2025-10-15 15:18:55.199151
160	400	500.00	0.00	75.00	425.00	2025-10-20 16:28:42.574907	2025-10-20 16:31:19.093846
183	424	500.00	0.00	463.00	37.00	2025-10-30 17:53:09.371486	2025-10-30 20:35:07.248756
216	464	500.00	0.00	0.00	500.00	2025-12-10 18:57:57.107631	2025-12-10 18:57:57.107635
161	401	500.00	0.00	25.00	475.00	2025-10-20 19:12:49.315271	2025-10-20 19:13:53.905874
200	444	500.00	0.00	210.00	290.00	2025-11-07 21:28:50.049927	2025-11-07 21:30:38.961078
184	425	500.00	0.00	30.00	560.00	2025-10-31 16:29:30.89586	2025-11-07 21:42:32.94438
201	445	500.00	0.00	0.00	500.00	2025-11-07 23:09:03.252355	2025-11-07 23:09:03.25236
128	368	500.00	70.00	-20.00	450.00	2025-10-10 17:22:34.254147	2025-10-17 04:35:06.150077
151	392	500.00	50.00	0.00	450.00	2025-10-17 22:34:07.816746	2025-10-20 21:21:29.11339
197	441	500.00	0.00	120.00	380.00	2025-11-06 20:30:55.104675	2025-11-10 16:02:30.805319
215	460	500.00	0.00	0.00	500.00	2025-11-28 04:11:59.438753	2025-11-28 04:11:59.438758
180	421	500.00	0.00	0.00	500.00	2025-10-29 21:35:47.834238	2025-10-29 21:35:47.834244
209	454	500.00	0.00	0.00	500.00	2025-11-20 17:28:24.620591	2025-11-20 17:28:24.620595
153	394	500.00	0.00	0.00	500.00	2025-10-19 00:12:19.204349	2025-10-19 00:12:19.204354
152	393	500.00	50.00	0.00	450.00	2025-10-18 03:49:10.354018	2025-10-21 01:36:55.987744
182	423	500.00	0.00	0.00	500.00	2025-10-29 22:28:30.791517	2025-10-29 22:28:30.791521
193	437	500.00	0.00	0.00	500.00	2025-11-05 20:20:09.726933	2025-11-05 20:20:09.726937
146	387	500.00	0.00	30.00	470.00	2025-10-11 00:08:34.700094	2025-10-21 19:56:32.144617
194	438	500.00	0.00	0.00	500.00	2025-11-05 20:22:34.671639	2025-11-05 20:22:34.671643
195	439	500.00	0.00	0.00	500.00	2025-11-05 20:34:41.063468	2025-11-05 20:34:41.063472
177	418	500.00	0.00	0.00	750.00	2025-10-28 22:30:20.399175	2025-10-29 22:53:20.542129
139	378	500.00	263.00	314.00	332.00	2025-10-10 19:17:55.890415	2025-10-28 18:57:38.89465
142	382	500.00	467.00	88.00	1554.00	2025-10-10 20:22:07.521963	2025-11-03 16:31:05.579145
167	408	500.00	0.00	0.00	500.00	2025-10-28 20:10:06.399958	2025-10-28 20:10:06.399962
168	409	500.00	0.00	0.00	500.00	2025-10-28 20:34:14.365109	2025-10-28 20:34:14.365112
171	412	500.00	0.00	0.00	500.00	2025-10-28 22:15:14.541802	2025-10-28 22:15:14.541805
181	422	500.00	0.00	45.00	455.00	2025-10-29 22:25:13.047154	2025-10-30 00:33:53.410762
186	427	500.00	0.00	0.00	500.00	2025-11-03 16:31:20.985829	2025-11-03 16:31:20.985833
202	447	500.00	0.00	30.00	470.00	2025-11-11 23:20:27.458912	2025-11-20 17:53:56.558727
132	372	500.00	30.00	693.00	577.00	2025-10-10 17:37:18.599652	2026-01-22 20:35:41.213136
156	396	500.00	15.00	557.00	193.00	2025-10-19 21:00:33.923009	2025-11-03 18:36:17.612184
196	440	500.00	0.00	425.00	75.00	2025-11-05 21:17:58.658326	2025-12-04 16:02:13.785549
198	442	500.00	30.00	10.00	1060.00	2025-11-07 00:56:42.563822	2025-12-15 19:10:54.530669
176	417	500.00	75.00	591.00	100164.00	2025-10-28 22:26:12.973205	2025-12-02 20:05:38.800029
217	465	500.00	0.00	0.00	500.00	2025-12-17 18:25:07.681954	2025-12-17 18:25:07.681957
203	448	500.00	400.00	-29.00	386.00	2025-11-12 22:25:07.913775	2026-01-31 05:07:08.401998
204	449	500.00	67.50	0.00	457.50	2025-11-12 22:34:02.275676	2025-11-14 00:00:25.412996
221	469	500.00	0.00	0.00	500.00	2025-12-29 19:29:14.151898	2025-12-29 19:29:14.151902
210	455	500.00	0.00	0.00	500.00	2025-11-24 22:55:17.937988	2025-11-24 22:55:17.937991
220	468	500.00	0.00	0.00	536.00	2025-12-24 15:12:15.026801	2026-01-18 07:00:30.65608
213	458	500.00	48.00	1025.00	537.00	2025-11-26 17:55:13.916532	2025-12-11 14:32:25.071861
212	457	500.00	0.00	35.00	465.00	2025-11-25 00:05:47.328873	2025-11-25 17:46:20.990297
214	459	500.00	0.00	40.00	480.00	2025-11-26 20:20:36.457839	2025-11-26 20:39:27.954869
140	379	500.00	1252.75	2693.00	197100.25	2025-10-10 19:19:10.645827	2026-01-30 20:30:47.700291
188	432	500.00	913.00	1002.00	1491.75	2025-11-05 19:56:31.932295	2026-01-31 05:50:57.383069
133	373	500.00	765.00	848.00	487.00	2025-10-10 18:12:37.787846	2026-01-23 22:42:50.528648
192	436	500.00	0.00	100.00	500.00	2025-11-05 20:07:22.766885	2025-12-16 22:37:42.093619
240	488	100.00	0.00	0.00	100.00	2026-01-27 18:02:04.763613	2026-01-27 18:02:04.763619
218	466	500.00	12.00	0.00	982.00	2025-12-17 18:26:19.443922	2026-01-09 00:04:14.288092
137	376	500.00	90.00	1679.00	1086.00	2025-10-10 18:41:30.568381	2026-02-03 21:00:52.783742
135	375	500.00	100.00	235.00	1300.00	2025-10-10 18:20:27.413135	2026-02-03 21:00:52.390279
222	470	500.00	0.00	0.00	500.00	2025-12-29 19:31:34.17546	2025-12-29 19:31:34.175464
223	471	500.00	0.00	0.00	500.00	2025-12-29 20:38:42.076385	2025-12-29 20:38:42.076389
224	472	500.00	0.00	0.00	500.00	2025-12-29 21:32:23.731007	2025-12-29 21:32:23.73101
238	486	100.00	0.00	157.00	100.00	2026-01-27 17:12:45.124407	2026-01-27 17:20:31.312077
191	435	500.00	25.00	520.00	285.00	2025-11-05 20:05:23.708906	2026-01-13 18:41:53.189197
185	426	500.00	125.00	1544.00	99229.50	2025-10-31 22:48:03.645842	2026-01-31 05:07:08.3812
205	450	500.00	0.00	190.00	310.00	2025-11-19 14:19:39.102529	2026-01-19 04:58:40.674458
226	474	500.00	0.00	0.00	500.00	2025-12-30 16:46:48.078503	2025-12-30 16:46:48.078508
227	475	500.00	0.00	0.00	500.00	2025-12-30 22:31:39.522775	2025-12-30 22:31:39.52278
219	467	500.00	53.00	360.00	1187.00	2025-12-17 18:27:29.505467	2026-01-23 22:51:03.352511
239	487	100.00	0.00	0.00	100.00	2026-01-27 17:46:42.49342	2026-01-27 17:46:42.493425
241	489	100.00	0.00	0.00	100.00	2026-01-27 18:03:55.725082	2026-01-27 18:03:55.725087
147	388	500.00	692.00	2389.00	146.00	2025-10-14 23:00:51.121273	2026-01-27 18:15:15.637776
228	476	100.00	0.00	0.00	100.00	2026-01-07 15:58:21.16647	2026-01-07 15:58:21.166473
162	402	500.00	0.00	177.50	347.50	2025-10-23 01:38:59.074614	2026-01-28 23:03:07.490466
242	490	100.00	0.00	0.00	100.00	2026-01-30 16:24:16.202518	2026-01-30 16:24:16.202524
243	491	500.00	0.00	0.00	500.00	2026-02-04 15:13:49.402344	2026-02-04 15:13:49.402348
225	473	500.00	0.00	75.00	595.00	2025-12-29 23:08:42.169201	2026-01-19 17:58:30.321601
231	479	100.00	0.00	0.00	100.00	2026-01-21 16:42:10.378991	2026-01-21 16:42:10.378994
233	481	100.00	0.00	0.00	100.00	2026-01-21 17:32:59.847426	2026-01-21 17:32:59.847432
234	482	100.00	0.00	0.00	100.00	2026-01-21 17:51:30.810484	2026-01-21 17:51:30.81049
235	483	100.00	0.00	0.00	100.00	2026-01-21 22:13:38.974961	2026-01-21 22:13:38.974967
236	484	100.00	0.00	0.00	100.00	2026-01-21 22:19:03.833721	2026-01-21 22:19:03.833727
237	485	100.00	0.00	0.00	100.00	2026-01-21 22:22:27.016864	2026-01-21 22:22:27.016868
232	480	500.00	32.00	353.00	115.00	2026-01-21 17:12:30.135209	2026-01-22 02:00:17.957682
229	477	100.00	51.00	-1.00	514.00	2026-01-09 03:04:46.694787	2026-01-22 02:00:17.97276
230	478	500.00	180.00	300.00	48.00	2026-01-13 23:49:11.695535	2026-01-23 22:46:51.508928
\.


--
-- Data for Name: user_hidden_chats; Type: TABLE DATA; Schema: public; Owner: canteradigitalio_bateradmin
--

COPY public.user_hidden_chats (id, user_id, chat_id, is_hidden, hidden_at, created_at, updated_at) FROM stdin;
1	432	5	t	2025-12-17 15:48:03.55856+00	2025-12-17 15:48:03.559571+00	2025-12-17 15:48:03.559575+00
2	432	6	t	2025-12-17 15:48:06.508929+00	2025-12-17 15:48:06.509324+00	2025-12-17 15:48:06.509328+00
3	376	6	t	2025-12-22 17:28:09.63334+00	2025-12-22 17:28:09.634663+00	2025-12-22 17:28:09.634667+00
4	376	21	t	2025-12-22 20:36:21.13058+00	2025-12-22 20:36:21.131844+00	2025-12-22 20:36:21.131847+00
5	376	22	t	2025-12-23 00:05:04.086235+00	2025-12-23 00:05:04.087387+00	2025-12-23 00:05:04.087391+00
7	376	17	t	2025-12-23 19:08:50.568185+00	2025-12-23 19:08:50.568639+00	2025-12-23 19:08:50.568643+00
9	376	18	t	2025-12-23 20:11:02.563852+00	2025-12-23 20:11:02.565023+00	2025-12-23 20:11:02.565026+00
10	376	25	t	2025-12-23 20:14:56.41451+00	2025-12-23 20:14:56.414987+00	2025-12-23 20:14:56.414991+00
11	376	27	t	2025-12-23 21:36:11.3578+00	2025-12-23 21:36:11.358926+00	2025-12-23 21:36:11.358931+00
8	376	20	t	2025-12-26 20:47:15.579901+00	2025-12-23 19:14:22.197873+00	2025-12-26 20:47:15.57991+00
12	466	20	t	2026-01-07 16:00:02.756912+00	2026-01-07 16:00:02.757987+00	2026-01-07 16:00:02.757991+00
13	466	53	t	2026-01-07 16:00:46.043337+00	2026-01-07 16:00:46.04375+00	2026-01-07 16:00:46.043754+00
14	372	114	t	2026-01-13 02:28:09.973495+00	2026-01-13 02:28:09.97563+00	2026-01-13 02:28:09.975635+00
15	372	113	t	2026-01-13 02:28:13.669315+00	2026-01-13 02:28:13.669776+00	2026-01-13 02:28:13.669779+00
16	372	112	t	2026-01-13 02:28:17.631931+00	2026-01-13 02:28:17.632372+00	2026-01-13 02:28:17.632376+00
17	435	131	t	2026-01-13 18:41:40.053061+00	2026-01-13 18:41:40.054321+00	2026-01-13 18:41:40.054327+00
6	376	3	f	2025-12-23 19:05:16.200402+00	2025-12-23 19:05:16.200919+00	2026-01-13 20:33:35.456151+00
18	477	177	f	2026-01-19 19:34:36.361344+00	2026-01-19 19:34:36.362626+00	2026-01-19 19:36:36.434875+00
19	388	177	t	2026-01-19 19:37:34.165082+00	2026-01-19 19:37:34.165673+00	2026-01-19 19:37:34.165677+00
20	388	188	f	2026-01-19 19:37:43.755018+00	2026-01-19 19:37:43.75548+00	2026-01-19 19:41:09.820827+00
21	486	279	t	2026-01-27 17:21:11.212399+00	2026-01-27 17:21:11.213524+00	2026-01-27 17:21:11.213527+00
22	467	281	f	2026-01-27 18:15:31.897596+00	2026-01-27 18:15:31.898011+00	2026-01-27 18:15:37.417786+00
23	388	281	f	2026-01-27 18:22:01.997501+00	2026-01-27 18:22:01.998055+00	2026-01-27 18:22:17.447584+00
\.


--
-- Data for Name: user_match_preferences; Type: TABLE DATA; Schema: public; Owner: canteradigitalio_bateradmin
--

COPY public.user_match_preferences (id, user_id, is_active, daily_limit, keywords, category_ids, subcategory_ids, location_preferences, time_preferences, created_at, updated_at, user_type) FROM stdin;
38	370	t	1000	\N	\N	\N	\N	\N	2025-10-10 18:16:20.641828	2025-10-10 18:16:20.641833	customer
39	371	t	1000	\N	\N	\N	\N	\N	2025-10-10 18:17:40.652515	2025-10-10 18:17:40.652519	customer
62	398	t	1000	\N	[113, 111]	[118, 119, 120, 122, 142]	\N	\N	2025-10-19 22:33:51.970537	2025-10-19 23:13:41.505008	customer
63	399	t	1000	\N	\N	\N	\N	\N	2025-10-20 00:33:00.94375	2025-10-20 00:33:00.943755	customer
44	379	t	1000	["Bot", "Cer", "Cerr", "Cup", "P", "Perr", "Paseo", "PA", "Ami", "Amig", "Amigu"]	[116, 114, 115, 117, 112, 111, 113, 4]	[137, 138, 142, 143, 123, 25]	[]	{"start_time": "00:00", "end_time": "23:59"}	2025-10-10 19:19:21.273329	2026-01-18 15:02:45.536377	customer
42	377	t	1000	\N	\N	\N	\N	\N	2025-10-10 19:02:57.965331	2025-10-10 19:02:57.965334	customer
45	380	t	1000	\N	\N	\N	\N	\N	2025-10-10 19:31:47.348103	2025-10-10 19:31:47.348107	customer
76	413	t	1000	\N	[111]	[142]	\N	\N	2025-10-28 22:27:21.680152	2025-10-28 22:56:56.975503	customer
48	384	t	1000	\N	\N	\N	\N	\N	2025-10-10 20:29:23.296197	2025-10-10 20:29:23.2962	customer
49	368	t	1000	\N	\N	\N	\N	\N	2025-10-10 21:18:43.835606	2025-10-10 21:18:43.83561	customer
64	400	t	1000	\N	[115]	[128]	\N	\N	2025-10-20 16:29:27.597784	2025-10-20 16:29:51.400931	customer
56	391	t	1000	["Jar", "Bar", "Jardin", "Asd", "Hola", "Objeto", "j"]	[114]	[123]	\N	\N	2025-10-16 19:01:34.947991	2025-11-04 18:00:13.197847	customer
85	423	t	1000	\N	\N	\N	\N	\N	2025-10-29 22:30:04.417724	2025-10-29 22:30:04.417729	customer
73	411	t	1000	["Man", "Mant", "Many"]	\N	\N	\N	\N	2025-10-28 22:15:56.589216	2025-10-28 22:58:21.684858	customer
43	378	t	1000	["Jardi", "Jardin ", "Jardin", "Jard", "B", "Bot"]	[113, 111]	[118, 142]	\N	\N	2025-10-10 19:18:07.336227	2025-10-28 19:00:03.236246	customer
79	415	t	1000	\N	[115, 114]	[128, 131, 123]	\N	\N	2025-10-28 22:28:56.823066	2025-10-28 23:14:34.449618	customer
89	427	t	1000	\N	\N	\N	\N	\N	2025-11-03 16:31:30.683004	2025-11-03 16:31:30.683007	customer
55	389	t	1000	\N	\N	\N	\N	\N	2025-10-14 23:29:28.212851	2025-10-14 23:29:28.212854	customer
72	410	t	1000	["\\ud83d\\udd96"]	[116]	[132]	\N	\N	2025-10-28 22:01:13.471887	2025-10-28 23:21:02.572416	customer
46	374	t	1000	["Cuida", "Limpiar gatos", "Jardineria"]	[116]	[132, 138, 142]	[]	{"start_time": "00:00", "end_time": "23:59"}	2025-10-10 20:01:02.387263	2025-10-28 23:41:42.786902	customer
70	408	t	1000	\N	[111]	[142]	\N	\N	2025-10-28 20:10:19.331728	2025-10-28 20:37:19.472115	customer
88	426	t	1000	\N	[113, 112, 1, 10, 9]	[118, 143, 156, 13, 44, 42, 39, 12]	\N	\N	2025-10-31 22:48:16.299656	2026-01-22 19:35:06.946338	customer
77	417	t	1000	["Jad", "Jard", "Carri", "Manualid", "Mouse repair", "Fina", "Manua"]	[111, 114]	[142, 126]	[]	{"start_time": "00:00", "end_time": "23:59"}	2025-10-28 22:28:47.951408	2025-11-05 17:59:42.686218	customer
65	401	t	1000	\N	[114, 113]	[124, 121]	\N	\N	2025-10-20 19:13:42.878041	2025-10-20 19:23:14.048833	customer
51	386	t	1000	["Jar", "Ja", "Jardineria", "Ssjsjsjssssjs", "Xdddddd"]	[114, 113]	[123, 119]	\N	\N	2025-10-10 23:29:55.969092	2025-11-06 23:39:23.965976	customer
36	373	t	1000	["Crea"]	[114, 116]	[126, 132]	[]	{"start_time": "00:00", "end_time": "23:59"}	2025-10-10 18:12:43.510486	2026-01-13 19:11:29.480911	customer
80	419	t	1000	["Mecanico", "mecanico"]	\N	\N	\N	\N	2025-10-28 22:31:26.252674	2025-10-29 23:08:17.346938	customer
57	393	t	1000	\N	\N	\N	\N	\N	2025-10-18 03:49:39.44688	2025-10-18 03:49:39.446883	customer
58	394	t	1000	\N	\N	\N	\N	\N	2025-10-19 00:12:35.354608	2025-10-19 00:12:35.354612	customer
59	361	t	1000	\N	\N	\N	\N	\N	2025-10-19 18:11:36.547886	2025-10-19 18:11:36.54789	customer
60	395	t	1000	\N	\N	\N	\N	\N	2025-10-19 18:19:46.256363	2025-10-19 18:19:46.256366	customer
61	396	t	1000	\N	\N	\N	\N	\N	2025-10-19 21:00:45.814519	2025-10-19 21:00:45.814543	customer
71	409	t	1000	[]	[115, 113, 112]	[128, 129, 138, 142, 121, 120, 130, 151]	[]	{"start_time": "00:00", "end_time": "23:59"}	2025-10-28 20:45:29.791079	2025-10-29 22:22:00.007659	customer
83	397	t	1000	\N	\N	\N	\N	\N	2025-10-29 22:22:34.035895	2025-10-29 22:22:34.035899	customer
99	441	t	1000	["Scort", "P", "Patos", "I", "Ima", "Se", "Semp", "Flores", "Pa", "Pat", "Barbe", "Cl", "Cla", "Clases", "Clas", "Ba", "Bar", "Barberia"]	\N	\N	\N	\N	2025-11-06 20:31:20.173974	2025-11-11 19:29:49.259861	customer
90	431	t	1000	\N	\N	\N	\N	\N	2025-11-05 19:51:33.700438	2025-11-05 19:51:33.700442	customer
67	403	t	1000	\N	\N	\N	\N	\N	2025-10-23 23:40:14.139653	2025-10-23 23:40:14.139657	customer
68	404	t	1000	\N	\N	\N	\N	\N	2025-10-23 23:46:41.061309	2025-10-23 23:46:41.061319	customer
69	406	t	1000	\N	\N	\N	\N	\N	2025-10-24 20:58:43.022293	2025-10-24 20:58:43.022297	customer
84	422	t	1000	["Mecanico", "Eac", "Esc", "Escort"]	\N	\N	\N	\N	2025-10-29 22:25:21.139134	2025-10-30 00:33:38.843233	customer
74	412	t	1000	\N	\N	\N	\N	\N	2025-10-28 22:17:47.611422	2025-10-28 22:17:47.611427	customer
81	418	t	1000	["Service", "Bsbs", "jsjsjs"]	[114]	[]	[]	{"start_time": "00:00", "end_time": "23:59"}	2025-10-28 22:31:26.806833	2025-10-29 00:03:30.25804	customer
75	414	t	1000	\N	\N	\N	\N	\N	2025-10-28 22:19:42.766516	2025-10-28 22:19:42.76652	customer
78	416	t	1000	\N	\N	\N	\N	\N	2025-10-28 22:28:52.109922	2025-10-28 22:28:52.109925	customer
86	424	t	1000	["Ia", "Os", "I", "IA", "contr"]	\N	\N	\N	\N	2025-10-30 17:53:17.286244	2025-10-30 20:35:00.843585	customer
82	420	t	1000	\N	\N	\N	\N	\N	2025-10-29 18:36:20.380436	2025-10-29 18:36:20.380441	customer
87	425	t	1000	\N	\N	\N	\N	\N	2025-10-31 16:29:42.385125	2025-10-31 16:29:42.385147	customer
47	382	t	1000	["Jardi", "Nu"]	[112, 111, 113, 117, 115, 116, 114]	[136, 137, 140, 118, 139, 143, 128, 132, 142, 124, 145]	[]	{"start_time": "00:00", "end_time": "23:59"}	2025-10-10 20:22:17.361263	2025-10-30 19:30:38.524765	customer
37	369	t	1000	["Scort", "Search", "Tuxedo", "Tuxed", "Pitagoras", "Javier", "RAU", "Si sirver"]	\N	\N	\N	\N	2025-10-10 18:15:21.786985	2025-11-04 22:15:17.636008	customer
92	433	t	1000	\N	\N	\N	\N	\N	2025-11-05 20:03:12.560574	2025-11-05 20:03:12.560578	customer
93	434	t	1000	\N	\N	\N	\N	\N	2025-11-05 20:04:13.714029	2025-11-05 20:04:13.714033	customer
95	438	t	1000	\N	\N	\N	\N	\N	2025-11-05 20:22:45.5041	2025-11-05 20:22:45.504104	customer
96	439	t	1000	\N	\N	\N	\N	\N	2025-11-05 20:34:49.353994	2025-11-05 20:34:49.353998	customer
94	436	t	1000	["Cur", "Cla", "Clas", "Barberia", "Barberiaa", "El", "El s", "El "]	\N	\N	\N	\N	2025-11-05 20:19:05.621824	2025-12-08 22:45:22.140738	customer
98	437	t	1000	\N	\N	\N	\N	\N	2025-11-06 14:07:04.110714	2025-11-06 14:07:04.11072	customer
101	442	t	1000	["Barb", "Flowe", "F", "Flo", "Flore", "Florez", "Flores", "Florexdmz", "Cabellol", "Cabello", "Serviciso", "Servicios "]	\N	\N	\N	\N	2025-11-07 00:56:48.958699	2025-11-12 00:26:15.925074	customer
103	444	t	1000	\N	\N	\N	\N	\N	2025-11-07 21:29:01.841991	2025-11-07 21:29:01.841995	customer
102	443	t	1000	\N	\N	\N	\N	\N	2025-11-07 00:58:05.555427	2025-11-07 00:58:05.555432	customer
97	440	t	1000	["Tuxedo", "Chr", "Char"]	\N	\N	\N	\N	2025-11-05 21:18:06.243258	2025-12-04 16:02:09.227713	customer
108	450	t	1000	["Ar", "Arm"]	\N	\N	\N	\N	2025-11-19 14:20:12.154663	2026-01-09 14:13:04.153052	customer
104	445	t	1000	\N	\N	\N	\N	\N	2025-11-07 23:10:28.165558	2025-11-07 23:10:28.165563	customer
109	451	t	1000	\N	\N	\N	\N	\N	2025-11-20 17:01:42.870569	2025-11-20 17:01:42.870572	customer
110	452	t	1000	\N	\N	\N	\N	\N	2025-11-20 17:07:17.994834	2025-11-20 17:07:17.994838	customer
111	453	t	1000	\N	\N	\N	\N	\N	2025-11-20 17:25:37.217299	2025-11-20 17:25:37.217304	customer
112	454	t	1000	\N	\N	\N	\N	\N	2025-11-20 17:28:30.147571	2025-11-20 17:28:30.147576	customer
113	455	t	1000	\N	\N	\N	\N	\N	2025-11-24 22:55:26.246824	2025-11-24 22:55:26.246827	customer
114	456	t	1000	\N	\N	\N	\N	\N	2025-11-24 22:58:35.802343	2025-11-24 22:58:35.802347	customer
115	457	t	1000	\N	\N	\N	\N	\N	2025-11-25 00:05:54.864094	2025-11-25 00:05:54.864098	customer
120	467	t	1000	["Arte", "Cerra", "Cerrajero"]	\N	\N	\N	\N	2025-12-24 17:18:27.637216	2026-01-28 23:37:58.392961	customer
119	466	t	1000	\N	\N	\N	\N	\N	2025-12-24 15:13:26.657001	2025-12-24 15:13:26.657005	customer
121	470	t	1000	\N	\N	\N	\N	\N	2025-12-29 19:31:45.967157	2025-12-29 19:31:45.967161	customer
122	473	t	1000	\N	\N	\N	\N	\N	2025-12-29 23:08:56.322766	2025-12-29 23:08:56.322771	customer
123	474	t	1000	\N	\N	\N	\N	\N	2025-12-30 16:47:06.930801	2025-12-30 16:47:06.930807	customer
53	387	t	1000	["dsafsdfk", "a", "adsa", "dlaskjdakls", "kasdjaksldj ", "adji21 ", "adji21dada", "dasd12e12", "asdasdasdasdsdas1ed21d", "asdasdasdasdsdas1ed21a", "asdasdasdasdsdas1ed21asd", "12udhu12d", "12udhu12d1231231", "1231231", "1231231as", "213123213", "asdkj21dj", "123j12321", "1312312312", "12321dsad", "dsad", "13"]	[115, 112]	[128, 145]	\N	\N	2025-10-13 22:25:43.17502	2025-11-08 00:19:49.555704	customer
50	385	t	1000	["Hola", "Hold", "Hold m", "hehe", "Holadjqis", "hsquebajq", "hsquebskdoq", "hsquebskabzjw", "qbduenc", "qbduencdiebd", "jak", "H", "pq ", "p. ", "dnwodpq. ", "bfjabs"]	\N	\N	\N	\N	2025-10-10 23:08:23.379823	2025-11-09 05:04:26.505825	customer
117	459	t	1000	\N	\N	\N	\N	\N	2025-11-26 20:20:44.907714	2025-11-26 20:20:44.907718	customer
105	447	t	1000	\N	\N	\N	\N	\N	2025-11-11 23:20:36.641422	2025-11-11 23:20:36.641426	customer
107	449	t	1000	\N	\N	\N	\N	\N	2025-11-12 22:34:15.314786	2025-11-12 22:34:15.31479	customer
106	448	t	1000	["Event", "Event or", "Event organ", "Trami", "Tram"]	[1, 10, 8, 2, 6, 27, 3, 4, 11, 7, 9]	[12, 42, 51, 60, 59, 57, 58, 55, 56, 53, 52, 54, 50, 23, 24, 25, 26, 29, 30, 31, 32, 33, 35, 34, 36, 37, 38, 39, 40, 41, 43, 45, 46, 47, 48, 5, 28, 44, 13, 18, 17, 16, 15, 20, 22, 19]	[]	{"start_time": "00:00", "end_time": "23:59"}	2025-11-12 22:25:36.539168	2026-01-13 03:36:07.075845	customer
125	478	t	1000	\N	\N	\N	\N	\N	2026-01-13 23:49:18.901734	2026-01-13 23:49:18.901737	customer
66	402	t	1000	["Mecanico", "Meca", "Electr", "Electri", "Electrici", "Electricista ", "Electricista", "Electricis", "Electricist", "Electric", "Electrician", "Electricia", "C", "Cerrah", "Cerragero", "Cerra", "Cerrajero"]	[112, 111]	[149, 118, 143, 154, 157, 142]	[]	{"start_time": "00:00", "end_time": "23:59"}	2025-10-23 01:41:29.652346	2026-01-28 23:02:57.612852	customer
126	468	t	1000	\N	\N	\N	\N	\N	2026-01-16 22:24:24.235412	2026-01-16 22:24:24.235417	customer
118	465	t	1000	\N	\N	\N	\N	\N	2025-12-17 18:30:08.539542	2025-12-17 18:30:08.539545	customer
116	458	t	1000	["Cem", "Cemp", "Cempa", "C"]	\N	\N	\N	\N	2025-11-26 17:55:22.691299	2025-12-04 16:01:26.907247	customer
41	376	t	1000	["botargas", "DorCu", "gatos", "gato", "ga", "Paseo", "Mantenimiento", "Miro", "Sporteo", "Sporte", "Oporte", "Soporte", "Sopor", "So", "Charter", "Charte", "Charge", "El", "El ser", "Char", "Chart", "Ch\\u00e1rter", "Cha", "Chat", "car", "carter", "cr", "carp", "P", "Tuto", "s", "cupcakes", "reparacion de", "decora", "Wvent", "Event ", "Event or"]	[2, 4, 6, 1, 8, 10, 27, 3, 11, 7, 9]	[27, 17, 25, 29, 12]	[]	{"start_time": "00:00", "end_time": "23:59"}	2025-10-10 18:41:39.151561	2026-01-09 17:18:07.004833	customer
40	375	t	1000	["Gato", "Hay", "G", "Cuda\\u00eddate", "Cuidad", "Ga", "Gas", "Gat", "Gatos", "Agol", "l", "Servi", "Serv\\u00ed", "Conte", "Cont", "Control", "Contro"]	\N	\N	\N	\N	2025-10-10 18:20:36.187837	2026-01-10 00:01:18.413564	customer
100	435	t	1000	["Ami"]	[1, 2, 6, 8, 10, 27, 3, 9, 4, 11, 7]	[51]	[]	{"start_time": "00:00", "end_time": "23:59"}	2025-11-06 22:49:30.880181	2026-01-12 16:09:56.83392	customer
131	486	t	1000	\N	[2, 6, 1]	[13]	\N	\N	2026-01-27 17:13:09.12068	2026-01-27 17:18:36.280165	customer
127	480	t	1000	\N	\N	\N	\N	\N	2026-01-21 17:12:52.548345	2026-01-21 17:12:52.54835	customer
128	479	t	1000	\N	\N	\N	\N	\N	2026-01-21 17:31:00.265511	2026-01-21 17:31:00.265516	customer
132	487	t	1000	\N	\N	\N	\N	\N	2026-01-27 17:47:00.529099	2026-01-27 17:47:00.529104	customer
129	481	t	1000	\N	\N	\N	\N	\N	2026-01-21 17:39:06.589189	2026-01-21 17:39:06.589195	customer
130	484	t	1000	\N	\N	\N	\N	\N	2026-01-21 22:20:59.950071	2026-01-21 22:20:59.950077	customer
124	477	t	1000	\N	\N	\N	\N	\N	2026-01-09 03:04:57.251442	2026-01-09 03:04:57.251446	customer
134	490	t	1000	\N	\N	\N	\N	\N	2026-01-30 16:24:32.248891	2026-01-30 16:24:32.248895	customer
35	372	t	1000	["Tramite de visa", "Tramite", "Tramite ", "Tramite vi", "Tramit3", "Tra", "Tram", "C", "Pa", "Pasea", "Va", "Cuid", "Vali", "Validad", "Validador", "Ma", "Mae", "ae", "mae", "Borron", "Tramite visa", "Cuidador", "Maestro", " Maestro", " Maes", " Ma", " ", " Cu", " Cuida", "Borro"]	[1, 2, 6, 8, 10, 27, 3, 4, 11, 7, 9]	[57, 59, 60, 58, 55, 56, 53, 52, 51, 54, 50, 23, 24, 25, 26, 29, 30, 31, 32, 33, 34, 35, 36, 37, 38, 39, 40, 41, 42, 43, 12, 46, 45, 47, 48, 5, 28, 44, 22, 21, 20, 19, 17, 16, 18, 15, 14, 13]	[]	{"start_time": "00:00", "end_time": "23:59"}	2025-10-10 18:05:51.947203	2026-01-22 19:41:57.206342	customer
136	491	t	1000	\N	\N	\N	\N	\N	2026-02-04 15:14:21.177901	2026-02-04 15:14:21.177905	customer
54	388	t	1000	["Man", "Ma\\u00f1ana", "Manten", "Mant\\u00e9n", "xo", "xbox", "manua", "deta", "Detalle", "R", "progr", "Eventos", "Paseo", "cerra", "contr", "Am", "tecla", "Barri", "Barro", "Plati", "Plato", "Pl\\u00e1ticas", "Plati ", "Ren", "Rent", "Even", "Ham", "Han"]	\N	\N	\N	\N	2025-10-14 23:00:59.477319	2026-01-23 22:50:02.373543	customer
133	489	t	1000	\N	\N	\N	\N	\N	2026-01-27 18:04:07.10849	2026-01-27 18:04:07.108495	customer
91	432	t	1000	["Nurse", "Patos", "Cerr", "Cerra", "P", "Pase", "Hamb", "Fit", "Arte"]	[111, 114, 113, 112, 3, 10, 7, 8, 11]	[142, 149, 120, 151, 154, 143, 20, 44, 32, 38, 59, 48]	\N	\N	2025-11-05 19:57:03.629329	2026-01-30 20:39:57.176259	customer
135	464	t	1000	\N	\N	\N	\N	\N	2026-01-30 22:04:19.675417	2026-01-30 22:04:19.675421	customer
\.


--
-- Data for Name: user_roles; Type: TABLE DATA; Schema: public; Owner: canteradigitalio_bateradmin
--

COPY public.user_roles (user_id, role_id) FROM stdin;
366	53
367	53
368	53
369	53
370	53
371	53
372	53
373	53
374	53
375	53
376	53
377	53
378	53
379	53
380	53
382	53
384	53
385	53
386	53
387	53
388	53
389	53
390	53
391	53
392	53
393	53
394	53
395	53
396	53
397	53
398	53
399	53
400	53
401	53
402	53
403	53
404	53
405	53
406	53
407	56
408	53
409	53
410	53
411	53
412	53
413	53
414	53
415	53
416	53
417	53
418	53
419	53
420	53
421	53
422	53
423	53
424	53
425	53
426	53
427	53
431	53
432	53
433	53
434	53
435	53
436	53
437	53
438	53
439	53
440	53
441	53
442	53
443	53
444	53
445	53
381	55
446	55
447	53
448	53
449	53
450	53
451	53
452	53
453	53
454	53
455	53
456	53
457	53
458	53
459	53
460	53
461	55
462	57
463	57
464	53
465	53
466	53
467	53
468	53
469	53
470	53
471	53
472	53
473	53
474	53
475	53
476	53
477	53
478	53
479	53
480	53
481	53
482	53
483	53
484	53
485	53
486	53
487	53
488	53
489	53
490	53
491	53
\.


--
-- Data for Name: users; Type: TABLE DATA; Schema: public; Owner: canteradigitalio_bateradmin
--

COPY public.users (id, name, phone, email, password, terms_and_conditions, email_verified_at, phone_verified_at, created_at, updated_at, reset_code, reset_code_expires, google, facebook, apple, social_uid, user_type, is_phone_verified, verification_code, verification_expires_at, token_issued_at, is_customer, is_provider, customer_id, token_credits, websockets_token, device_token, status, "user", fcm_token, is_deleted, referral_code, referral_source, referred_by_code, language) FROM stdin;
363	Daniel	7152170991	provider@yopmail.com	$2b$12$gOlVNjxVsRz4G/BMKfdeO.KThZfwAC/EjDboUKZ.cm2LEC0MFp6BS	t	\N	\N	2025-10-10 16:30:34.68683	2025-10-29 21:32:05.018005	\N	\N	\N	\N	\N	\N	app	f	360562	2025-10-29 21:47:05.013738	2025-10-10 15:34:19.212372	t	f	\N	0.00	\N	string	active	\N	\N	f	GZXVPZBL	string	\N	en
362	Daniel  MARIN 	527152170993	danielpd052@gmail.com	$2b$12$nXV0/XztmfxRc1Q6DPrN/.0vJl//81hfIxYpZIl/hfrN4mswb1wMO	t	\N	\N	2025-10-10 16:25:09.804302	2025-10-10 16:25:09.804309	\N	\N	\N	\N	\N	\N	app	f	\N	\N	2025-10-10 15:34:19.212372	t	f	\N	0.00	\N	f3Ra8gltS8ONqyr9ELyTFh:APA91bGXb50cO0csZgR9T6p5Q6X76FvDo_PBhZXBLzWMALPS4MBgwVkZN2s8b_UZ3Hk0XM7mXMCJq22s649ROs1gMmsjNDJ7ANA7VGJbkORpUz_NvK9wi0M	active	\N	\N	f	63CZJX8J	\N	\N	en
370	Daniel Martinez Tello	del_370	deleted_370@del.local	\N	t	\N	\N	2025-10-10 17:29:36.56104	2025-11-05 20:20:09.688781	\N	\N	t	f	f	del_370_ggqxn0	social	f	521031	2025-10-10 17:51:30.606568	2025-10-30 22:00:12.334479	t	f	cus_TDATENGWyHcnDw	0.00	eyJhbGciOiJIUzI1NiIsInR5cCI6IkpXVCJ9.eyJzdWIiOiJkYW5pZWxtYXJ0aW5lenRlbGxvMEBnbWFpbC5jb20iLCJqdGkiOiJiNDU3OTdlMi1lNmI0LTRmZDUtYTIyYy0wNDYwYWM3YjgzYTMiLCJ0eXBlIjoid2Vic29ja2V0cyJ9.ouDtWxZoJ-fh1rbKiUBWhQMnqP7Iep8FIx-0Yrk2swY	\N	active	\N	\N	t	YE7CP8PR			en
365	Daniel	7152170921	provide@yopmail.com	$2b$12$uTqxAUTu5sbFMYr2sJizku/SD.RDJFefBIh.wM0QbtDuScbsDEFQq	t	\N	\N	2025-10-10 17:13:51.745342	2025-10-10 17:13:51.745346	\N	\N	\N	\N	\N	\N	app	f	\N	\N	2025-10-10 15:34:19.212372	t	f	\N	0.00	\N	string	active	\N	\N	f	D3MZ25NV	string	\N	en
366	Daniel2	7151709221	provide@yopail.com	$2b$12$kRZTOlW4C2UjjTKUGMjO9eZyKKcHHJB2h6OGbcIeonOaplUYRXm2C	t	\N	\N	2025-10-10 17:20:06.354947	2025-10-10 17:20:06.705775	\N	\N	\N	\N	\N	\N	app	f	\N	\N	2025-10-10 15:34:19.212372	t	f	cus_TDAJat3leJgD7I	0.00	\N	string	active	\N	\N	f	4BT012UG	\N	\N	en
367	Daniel2	7151109221	providee@yopail.com	$2b$12$ROB8sN/AClq3gRPF3yL3MOJoFGp4nqNTzF4AoTH4YS/mqhB9wMs5i	t	\N	\N	2025-10-10 17:20:30.642526	2025-10-10 17:20:30.95538	\N	\N	\N	\N	\N	\N	app	f	\N	\N	2025-10-10 15:34:19.212372	t	f	cus_TDAKoyRvNTH4gn	0.00	\N	string	active	\N	\N	f	E50WRQCZ	string	\N	en
360	Raul Aparicio Muñoz	524432531088	raulapariciomu@gmail.com	\N	t	\N	\N	2025-10-10 16:07:42.466162	2025-10-10 17:22:10.741077	\N	\N	t	f	f	hS8GsENG69XGrJrZJiwkxnicpzG3	social	f	363873	2025-10-10 17:37:10.739322	2025-10-10 15:34:19.212372	t	f	\N	0.00	\N	ckY9QXFkQ46JSdKpfZ-qn0:APA91bGUcQxCWa3ICXhk397FinZ88AXMW-JUiTBHahT--YgpFIUAoBsRQNPO0EwMUk1RGcaZHeb1LTFb-jCs319aKTE5rHWmKvsD8nL155PY7Y-d4CqlZao	active	\N	\N	f	EVFT039W			en
445	Tester Tester	del_445	deleted_445@del.local	\N	t	\N	2025-11-07 23:10:21.967144	2025-11-07 23:09:03.213634	2025-11-08 20:57:44.425726	\N	\N	t	f	f	del_445_4zlobg	social	t	\N	\N	2025-11-08 00:02:32.537655	t	f	cus_TNkGcUZWZxrJtM	0.00	eyJhbGciOiJIUzI1NiIsInR5cCI6IkpXVCJ9.eyJzdWIiOiJ0ZXN0ZXJ1c2Vyc2hpZnRAZ21haWwuY29tIiwianRpIjoiOTg4ODM5M2YtNjQ2Yi00YmQ4LWFmOTAtMTNlYTk4MzYwY2YxIiwidHlwZSI6IndlYnNvY2tldHMifQ.cxJ2QwSMqxSCrhmLiuF7rRXQ7P0RmUdb-kYzhEs4hwo	\N	active	\N	\N	t	N3VQQYV8			en
374	Daniel Sereno	527152139092	danielsereno432s@gmail.com	\N	t	\N	2025-10-10 18:18:36.201515	2025-10-10 18:18:24.190595	2025-10-30 22:00:12.326835	\N	\N	t	f	f	pzXyLu7zwNRcBogrG7v0IvrFQ683	social	t	\N	\N	2025-10-30 21:51:39.355928	t	f	cus_TDBGES6JpA1GVR	0.00	eyJhbGciOiJIUzI1NiIsInR5cCI6IkpXVCJ9.eyJzdWIiOiJkYW5pZWxzZXJlbm80MzJzQGdtYWlsLmNvbSIsImp0aSI6IjdhMTZhMDQxLTQ2NTctNDM2OC05YjBhLTg1YWMwOGIzODcyNyIsInR5cGUiOiJ3ZWJzb2NrZXRzIn0.sr5pfme4_ClyaCXtNQNc42ZVJaBKKD3ohH2HYdOEN4U	\N	active	\N	\N	t	8CPHQKDG			en
371	Daniel M	527452170992	daymastery17@gmail.com	\N	t	\N	\N	2025-10-10 17:31:40.363347	2025-10-10 18:17:40.210702	\N	\N	t	f	f	TFnISZKRi1gDFSjTA5cfwlchcPU2	social	f	678716	2025-10-10 17:51:45.32403	2025-10-10 18:17:39.989349	t	f	cus_TDAVrhrH98s3QD	0.00	eyJhbGciOiJIUzI1NiIsInR5cCI6IkpXVCJ9.eyJzdWIiOiJkYXltYXN0ZXJ5MTdAZ21haWwuY29tIiwianRpIjoiODJiODE5N2EtZGNlNS00NzhiLWE4ZjQtNTlhMWViNDRhMzg1IiwidHlwZSI6IndlYnNvY2tldHMifQ.5EtvM0ga3GYe4Z8D8xZkY-4PI-amdnrd8Gh5yc8M3tw	f3Ra8gltS8ONqyr9ELyTFh:APA91bGXb50cO0csZgR9T6p5Q6X76FvDo_PBhZXBLzWMALPS4MBgwVkZN2s8b_UZ3Hk0XM7mXMCJq22s649ROs1gMmsjNDJ7ANA7VGJbkORpUz_NvK9wi0M	active	\N	f3Ra8gltS8ONqyr9ELyTFh:APA91bGXb50cO0csZgR9T6p5Q6X76FvDo_PBhZXBLzWMALPS4MBgwVkZN2s8b_UZ3Hk0XM7mXMCJq22s649ROs1gMmsjNDJ7ANA7VGJbkORpUz_NvK9wi0M	f	OF1NLNK8			en
453	Tulio Ramirez	524465780149	javier.barter100@yopmail.com	$2b$12$zlVkOndC.ANurGk8IMsgu.ddTcNXZ3pReotnexs/mhdbasvqeLoGe	t	\N	2025-11-20 17:25:34.45308	2025-11-20 17:25:27.794313	2025-11-20 17:53:42.135495	\N	\N	\N	\N	\N	\N	app	t	\N	\N	2025-11-20 17:25:34.8892	t	f	cus_TSWf07xY83A9Ro	0.00	eyJhbGciOiJIUzI1NiIsInR5cCI6IkpXVCJ9.eyJzdWIiOiJqYXZpZXIuYmFydGVyMTAwQHlvcG1haWwuY29tIiwianRpIjoiZGUzOWY2NDktZjk0NS00YzkyLTlhMTEtYThlNzYzNmExMGVlIiwidHlwZSI6IndlYnNvY2tldHMifQ.-7VuEKDsuTrzQijIoKRhw21mNqHRuMugjDsACQEGMcc	\N	active	\N	\N	f	SGBAXCDF	\N	\N	en
383	admin Gio	4439955884	admingio@barterflip.com	$2b$12$MwRfu.o5qZlrcsmEXbThn.2GinIxI5C0pBuf2SNMpaP9o2PY3hJMm	t	\N	\N	2025-07-28 21:25:47.156	2025-10-21 03:53:31.235892	\N	\N	\N	\N	\N	\N	cms	f	\N	\N	2025-10-21 03:53:31.233249	t	f	cus_TDDMkdDiG9E5AV	0.00	eyJhbGciOiJIUzI1NiIsInR5cCI6IkpXVCJ9.eyJzdWIiOiJhZG1pbmdpb0BiYXJ0ZXJmbGlwLmNvbSIsImp0aSI6ImNlZTY1ZGJiLWNhNTctNDViOC1hMGFlLTc2MDEzYzE5Yjk0NyIsInR5cGUiOiJ3ZWJzb2NrZXRzIn0.anyoKyK2YpieBOMkKYe04pxJI8FSN-TAhXO9nwaNG8c	\N	active	\N	\N	f	JM44CU7N	\N	\N	en
417	Cesar Javier Florea Ramirez	del_417	deleted_417@del.local	$2b$12$klYIPw/.wQ1KBzHkDNqDLO93U7VpIEh4xzSa6LVX/P3WoYxBrqq52	t	\N	2025-10-28 22:27:07.195215	2025-10-28 22:26:12.956609	2025-11-07 00:56:14.01319	\N	\N	\N	\N	\N	\N	app	t	\N	\N	2025-11-07 00:55:25.943852	t	f	cus_TJzJixECmW5fl7	0.00	eyJhbGciOiJIUzI1NiIsInR5cCI6IkpXVCJ9.eyJzdWIiOiJqYXZpZXIuYmFydGVyMDAxQHlvcG1haWwuY29tIiwianRpIjoiZGY0ZDgzNmMtNjllMC00OTIzLTg3NjQtOTlmYzE5Y2E4YTM0IiwidHlwZSI6IndlYnNvY2tldHMifQ.Fat59PX0CglO8cdFS4gOHHFJa_fkmYFHzAtXqb1MHlY	\N	active	\N	\N	t	PHW47CHL	\N	\N	en
373	Benito Juarez	5911234567890	momariano17@gmail.com	\N	t	\N	2025-10-10 18:12:41.549385	2025-10-10 18:12:37.74767	2026-01-23 22:46:36.386756	\N	\N	t	f	f	9zMdFrBCembfNgRbWYaP0EBCZqc2	social	t	\N	\N	2026-01-23 22:43:31.655323	t	f	cus_TDBAg8erRSNZCU	0.00	eyJhbGciOiJIUzI1NiIsInR5cCI6IkpXVCJ9.eyJzdWIiOiJtb21hcmlhbm8xN0BnbWFpbC5jb20iLCJqdGkiOiIyN2YwNjZmNy1hMTUwLTQ0ZDUtYWMzOC00MWI1NWZiNzdjZGEiLCJ0eXBlIjoid2Vic29ja2V0cyJ9.Kx-7P8_ORc2MASMt5Or278S9TypETF4nl1B3ab_FNGo	\N	active	\N	\N	f	E6NPKFUR			en
458	Cesar Flores R	523614798500	cesar.barter1@yopmail.com	$2b$12$OImgokL7LGijOdd63YSMYeY29y5a3gI5uyW.1AVB0a4evib4AV12C	t	\N	2025-11-26 17:55:20.186404	2025-11-26 17:55:13.895559	2025-12-15 21:52:47.826671	\N	\N	\N	\N	\N	\N	app	t	\N	\N	2025-12-15 21:50:25.62274	t	f	cus_TUmUmXi79UGDEW	0.00	eyJhbGciOiJIUzI1NiIsInR5cCI6IkpXVCJ9.eyJzdWIiOiJjZXNhci5iYXJ0ZXIxQHlvcG1haWwuY29tIiwianRpIjoiYmU3MGMzMzYtNDQ4My00OGExLWE3ZTAtZGFmZTM1Njk2ZDViIiwidHlwZSI6IndlYnNvY2tldHMifQ.Hxy6d8kjSYhFoDGe6x4DPzqXy35P0MzFVWRTerSG0CM	\N	active	\N	\N	f	B0ARI3BQ	\N	\N	en
361	Ruben Posteco Guzman	524432513088	pirulas543@gmail.com	\N	t	\N	\N	2025-10-10 16:08:19.479444	2026-01-30 20:30:16.045574	\N	\N	t	f	f	249zRWS4CHXMs4fnkVMy4tAEmGt1	social	f	771754	2025-10-10 16:30:06.101922	2026-01-30 20:28:56.051036	t	f	cus_TGYBmNjRAkFMOv	0.00	eyJhbGciOiJIUzI1NiIsInR5cCI6IkpXVCJ9.eyJzdWIiOiJwaXJ1bGFzNTQzQGdtYWlsLmNvbSIsImp0aSI6IjVlN2FjYzI5LTU5ZTktNDljOC1iMDA4LTRjYmQ2MjBiZjUwZSIsInR5cGUiOiJ3ZWJzb2NrZXRzIn0.uJektes7Hg4mdtzsAddr4RF5XOaotTrdALV-zt9Rtzo	\N	active	\N	\N	f	YMN2Y3LF			en
441	Daniel Martinez Tello	del_441	deleted_441@del.local	\N	t	\N	\N	2025-11-06 20:30:55.080504	2025-11-12 22:21:31.262173	\N	\N	t	f	f	del_441_p99qfd	social	f	466382	2025-11-06 20:45:55.439835	2025-11-12 22:17:30.132517	t	f	cus_TNKU3KXFhHrzJl	0.00	eyJhbGciOiJIUzI1NiIsInR5cCI6IkpXVCJ9.eyJzdWIiOiJkYW5pZWxtYXJ0aW5lenRlbGxvMEBnbWFpbC5jb20iLCJqdGkiOiJlN2VjNDU3MC01N2RhLTQ5OWUtOGQ2My04YmUxNmU0ZWExMGUiLCJ0eXBlIjoid2Vic29ja2V0cyJ9.oySHlC8iXGqJQrsj_g-yn4X52z7LNKnoETTJTdRLYVY	\N	active	\N	\N	t	0RL2CZFR			en
377	Cesar Flores	524432516889	evidenciasqacd@gmail.com	\N	t	\N	2025-10-10 19:02:55.546297	2025-10-10 19:02:50.965291	2025-11-05 18:56:05.505803	\N	\N	t	f	f	9EFlEIh5vWVUOQoFhqg2MjYewlF3	social	t	\N	\N	2025-11-05 18:55:50.167072	t	f	cus_TDByPbngwS5G6P	0.00	eyJhbGciOiJIUzI1NiIsInR5cCI6IkpXVCJ9.eyJzdWIiOiJldmlkZW5jaWFzcWFjZEBnbWFpbC5jb20iLCJqdGkiOiIzNzI3N2EyMS1mM2NkLTQxNTctOWJjYi1iMDNkY2M1MTRmNGIiLCJ0eXBlIjoid2Vic29ja2V0cyJ9.PHHiZRYK9z4S6mpnx1aVtLCDIaOpLA8CAGKny_1T5ow	\N	active	\N	\N	f	II4MBCOX			en
414	JN	526182841816	capturas.jn@gmail.com	$2b$12$BJa/1aR2IYaWfqh46oGz3.1bHPpafC1/HQOmPK1N.e4/7tu6XTovC	t	\N	2025-10-28 22:19:23.598351	2025-10-28 22:19:14.764533	2025-10-28 22:19:24.157812	\N	\N	\N	\N	\N	\N	app	t	\N	\N	2025-10-28 22:19:23.995135	t	f	cus_TJzCQQqpZEIijG	0.00	eyJhbGciOiJIUzI1NiIsInR5cCI6IkpXVCJ9.eyJzdWIiOiJjYXB0dXJhcy5qbkBnbWFpbC5jb20iLCJqdGkiOiJlMjBiZDZiNC0yZWU5LTQyOTctYTQxMi04MTA4MDdkMmE1ODAiLCJ0eXBlIjoid2Vic29ja2V0cyJ9.rQGwjSK0MqAX9ZzMzXlK_HnJXw3rnSBqyQRBKj3uq-M	fCrd3LnERy2tQ6CNmkVo3Q:APA91bGXP1Yep8OVd5YzZaey504HDE5KH799EGup3qh-Pj0o254GbYt8NV429vYSb4YVpEXV4QkE2LvggaJNtXU_GluwA7RL9Kx2Evj7n1-7oO6_jxApHz4	active	\N	\N	f	Z57WLEXD	\N	\N	en
380	Cesar Flores	524436142578	android.barter4@yopmail.com	$2b$12$arBfA0J7xBxaL3w3l7OOwu/8dhVUtLZlW2MmSv5GpzGZ7cYEQCub.	t	\N	2025-10-10 19:31:45.118071	2025-10-10 19:31:40.379082	2025-10-10 19:32:15.79801	\N	\N	\N	\N	\N	\N	app	t	\N	\N	2025-10-10 19:32:15.62324	t	f	cus_TDCRongYXD7GnH	0.00	eyJhbGciOiJIUzI1NiIsInR5cCI6IkpXVCJ9.eyJzdWIiOiJhbmRyb2lkLmJhcnRlcjRAeW9wbWFpbC5jb20iLCJqdGkiOiJmODlkYWMzYi02OGY4LTQ1MjItOWZiMC0zYTYzYWIxYTVkNzEiLCJ0eXBlIjoid2Vic29ja2V0cyJ9.TkWEQFFi4Zl8yeEQ9OFY9zg0hEUwQjZUFXOtm6bhtGg	efd8DS3dQx6bHeIpvbjB71:APA91bE2uWFDG922f-gqW0ao_PYSDHos-G7YJEQgqjsS3xe3EdY4Z0dhBdc9QkZakye32N5e4puRyarrPXTHD02L4-CrYZMph2OxxKf0Ixmg32p1-vqjBtI	active	\N	efd8DS3dQx6bHeIpvbjB71:APA91bE2uWFDG922f-gqW0ao_PYSDHos-G7YJEQgqjsS3xe3EdY4Z0dhBdc9QkZakye32N5e4puRyarrPXTHD02L4-CrYZMph2OxxKf0Ixmg32p1-vqjBtI	f	6JGFVHJK	\N	\N	en
368	Toto Pollo	del_368	deleted_368@del.local	\N	t	\N	\N	2025-10-10 17:22:34.238959	2025-11-05 19:59:01.425654	\N	\N	t	f	f	del_251105_1958_368	social	f	865715	2025-10-10 17:37:38.055142	2025-11-05 19:58:30.40859	t	f	cus_TDAMjB8e43baTb	0.00	eyJhbGciOiJIUzI1NiIsInR5cCI6IkpXVCJ9.eyJzdWIiOiJ0b3RvcG9sbG80MEBnbWFpbC5jb20iLCJqdGkiOiIxZmI4NjE0OS1lNjBiLTQ4NGItOTVmOS1lMjk3NjIxZTIzYTMiLCJ0eXBlIjoid2Vic29ja2V0cyJ9.Ps0blzoVN-rHbr-h4rCU0p7UZCyBVne_VauDY7T5TZs	\N	active	\N	\N	t	YQTFAQP8			en
384	Provider User	524431280089	provideruser@yopmail.com	$2b$12$Bxozxqf953RI.BlhhdyBjetN8sSWzuMnVHVv9aKx6YD1Gms3MfzzK	t	\N	2025-10-10 20:29:21.061539	2025-10-10 20:29:15.422827	2025-11-14 23:36:36.289202	\N	\N	\N	\N	\N	\N	app	t	\N	\N	2025-11-14 19:31:57.601279	t	f	cus_TDDMUj7SUX3451	0.00	eyJhbGciOiJIUzI1NiIsInR5cCI6IkpXVCJ9.eyJzdWIiOiJwcm92aWRlcnVzZXJAeW9wbWFpbC5jb20iLCJqdGkiOiI3MWNkM2NmMS0wM2ZmLTRiMjgtYWQwNC05NWRjYjc3MGM0MzUiLCJ0eXBlIjoid2Vic29ja2V0cyJ9.g9lx2ptjV3dHGSgfMfGX7dXBQqqEX92a2kgGl9fytu4	\N	active	\N	\N	f	6OFPWOJJ	\N	\N	en
392	Cristian Anguiano	524431079666	cristiananguiano2@gmail.com	\N	t	\N	2025-10-17 22:34:22.139238	2025-10-17 22:34:07.796799	2025-11-07 21:26:16.745198	\N	\N	t	f	f	g304rgZ7BKOp91z7IRIrrkutRIB3	social	t	\N	\N	2025-11-07 21:26:16.742129	t	f	cus_TFrxa4b5zRsUVH	0.00	eyJhbGciOiJIUzI1NiIsInR5cCI6IkpXVCJ9.eyJzdWIiOiJjcmlzdGlhbmFuZ3VpYW5vMkBnbWFpbC5jb20iLCJqdGkiOiJiMWM4Mjk4ZC0xNmU0LTQ0ZTAtODM5Ny01ZGZkZDk4MTk0NzAiLCJ0eXBlIjoid2Vic29ja2V0cyJ9.epqoa6HUfWNLE2DrtwGhGpV5BYuHnBcAndd-PIlHkmw	80057b72a596f56f48b35373667962706d9860d0fcd61aa247064cda4bd615fd	active	\N	\N	f	TDUQ402T			en
398	Eduardo Ponce	12132232586	guayopelayo@gmail.com	\N	t	\N	2025-10-19 22:33:50.128241	2025-10-19 22:33:45.951431	2025-10-22 15:21:46.186895	\N	\N	t	f	f	9uagWocipNd8P1KNAGe6YYyWT6d2	social	t	\N	\N	2025-10-20 19:15:01.348857	t	f	cus_TGcPH5QASfnOZf	0.00	eyJhbGciOiJIUzI1NiIsInR5cCI6IkpXVCJ9.eyJzdWIiOiJndWF5b3BlbGF5b0BnbWFpbC5jb20iLCJqdGkiOiJkOWQwNTI1OC0yM2Q4LTQyZGItOTVlYi1kN2QxNTZlMzQyNjMiLCJ0eXBlIjoid2Vic29ja2V0cyJ9.-c-m-RzDZHl16Ply4qD-RrTemY30_2SPNpUcJAZVuIw	\N	active	\N	\N	f	1BYBB3AO			en
393	Raul Aparicio	524434714723	documentdigitales@gmail.com	\N	t	\N	2025-10-18 03:49:36.283856	2025-10-18 03:49:10.330928	2025-10-23 20:51:36.401679	\N	\N	t	f	f	KV7yjyQGCXYblVanmh47oyJZSzr1	social	t	\N	\N	2025-10-23 20:51:36.398909	t	f	cus_TFx2ebR93Sp9Jo	0.00	eyJhbGciOiJIUzI1NiIsInR5cCI6IkpXVCJ9.eyJzdWIiOiJkb2N1bWVudGRpZ2l0YWxlc0BnbWFpbC5jb20iLCJqdGkiOiI1M2UyOTE3Ni0yODc3LTRkZWItOGE1MS0zZTRkMGVmMWZjYWMiLCJ0eXBlIjoid2Vic29ja2V0cyJ9.gbZ3ANNdT5zOSddX0MWielrXNkHpGYu1a42-wX95Gfk	e34d2eb08dfb08937d6cb1ccef2cec450c22f045264197f6fd063ab6ecda7be1	active	\N	\N	f	9NM3R3JK			en
413	Elsa Ali	15126690171	elsapelayo@gmail.com	$2b$12$xB.07LhtuxixPf2gYjq0reVV9YAmwYwWzrTOT7ddMOs9EYEPJ5WY.	t	\N	2025-10-28 22:24:47.085724	2025-10-28 22:18:59.242015	2025-11-16 19:05:10.286154	\N	\N	\N	\N	\N	\N	app	t	\N	\N	2025-11-14 23:36:36.608637	t	f	cus_TJzCLQRmsPHQNS	0.00	eyJhbGciOiJIUzI1NiIsInR5cCI6IkpXVCJ9.eyJzdWIiOiJlbHNhcGVsYXlvQGdtYWlsLmNvbSIsImp0aSI6IjhkMTM4ZDA1LThmMzctNGQzOC05ZjRkLTZkNDcwMjg4OWMxYiIsInR5cGUiOiJ3ZWJzb2NrZXRzIn0.NhxFUcFY-omPiC4UWLz-KY76rEKM7h4bv0e9BfZcgMo	\N	active	\N	\N	f	I0LJYZBS	\N	\N	en
446	Daniel Marin	7152170993	daniel@barterflip.com	$2b$12$c9KSjZSYWNI3YUaEFnpgfeFZUh0a5G5U/G77s6bqN395ckQRd7zAu	t	\N	\N	2025-11-11 18:13:28.18798	2026-01-12 23:18:00.843996	\N	\N	\N	\N	\N	\N	cms	f	\N	\N	2026-01-12 23:18:00.841132	t	f	cus_TPAPM504JgL5LC	0.00	eyJhbGciOiJIUzI1NiIsInR5cCI6IkpXVCJ9.eyJzdWIiOiJkYW5pZWxAYmFydGVyZmxpcC5jb20iLCJqdGkiOiJlNjM4ZTQwNy1kNGIyLTQ1MWYtYjg3OS0zZDA3MmY0YzU0M2UiLCJ0eXBlIjoid2Vic29ja2V0cyJ9.8IV9VygJj-c21FTGf6b265Gh8GPNuMiodbjEVbeD2V4	\N	active	\N	\N	f	JNRZEATA	\N	\N	en
454	Ana sofia Álvarez	551234567891	anasofiaalvarez654@gmail.com	\N	t	\N	2025-11-20 17:28:28.554337	2025-11-20 17:28:24.603121	2026-01-13 19:10:05.165515	\N	\N	t	f	f	mxFcrzHkGkdYxvYapSyHjaRSpyZ2	social	t	\N	\N	2026-01-13 19:09:56.178225	t	f	cus_TSWiYHoDplrRUl	0.00	eyJhbGciOiJIUzI1NiIsInR5cCI6IkpXVCJ9.eyJzdWIiOiJhbmFzb2ZpYWFsdmFyZXo2NTRAZ21haWwuY29tIiwianRpIjoiMDAxODI3ZTQtNGU1MC00NDYzLThjMTQtMDMyMzgzMTYwMzg2IiwidHlwZSI6IndlYnNvY2tldHMifQ.QLRPdYO1PA2Fp-ZK5HVS-tXydZ85R8BBHbWW2nYuH04	\N	active	\N	\N	f	I4713U1Q			en
459	Angel Padilla	524478014367	cesar.barter2@yopamil.com	$2b$12$nJfOnZ0m6RvnX05hJiT0t.DVstCqzKTxG0dZO4DKO1RmZ6SQ.70QW	t	\N	2025-11-26 20:20:42.822366	2025-11-26 20:20:36.437992	2025-12-02 19:07:20.703943	\N	\N	\N	\N	\N	\N	app	t	\N	\N	2025-12-02 19:07:20.701028	t	f	cus_TUoqLb7gmYu1Y4	0.00	eyJhbGciOiJIUzI1NiIsInR5cCI6IkpXVCJ9.eyJzdWIiOiJjZXNhci5iYXJ0ZXIyQHlvcGFtaWwuY29tIiwianRpIjoiZDE3ZjJkZDItZDczNi00ZDUyLWI4YWItMmNhMGUzZWEwNjRkIiwidHlwZSI6IndlYnNvY2tldHMifQ.SKKiVbf3EB3m0tLastGSoiRhG5_nFakoCTTNOWZrspQ	\N	active	\N	\N	f	Z8JKRMZN	\N	\N	en
375	Giovanni Guerra	524431289868	jgioguerra@icloud.com	\N	t	\N	2025-10-10 18:20:33.528589	2025-10-10 18:20:27.394888	2026-02-03 21:00:36.277496	\N	\N	f	f	t	pzKH7zWMZPfMg3FE3wAFJSywFD82	social	t	\N	\N	2026-02-03 21:00:36.275722	t	f	cus_TDBIOVaDd1jbYI	0.00	eyJhbGciOiJIUzI1NiIsInR5cCI6IkpXVCJ9.eyJzdWIiOiJqZ2lvZ3VlcnJhQGljbG91ZC5jb20iLCJqdGkiOiI4MWQyZGE4OS1kZDk3LTQxYzMtYjA1Zi05MGVkNzZmMzA0MDgiLCJ0eXBlIjoid2Vic29ja2V0cyJ9.Rmj6StLQq2FyMwIVJR-HB8AEwidGq398oazCaPN59RE	0569c5a85045e30a31868e25d6c26bc2fe249008274dc3f6105c6fcf5a9213ed	active	\N	\N	f	0XMJBJ3H			es
391	Otro Juan Hehe	529876543210	testjbarter3@yopmail.com	$2b$12$gZFNxKSj/8R0nzTu8t7s9OWAAFUNf0L7iAmlXft2.M1tiH5sA2fmC	t	\N	2025-10-16 19:01:32.766283	2025-10-16 19:01:27.651076	2025-11-19 19:24:52.651461	\N	\N	\N	\N	\N	\N	app	t	\N	\N	2025-11-19 15:46:18.025613	t	f	cus_TFRJ3Q72FV2Dnr	0.00	eyJhbGciOiJIUzI1NiIsInR5cCI6IkpXVCJ9.eyJzdWIiOiJ0ZXN0amJhcnRlcjNAeW9wbWFpbC5jb20iLCJqdGkiOiIwNDhmMGUzYS1iMjRiLTQzNjctYWI5Ny01ZWUxOGNlYjIzN2QiLCJ0eXBlIjoid2Vic29ja2V0cyJ9.b5-6RciYXFcBhidExaEFDRXkdTUgeV6YMQnsCxNpMBg	\N	active	\N	\N	f	KG0XI420	\N	\N	en
390	Pruebas Pro	7152180997	danilop@gmail.com	$2b$12$.PoGLP3sk6v73hbC4ywwbeI4cN6IzZniBEznHadKK86peQ3ajZ6/q	t	\N	\N	2025-10-15 15:18:55.179576	2025-10-15 15:18:55.508626	\N	\N	\N	\N	\N	\N	app	f	\N	\N	2025-10-13 21:05:23.22816	t	f	cus_TF0U2W5JPyaGtW	0.00	\N	string	active	\N	\N	f	7ATXWG6G	\N	\N	en
394	Diana Betancourt	16616090418	dbcardiel@gmail.com	\N	t	\N	2025-10-19 00:12:30.863313	2025-10-19 00:12:19.18572	2025-10-30 10:16:48.592702	\N	\N	t	f	f	HelEs9HK1ASOUYC0mSqszj6bP7Z2	social	t	\N	\N	2025-10-30 10:16:48.58957	t	f	cus_TGGlTL0W8Z3APs	0.00	eyJhbGciOiJIUzI1NiIsInR5cCI6IkpXVCJ9.eyJzdWIiOiJkYmNhcmRpZWxAZ21haWwuY29tIiwianRpIjoiY2JjYjU0NTEtNDliNC00ZTc0LWJiNTktZDQxZjNhZTZlNTI0IiwidHlwZSI6IndlYnNvY2tldHMifQ.12gvneyCy6qfAend0cgW86EDas30s1tXcNMCXaF6TCI	68170bb74ef305864f0bf69da368013d7caa88198993ae1e22995aad0c600b17	active	\N	\N	f	UGTPWAQ5			en
378	Javier Prueba 1	524434632564	javier.barter1@yopmail.com	$2b$12$Zsh5oZ7dVZ6VunRxfsS.u.IlbqhAbx7sh8/xpO13BGCoqm/ctqtiq	t	\N	2025-10-10 19:18:05.001244	2025-10-10 19:17:55.876398	2025-11-03 17:35:29.30231	\N	\N	\N	\N	\N	\N	app	t	\N	\N	2025-11-03 17:35:01.524409	t	f	cus_TDCDdF61WjfBLb	0.00	eyJhbGciOiJIUzI1NiIsInR5cCI6IkpXVCJ9.eyJzdWIiOiJqYXZpZXIuYmFydGVyMUB5b3BtYWlsLmNvbSIsImp0aSI6ImZlZDYwODM4LTdjYmQtNGM4Ny04OTYzLWZhNjU2YmE5OTNmMiIsInR5cGUiOiJ3ZWJzb2NrZXRzIn0.27bH0anxo3_6EGiqSY5MoUda2eMstMuBwhVjUzsEQIw	\N	active	\N	\N	f	EACB3T1R	\N	\N	en
389	Jabon De Palmolive	524433013964	javier.barter2@yopmail.com	$2b$12$YNDV0ps691CFW1hE2kSeneHKRXNLb7UFeZqUZsnMER7LEFuDFJVXK	t	\N	2025-10-14 23:29:07.041554	2025-10-14 23:28:57.339596	2025-10-28 14:59:34.77946	\N	\N	\N	\N	\N	\N	app	t	\N	\N	2025-10-23 23:36:53.985827	t	f	cus_TElAP3BUwaZdnS	0.00	eyJhbGciOiJIUzI1NiIsInR5cCI6IkpXVCJ9.eyJzdWIiOiJqYXZpZXIuYmFydGVyMkB5b3BtYWlsLmNvbSIsImp0aSI6ImZjYWZjM2M4LTlhNWMtNDgwYS05ZjdjLTU0M2FmNzI4Yjc4ZCIsInR5cGUiOiJ3ZWJzb2NrZXRzIn0.57aKvhxa6LxGN9woTLyp3E6tZRRj9D2b1JYlu0p4Wrk	\N	active	\N	\N	t	DB19H0LQ	\N	\N	en
416	Leo Garcia	527711914151	leobar1@yopmail.com	$2b$12$wzuxllCfC8ryRSTSL8dGAOD3cbml8clQHEsIaLVPgI8iPGyBCDXKO	t	\N	2025-10-28 22:27:07.959157	2025-10-28 22:25:52.259772	2025-10-28 22:31:07.313236	\N	\N	\N	\N	\N	\N	app	t	\N	\N	2025-10-28 22:27:08.360151	t	f	cus_TJzJ8pdenO4q6e	0.00	eyJhbGciOiJIUzI1NiIsInR5cCI6IkpXVCJ9.eyJzdWIiOiJsZW9iYXIxQHlvcG1haWwuY29tIiwianRpIjoiYmY4YjMxY2MtOGI5Yi00YjgyLWJmZWUtNGI4YmY3NDQxNWUwIiwidHlwZSI6IndlYnNvY2tldHMifQ.03c5FAOw59RojhOkz1ktTFxtHJ6XAoTTj-k0hqmxifY	\N	active	\N	\N	f	32WLX7II	\N	\N	en
412	Daniel Aguilar Barrios	524432131915	danielaguilarb1998@gmail.com	$2b$12$Ai8CQNlz5Ddn6MJjdkzxzupjFwlZz3GDuCw3XVMFlGXcyd1idbshK	t	\N	2025-10-28 22:17:43.09797	2025-10-28 22:15:14.527197	2025-10-28 23:29:52.355123	\N	\N	\N	\N	\N	\N	app	t	\N	\N	2025-10-28 23:29:52.352248	t	f	cus_TJz8kdAdm4VffS	0.00	eyJhbGciOiJIUzI1NiIsInR5cCI6IkpXVCJ9.eyJzdWIiOiJkYW5pZWxhZ3VpbGFyYjE5OThAZ21haWwuY29tIiwianRpIjoiYWI2YTMxYjQtYjdjNy00ZDE0LTgwZGUtMTEyYTc1OGM1N2Y2IiwidHlwZSI6IndlYnNvY2tldHMifQ.vs_j9rCCSCyvOeZWGHXnKjvII8PYLD3cSyNn6QbEYv0	\N	active	\N	\N	f	3KIG5Z9I	\N	\N	en
443	Cesar Flores 	del_443	deleted_443@del.local	$2b$12$2zcZNMOaZEy2qeqFKZ6C7e4ulHAB.nhHCs8U19LQ0n4pJZpT6NzCm	t	\N	2025-11-07 00:58:03.646415	2025-11-07 00:57:57.521466	2025-11-11 23:11:08.475803	\N	\N	\N	\N	\N	\N	app	t	\N	\N	2025-11-11 23:11:08.451983	t	f	cus_TNOnjeDRRB8nDc	0.00	eyJhbGciOiJIUzI1NiIsInR5cCI6IkpXVCJ9.eyJzdWIiOiJqYXZpZXIuYmFydGVyMDAxQHlvcG1haWwuY29tIiwianRpIjoiM2E0NDZmMGEtYmNjMC00OWQ5LWFlN2MtZDBiZWJhY2U1NDM4IiwidHlwZSI6IndlYnNvY2tldHMifQ.BlbfLA6qeE1MvtxWMwiP2lgxXyNi8pnZUBNG_wuI038	\N	active	\N	\N	t	9ABRH128	\N	\N	en
399	Guayo Pelayo	12132213572	guayopelayo2@gmail.com	$2b$12$WQWhUzmkP42Xw2OdcarpHOCyebKuMZOHfGTbBY0e9SBOC0pLWFTPy	t	\N	2025-10-20 00:32:58.791272	2025-10-20 00:32:52.929532	2025-10-29 20:05:05.448097	\N	\N	\N	\N	\N	\N	app	t	\N	\N	2025-10-29 20:04:34.446689	t	f	cus_TGeKzOhlMcYiU2	0.00	eyJhbGciOiJIUzI1NiIsInR5cCI6IkpXVCJ9.eyJzdWIiOiJndWF5b3BlbGF5bzJAZ21haWwuY29tIiwianRpIjoiYmI4Yjc4M2ItN2ZmZS00MjVkLTk4YTMtMWMxZGZhMDkzOGJhIiwidHlwZSI6IndlYnNvY2tldHMifQ.-8UjX-rZRJRtiSCuEvEGO79ZYrTnw7XCKOsX5bwxuoc	\N	active	\N	\N	f	VVEHA4HF	\N	\N	en
400	Christian Pelayo	13233831962	pelaydoughfufhfhd@gmail.com	$2b$12$yeZTlnU6WtRiZQfvwu2Fn.LOZlP8n5EN9DAuma.hWLVk3k9fGgliW	t	\N	2025-10-20 16:29:18.024772	2025-10-20 16:28:42.55837	2025-10-20 16:29:18.620882	\N	\N	\N	\N	\N	\N	app	t	\N	\N	2025-10-20 16:29:18.468629	t	f	cus_TGtkQIo2doBqgr	0.00	eyJhbGciOiJIUzI1NiIsInR5cCI6IkpXVCJ9.eyJzdWIiOiJwZWxheWRvdWdoZnVmaGZoZEBnbWFpbC5jb20iLCJqdGkiOiJhMWYwODEzZC05MmQ2LTRmNGQtOGI1Ny05NjYwMTIwZjJiMDQiLCJ0eXBlIjoid2Vic29ja2V0cyJ9.OS9txAn9xl0dfiLnMd3d6ASLCFOHORX--Q8n1H1Nsrk	e2uXj0JZS-yaadRK9ghTEC:APA91bG8lHG1FFpK11G1YDrxJopeBHTEm91wHoApQyIOyTwccE7KlqwmPZhNpMcvraexhV66iGuiHzxyB6XwLA-hGDdw9kaMiUgVTisKBM9DOdGaBaSecLY	active	\N	\N	f	G1HSIERQ	\N	\N	en
403	Cesar Flores	523614798002	javier.barter3@yopmail.comj	$2b$12$9A/GhtmhE2gYrSL.WCOGSOuGqW.DWVz20WdlRrnKVWLI68.EDgW8C	t	\N	2025-10-23 23:40:11.40394	2025-10-23 23:40:04.449625	2025-10-28 14:59:34.77946	\N	\N	\N	\N	\N	\N	app	t	\N	\N	2025-10-23 23:40:11.943156	t	f	cus_TI8N4kjcywOEuD	0.00	eyJhbGciOiJIUzI1NiIsInR5cCI6IkpXVCJ9.eyJzdWIiOiJqYXZpZXIuYmFydGVyM0B5b3BtYWlsLmNvbWoiLCJqdGkiOiJmNTE5ZmIyYi1hYmU0LTQxZTQtODhjNy02ZGJmMWZhZGMyYzgiLCJ0eXBlIjoid2Vic29ja2V0cyJ9.q9oWACAXztPcG2b0ASjSzGwVxn8cxrblNiVpLDsHbkA	\N	active	\N	\N	t	ZLR5AM0H	\N	\N	en
387	Juaaanaaananana Anananananana 	529999999999	testjbarter2@yopmail.com	$2b$12$Ez2yv/CVnzoZTqQaTgWIJOyFTQholZCuLpAoA70NG/mQio1iEawBS	t	\N	2025-10-11 00:08:39.805198	2025-10-11 00:08:34.684742	2025-11-12 19:56:15.402401	\N	\N	\N	\N	\N	\N	app	t	\N	\N	2025-11-12 19:50:39.327355	t	f	cus_TDGupz4rXe2g2K	0.00	eyJhbGciOiJIUzI1NiIsInR5cCI6IkpXVCJ9.eyJzdWIiOiJ0ZXN0amJhcnRlcjJAeW9wbWFpbC5jb20iLCJqdGkiOiJiOTY5NjdhZi1mMWM5LTQ3ZTItODc3OC02OTRiZjI0ZDkzNzEiLCJ0eXBlIjoid2Vic29ja2V0cyJ9.RvN3m-PMduXWSUnOdJEZqh4RRXlhAezah97JIUsvgf0	\N	active	\N	\N	f	EWBPVKIM	\N	\N	en
455	Usuario Uno	524431274756	negocio@yopmail.com	$2b$12$lAfkpuU3UqlIKCwCLqIvNOfws7vT7fKQu51eRRgwAM9YZaKJT7Vke	t	\N	2025-11-24 22:55:24.105611	2025-11-24 22:55:17.916847	2025-12-02 19:35:39.884999	846300	2025-12-02 19:50:39.882641	\N	\N	\N	\N	app	t	\N	\N	2025-11-24 22:55:24.517527	t	f	cus_TU6sgNiLCnxfEN	0.00	eyJhbGciOiJIUzI1NiIsInR5cCI6IkpXVCJ9.eyJzdWIiOiJuZWdvY2lvQHlvcG1haWwuY29tIiwianRpIjoiMTJiNDA4MGYtY2FiMi00Mzg1LWIwN2QtNTFmZGQ4YTk3MjU1IiwidHlwZSI6IndlYnNvY2tldHMifQ.AK4rP0WuAbIPRf6x9DEkMEyPaG-Nbu_q_m1lOoy1-VM	\N	active	\N	\N	f	WLY2DYAO	\N	\N	en
395	Raul Aparicio Muñoz	del_395	deleted_395@del.local	\N	t	\N	2025-10-19 18:19:43.553805	2025-10-19 18:19:35.391809	2026-01-21 17:12:30.104857	\N	\N	t	f	f	del_395_da1ro3	social	t	\N	\N	2026-01-21 17:11:09.322505	t	f	cus_TGYJZMI7Qyof6C	0.00	eyJhbGciOiJIUzI1NiIsInR5cCI6IkpXVCJ9.eyJzdWIiOiJzcG9sbG9tYW43OEBnbWFpbC5jb20iLCJqdGkiOiI4MjM3OWI0OS01MmYzLTQyNDYtYWYzYy05OGQxZjhiZTZlYWIiLCJ0eXBlIjoid2Vic29ja2V0cyJ9.H4gEBwHTT7gf0euTPllYhoXZL8GHqBx9AQsfcwATrvw	\N	active	\N	\N	t	1GLRUTUJ			en
397	Jesse Pelayo	13232757243	jesse.certifiedconstruction@gmail.com	\N	t	\N	2025-10-19 22:03:56.505983	2025-10-19 22:03:50.742232	2026-02-04 16:35:04.042076	\N	\N	t	f	f	iMlY9PLSukO2xiZrzQhobQBurL02	social	t	\N	\N	2026-02-04 16:35:04.040264	t	f	cus_TGbvfkyc9Q2K3d	0.00	eyJhbGciOiJIUzI1NiIsInR5cCI6IkpXVCJ9.eyJzdWIiOiJqZXNzZS5jZXJ0aWZpZWRjb25zdHJ1Y3Rpb25AZ21haWwuY29tIiwianRpIjoiN2NhMzQzNjgtYTFmYi00YjhiLThiMjYtNDU2YWM0ZGY4ODczIiwidHlwZSI6IndlYnNvY2tldHMifQ.SUhs9MC1PqmTEnkMz0u0JyEQKeF4G0Lrn6gw3G2Z24c	36460d8baf2bbec73d6db2f8157ac73e7525776ed68739834a6923764371b00a	active	\N	\N	f	8HZXN0DA			en
408	Javier Cesar Ramírez Flores	524437632369	javier.barter000@yopmail.com	$2b$12$8tJDCjLGsejxz813Kdqz6uZ0s0B19c8USpu4dK6UoWISagp/UdoMe	t	\N	2025-10-28 20:10:14.332334	2025-10-28 20:10:06.380335	2025-10-28 22:00:48.289811	\N	\N	\N	\N	\N	\N	app	t	\N	\N	2025-10-28 22:00:04.728008	t	f	cus_TJx7wsTYs9gT2m	0.00	eyJhbGciOiJIUzI1NiIsInR5cCI6IkpXVCJ9.eyJzdWIiOiJqYXZpZXIuYmFydGVyMDAwQHlvcG1haWwuY29tIiwianRpIjoiOGNhZjljMTUtM2JiMC00MzNlLWI4ZmUtOWQyMGM0NDhiYTc5IiwidHlwZSI6IndlYnNvY2tldHMifQ.x_rQWIJEmw3V9T4nJRx6QVfsj5VQ9aNDOu2m-5-vYwk	\N	active	\N	\N	f	FBF45VQM	\N	\N	en
405	Danielito Lirux	527152170591	danilopd@gmail.com	$2b$12$h0bRuusmtt7ZIwkA.Mf7bu5767D1U85iFRTQx7dD.uSOPOBeK9PqS	t	\N	\N	2025-10-24 14:19:22.0108	2025-10-24 14:19:22.347011	\N	\N	\N	\N	\N	\N	app	f	\N	\N	2025-10-24 14:04:43.960185	t	f	cus_TIMZduJMGNPgDm	0.00	\N	fjD2onAlQUa818XP9mjbua:APA91bFFcC-2GzFQ5m8dqVVl86zTnXSol_NfG94pCeCwcDXxo4uSl6g1G88TW49V4nIm41Pei7E9-LoKRFDy06N3wJvUSAE6aQyBIAc754yeux11dyccsvw	active	\N	\N	f	PTA34H50	\N	\N	en
410	Leo garcia	527714158110	leosd1@yopmail.com	$2b$12$i9qWlFnRYaFMkDH6bXfCDOTOcaayhJ05t4qMyIgfM.OLpwga4n0za	t	\N	2025-10-28 22:01:09.940993	2025-10-28 22:00:48.62281	2025-10-28 23:56:04.014283	\N	\N	\N	\N	\N	\N	app	t	\N	\N	2025-10-28 23:53:02.606098	t	f	cus_TJyugRcrIIj1q6	0.00	eyJhbGciOiJIUzI1NiIsInR5cCI6IkpXVCJ9.eyJzdWIiOiJsZW9zZDFAeW9wbWFpbC5jb20iLCJqdGkiOiI2YmJiOTZlNy0wOWY1LTQzNWQtYmE4NS04MjBhMzFlYmZhYWYiLCJ0eXBlIjoid2Vic29ja2V0cyJ9.yg2RoUSlZNmxNrNewCqNpbWupMfqiff0-OnOSCesmqQ	\N	active	\N	\N	f	XG276EV4	\N	\N	en
404	Ramires Flores 	524447751844	javier.barter4@yopmail.com	$2b$12$0q7VogakpC4KRd2Bjsqs2e6BRv8g2cyDBaT/hUGPR/03YkkMliJ0.	t	\N	2025-10-23 23:46:36.123786	2025-10-23 23:46:28.736927	2025-10-28 14:59:34.77946	\N	\N	\N	\N	\N	\N	app	t	\N	\N	2025-10-28 14:58:58.704314	t	f	cus_TI8UKpTJpJIpFt	0.00	eyJhbGciOiJIUzI1NiIsInR5cCI6IkpXVCJ9.eyJzdWIiOiJqYXZpZXIuYmFydGVyNEB5b3BtYWlsLmNvbSIsImp0aSI6Ijg5ZGE3MjQzLTQxMDUtNGNlYi1hY2YzLWZmMmJiMGQwNWU3ZiIsInR5cGUiOiJ3ZWJzb2NrZXRzIn0.ohvsqdGcH9GKJhIYg5_XXPp_JjemeYJEmFF4K2fiUrU	\N	active	\N	\N	f	ZP7WUUJI	\N	\N	en
406	Juan de Dios López	521234567888	juanlpzr98@gmail.com	\N	t	\N	2025-10-24 20:58:41.172695	2025-10-24 20:58:36.555197	2025-11-05 18:49:09.040467	\N	\N	t	f	f	o0hPnG003FRJJSWpP076ny0GVRk2	social	t	\N	\N	2025-11-05 18:45:06.815817	t	f	cus_TIT0NRWSJM715C	0.00	eyJhbGciOiJIUzI1NiIsInR5cCI6IkpXVCJ9.eyJzdWIiOiJqdWFubHB6cjk4QGdtYWlsLmNvbSIsImp0aSI6ImU5NzkzNzg3LTI5YmMtNGVhZS1hNTQ0LWFiN2JiMzY1NzY4OCIsInR5cGUiOiJ3ZWJzb2NrZXRzIn0.94HFvaw7T39plKEwTEbsR_TBrsNHxkKe2ZEIlDmqXzQ	\N	active	\N	\N	f	HHHA6X0Z			en
407	Mestro	7152170096	danilo@barterflip.com	$2b$12$0qk3xffRsnaG9dIBqYZyLeDcNADanwVWnKNGMYPB3PZXcTfWpCw6y	t	\N	\N	2025-10-27 21:25:32.186085	2025-10-27 21:52:53.985566	\N	\N	\N	\N	\N	\N	cms	f	\N	\N	2025-10-27 21:52:53.983244	t	f	cus_TJb9faakReSouT	0.00	eyJhbGciOiJIUzI1NiIsInR5cCI6IkpXVCJ9.eyJzdWIiOiJkYW5pbG9AYmFydGVyZmxpcC5jb20iLCJqdGkiOiI4ODA3NTY2MC0yNjAyLTQxNjMtYjdkMy1hM2U3NmUxMmQzNjIiLCJ0eXBlIjoid2Vic29ja2V0cyJ9.EsZYN6t0iyw23OgpJ-iX7GBc-47m24Nh_LOEaLCwAAs	\N	active	\N	\N	f	T8KLQ3C3	\N	\N	en
401	Brandon Pelayo	16262164969	dbyqnqkd4f@privaterelay.appleid.com	\N	t	\N	2025-10-20 19:13:36.615738	2025-10-20 19:12:49.295629	2025-10-29 22:13:19.056978	\N	\N	f	f	t	3KWv3HHNQcfXBt1fr9wT16KVBXy1	social	t	\N	\N	2025-10-29 22:13:19.053743	t	f	cus_TGwOa1qa0wiHMj	0.00	eyJhbGciOiJIUzI1NiIsInR5cCI6IkpXVCJ9.eyJzdWIiOiJkYnlxbnFrZDRmQHByaXZhdGVyZWxheS5hcHBsZWlkLmNvbSIsImp0aSI6ImZmZDk4N2EwLWE0OTItNDM0NC04NDBiLWU4ZWViZTI0ZTNiNSIsInR5cGUiOiJ3ZWJzb2NrZXRzIn0.FO1Osc-3ZcsMYz54qcUIBmPvqGdpLgfebXlG-GK1k_Y	\N	active	\N	\N	f	3JDYI95J			en
382	Padrino Muñiz	del_382	deleted_382@del.local	\N	t	\N	2025-10-10 20:22:11.107336	2025-10-10 20:22:07.506178	2025-11-05 18:55:38.762823	\N	\N	t	f	f	del_251105_1847_382	social	t	\N	\N	2025-11-05 18:20:01.332346	t	f	cus_TDDFoHLzYaxKVH	0.00	eyJhbGciOiJIUzI1NiIsInR5cCI6IkpXVCJ9.eyJzdWIiOiJwYWRyaW5vbXVuaXpAZ21haWwuY29tIiwianRpIjoiZjM5MmVkYjgtNDFmZC00YTU3LTkwZjktMjQzM2RmOTE5MmM4IiwidHlwZSI6IndlYnNvY2tldHMifQ.mXpBUu36qp963k6-VOL0ml_aOKhYQr1xUToRJO8G5TQ	\N	active	\N	\N	t	C23TW1JD			en
409	Gato con botas	del_409	deleted_409@del.local	$2b$12$t4tAPySHxKgiiENKBgVqYeHkC7sr.Ze/TVEY5Rk8CVY/dG4wlkBkO	t	\N	2025-10-28 20:45:05.63508	2025-10-28 20:34:14.348206	2025-11-07 01:26:22.287276	\N	\N	\N	\N	\N	\N	app	t	\N	\N	2025-11-07 01:23:14.001513	t	f	cus_TJxVXSHlMGZBSN	0.00	eyJhbGciOiJIUzI1NiIsInR5cCI6IkpXVCJ9.eyJzdWIiOiJqb3N1ZS5sb3BlekBjYW50ZXJhZGlnaXRhbC5teCIsImp0aSI6ImQxMzJmMTMyLTJjYjEtNGM1My1hOTJmLTYyMTcxNWU5YzZhOSIsInR5cGUiOiJ3ZWJzb2NrZXRzIn0.U5DFhro-V6A1S7gj0eayuuMTwXCgzaM4SsOzK9rk6AE	dJIF2HeCRFK3TpTmA_hwjW:APA91bHAgBiUuhu8kM4veDWCUNq9wf0nUpWhU5H4L5bO9sDAwzdVJVs4u7tXIopTlzOKElm6NVZ8QIYeqG7XbMiZJrTf8BjMAG9qxUUGASfGhnnc0R50EJo	active	\N	dJIF2HeCRFK3TpTmA_hwjW:APA91bHAgBiUuhu8kM4veDWCUNq9wf0nUpWhU5H4L5bO9sDAwzdVJVs4u7tXIopTlzOKElm6NVZ8QIYeqG7XbMiZJrTf8BjMAG9qxUUGASfGhnnc0R50EJo	t	A0FH93L2	\N	\N	en
419	Citlaly Magos	524434845929	batercmmandroid@yopmail.com	$2b$12$K74/0QNGLdW0vJN/4ffEneM6zr9ZPO.GWGZebRwlisD0r6rvRNqnu	t	\N	2025-10-28 22:31:05.057509	2025-10-28 22:30:23.291702	2025-10-29 22:48:13.003894	\N	\N	\N	\N	\N	\N	app	t	\N	\N	2025-10-29 22:48:13.000962	t	f	cus_TJzONyoxsMHVj6	0.00	eyJhbGciOiJIUzI1NiIsInR5cCI6IkpXVCJ9.eyJzdWIiOiJiYXRlcmNtbWFuZHJvaWRAeW9wbWFpbC5jb20iLCJqdGkiOiJiOGE2MzlmYy00NmVmLTQ4NjMtODdiNS1hOTA5NDE4OGYyYWUiLCJ0eXBlIjoid2Vic29ja2V0cyJ9.W8ch2ePRTlmq0GtbI2vwAc42QE9jMua6rFN0V9QQCkM	cB7wjGk7Q_uge-MePIjclg:APA91bHVIB7QBXDqp2pVkKkRhrbwbi3Ar0ncccyd8K_b3q3QBMye2bCeky4KgQCHCeMmTLEKnOEONazWBsiSprKHdyT6mBlzU5XHJioWjYkQPLy7RLOCKPc	active	\N	\N	f	Y5WET3ZM	\N	\N	en
447	Cesar Flores	524436794700	javier.barter001@yopmail.com	$2b$12$.BBmYbdmNlq0tjz66wGFj.J6cxYo1tRZUUSHpdpPnERp/njriayT.	t	\N	2025-11-11 23:20:34.527066	2025-11-11 23:20:27.431566	2025-11-26 20:21:30.205823	\N	\N	\N	\N	\N	\N	app	t	\N	\N	2025-11-25 22:07:53.396464	t	f	cus_TPFMcSTbxjrXWR	0.00	eyJhbGciOiJIUzI1NiIsInR5cCI6IkpXVCJ9.eyJzdWIiOiJqYXZpZXIuYmFydGVyMDAxQHlvcG1haWwuY29tIiwianRpIjoiNWM5MGExZjEtZGMyYi00ZDExLWFiNzQtZDhiYjNiZWFmZDU1IiwidHlwZSI6IndlYnNvY2tldHMifQ.Snr97qVr_4poDXgeQA78_tTxRYnCrcyyl_eP9r1Hh1Q	\N	active	\N	\N	f	J3L7JODH	\N	\N	en
379	Sapito Mm	321234568902	sapitomm75@gmail.com	\N	t	\N	2025-10-10 19:19:14.367959	2025-10-10 19:19:10.628782	2026-02-04 15:40:38.405051	\N	\N	t	f	f	ebM14II3eNTngezbTCYAzSSddWH2	social	t	\N	\N	2026-02-04 15:40:33.432662	t	f	cus_TDCEPlrlpY26gB	0.00	eyJhbGciOiJIUzI1NiIsInR5cCI6IkpXVCJ9.eyJzdWIiOiJzYXBpdG9tbTc1QGdtYWlsLmNvbSIsImp0aSI6IjllMjczN2M0LWE2ZDItNDEwMS1hZDFiLTQ2ZTkwYzlhOTY1MCIsInR5cGUiOiJ3ZWJzb2NrZXRzIn0.i_LEuadOyFuTTRWKp9G36WzDxExosPh79D74Dc26aIk	\N	active	\N	\N	f	KFMMLSVI			es
411	Imelda	525624499939	mela737@gmail.com	\N	t	\N	\N	2025-10-28 22:14:56.896753	2025-12-26 21:09:11.643614	\N	\N	t	f	f	8q1iQCYzyEXucVeVgbCilqkCxZ52	social	f	419809	2025-10-28 22:29:57.221872	2025-12-26 21:09:11.640464	t	f	cus_TJz81DVahSjEQa	0.00	eyJhbGciOiJIUzI1NiIsInR5cCI6IkpXVCJ9.eyJzdWIiOiJtZWxhNzM3QGdtYWlsLmNvbSIsImp0aSI6ImMyZDRiZGJmLTc2YTMtNGZjNy1iNmZmLWE0N2NhYjU1ODVlYiIsInR5cGUiOiJ3ZWJzb2NrZXRzIn0.nQChhkND1snRD7yrhQT_gFdLcos9oG9F0F7vhlNX4n4	\N	active	\N	\N	f	ITYPOGDR			en
402	Angel Pelayo	17146846130	angelpelayo1@gmail.com	$2b$12$6PuD5RrE9.Hl1dJQhPwQw.J3kEf1QdjnptbHOYDD3rcOy82wMm3cm	t	\N	2025-10-23 01:41:20.239092	2025-10-23 01:38:59.055767	2026-01-29 21:49:12.274407	\N	\N	\N	\N	\N	\N	app	t	\N	\N	2026-01-28 23:27:24.635094	t	f	cus_THn4lGajqhPMNM	0.00	eyJhbGciOiJIUzI1NiIsInR5cCI6IkpXVCJ9.eyJzdWIiOiJhbmdlbHBlbGF5bzFAZ21haWwuY29tIiwianRpIjoiMjBjNTRkOGMtNGVlNS00MTA3LTk0NmUtOGVmYWNkZTE0ODA1IiwidHlwZSI6IndlYnNvY2tldHMifQ.jF2mzanmk_7E5xld3G1qk7FE7tDXDE7YtkmxWijEGlg	\N	active	\N	\N	f	R97CIZGN	\N	\N	en
427	Javier Cesra Ramírez 	524434632679	javier.barter002@yopmail.com	$2b$12$ke0tAn710Qi4cOTOUi8KnOiyKXctzdHvkuqkIxbsjRgJvO86IAFRe	t	\N	2025-11-05 18:21:49.967802	2025-11-03 16:31:20.968493	2025-11-05 18:22:17.788522	\N	\N	\N	\N	\N	\N	app	t	\N	\N	2025-11-05 18:19:45.681418	t	f	cus_TM8x0LS6FBSnzL	0.00	eyJhbGciOiJIUzI1NiIsInR5cCI6IkpXVCJ9.eyJzdWIiOiJqYXZpZXIuYmFydGVyMDAyQHlvcG1haWwuY29tIiwianRpIjoiOThiNmMzYzQtYjA4Ni00YjhlLWJmN2EtNmI4M2VkNTUxYWFhIiwidHlwZSI6IndlYnNvY2tldHMifQ.MXeGUVfdDtjlNtkI44h4JyerVZap3OKbNS2SNZIJnbs	\N	active	\N	\N	f	GZVD5NEJ	\N	\N	en
424	Cesar Ios	524476694701	barter.ios001@yopmail.com	$2b$12$3AzRXvVKVy7pFomBbgGNZ.NV8uvEvI8e8XrbQ5FwJIiBAJonFnt22	t	\N	2025-10-30 17:53:14.993054	2025-10-30 17:53:09.353045	2025-11-03 15:35:57.649056	\N	\N	\N	\N	\N	\N	app	t	\N	\N	2025-11-03 15:35:37.674433	t	f	cus_TKfMuY3vA2Ajo3	0.00	eyJhbGciOiJIUzI1NiIsInR5cCI6IkpXVCJ9.eyJzdWIiOiJiYXJ0ZXIuaW9zMDAxQHlvcG1haWwuY29tIiwianRpIjoiMWI2MmNjOTQtYTY4Zi00MjMyLTk2ODAtODhlOGZjYzEzZDlhIiwidHlwZSI6IndlYnNvY2tldHMifQ.0ryqo4XHHKvz1kblYMYpftzy6E0NSLHidAK1fMTXs0Y	\N	active	\N	\N	t	2ATQSLQ5	\N	\N	en
422	Jesse Pelayo	13232253254	jesse.masterpaint@gmail.com	$2b$12$x4E7g8yBVWbkQS0Kop.po.0qwVNlpiLUA3nIH8M0eUvHS9IHx3Nvq	t	\N	2025-10-29 22:25:18.88274	2025-10-29 22:25:13.029773	2025-10-30 02:55:55.604622	\N	\N	\N	\N	\N	\N	app	t	\N	\N	2025-10-30 02:45:33.914869	t	f	cus_TKMWO4FDY0LHl3	0.00	eyJhbGciOiJIUzI1NiIsInR5cCI6IkpXVCJ9.eyJzdWIiOiJqZXNzZS5tYXN0ZXJwYWludEBnbWFpbC5jb20iLCJqdGkiOiIwZDc2N2JiNC1iMDJmLTQzZmUtOTEyNS01NzQyNzA4OWRiOGEiLCJ0eXBlIjoid2Vic29ja2V0cyJ9.03iWv4LsFhgeyuD97alM9qGm_5w-AXr3uVQ5R-4zyNA	\N	active	\N	\N	f	A1C5A8E7	\N	\N	en
421	Pruebas	7152170912	danielpd0521@gmail.com	$2b$12$xsfvEfnfHZiKom7eFkV58OaVXJAosLXXjTiMzVsnD/hpZR9ooUniG	t	\N	\N	2025-10-29 21:35:47.805489	2025-10-29 21:35:48.142299	\N	\N	\N	\N	\N	\N	app	f	776760	2025-10-29 21:50:48.140629	2025-10-29 21:31:14.420877	t	f	cus_TKLjFsTItpYAhg	0.00	\N	string	active	\N	\N	f	QD0V81P6	string	\N	en
418	Citlaly Morales 	524431397206	batercmmios@yopmail.com	$2b$12$6fHXS4OOQeigCg6.UZiYAuXJ4/9DqB.GVoom3nF57L8rmF/I0j0wS	t	\N	2025-10-28 22:31:06.737362	2025-10-28 22:30:20.38156	2025-10-29 21:58:13.525719	\N	\N	\N	\N	\N	\N	app	t	\N	\N	2025-10-29 21:58:13.522811	t	f	cus_TJzOLdPBbgEAAW	0.00	eyJhbGciOiJIUzI1NiIsInR5cCI6IkpXVCJ9.eyJzdWIiOiJiYXRlcmNtbWlvc0B5b3BtYWlsLmNvbSIsImp0aSI6Ijg1NTBhY2Q0LTk0YTUtNGE1MS04MzIzLTkxMzFkZjFmMGY4ZCIsInR5cGUiOiJ3ZWJzb2NrZXRzIn0.keOxqEkWywYwfOSTHrYqupyDqv6wsW1q-cfxPhfX6Vo	\N	active	\N	\N	f	SXLOXN9M	\N	\N	en
444	Cristian Morelia	524431079668	cristian.bermudesa@sfa.michoacan.gob.mx	$2b$12$UWL0sd7y8g0R1cFWwKit2u8lfrUOH2HEOcNhSSVO.FtucTxKiNr4e	t	\N	2025-11-07 21:28:59.621716	2025-11-07 21:28:50.03119	2025-11-07 23:24:14.445213	\N	\N	\N	\N	\N	\N	app	t	\N	\N	2025-11-07 21:37:30.716292	t	f	cus_TNiebtU01LXxcU	0.00	eyJhbGciOiJIUzI1NiIsInR5cCI6IkpXVCJ9.eyJzdWIiOiJjcmlzdGlhbi5iZXJtdWRlc2FAc2ZhLm1pY2hvYWNhbi5nb2IubXgiLCJqdGkiOiJiMzQ1M2M5Ny0yYmIwLTQ2OGMtYjJjOC0yZDk4NjY1NWI2ZWMiLCJ0eXBlIjoid2Vic29ja2V0cyJ9.LANgjcqXIB_q7yA_2anFjtkDz8pfw6DaVdXW3iKEtog	\N	active	\N	\N	f	TBTZXJKX	\N	\N	en
385	Juan	521234567890	testjbarter@yopmail.com	$2b$12$f9V0GKt/gyIfNW5U9u8rpeWaHaZF2ZTG1V94aTMdTGtlJTBhohFou	t	\N	2025-10-10 23:08:20.964389	2025-10-10 23:08:14.565327	2025-11-12 19:59:49.055883	\N	\N	\N	\N	\N	\N	app	t	\N	\N	2025-11-12 19:58:47.99095	t	f	cus_TDFv8SMBoRjdfj	0.00	eyJhbGciOiJIUzI1NiIsInR5cCI6IkpXVCJ9.eyJzdWIiOiJ0ZXN0amJhcnRlckB5b3BtYWlsLmNvbSIsImp0aSI6ImU5Mjc0OWQ1LTM2NDQtNGE1NC05MjJlLTIzOTBjNGU4OTQ1MCIsInR5cGUiOiJ3ZWJzb2NrZXRzIn0.UwQ4eVegbib4asMFQ4-9jQ3VlnVOmVKDhBBVze2I_rc	\N	active	\N	\N	f	FDDJ4TDJ	\N	\N	en
423	Frances White	17145760503	hemetbookfair@gmail.com	$2b$12$7PWGkZTPHBwUzLEZZBaRBuccivaidMvU7clNIwfxMB8iWc3vDneRy	t	\N	2025-10-29 22:30:01.370919	2025-10-29 22:28:30.773031	2025-10-29 22:35:22.519248	\N	\N	\N	\N	\N	\N	app	t	\N	\N	2025-10-29 22:30:02.209366	t	f	cus_TKManhbJBpzphk	0.00	eyJhbGciOiJIUzI1NiIsInR5cCI6IkpXVCJ9.eyJzdWIiOiJoZW1ldGJvb2tmYWlyQGdtYWlsLmNvbSIsImp0aSI6IjA3ZTc0NzliLTRjZDUtNDUwOC1hOTg2LWY5OTA1MWI3YmRmMCIsInR5cGUiOiJ3ZWJzb2NrZXRzIn0.N_xBidp2HVJE7xbqm53zS3c-3kbG1yBZb9g0-jHgoN4	\N	active	\N	\N	f	79FSX1MZ	\N	\N	en
415	Carolina Hinojosa	528112808901	carolina.hinojosa86@gmail.com	$2b$12$fDzrdsAIgcM3TtwVHu1zq.ABkLVe5Oq3t/OjPJV4om6GVOZo2B5Iq	t	\N	2025-10-28 22:25:19.477705	2025-10-28 22:25:09.555508	2025-11-04 01:40:05.968587	\N	\N	\N	\N	\N	\N	app	t	\N	\N	2025-11-03 22:13:15.442453	t	f	cus_TJzIuKobQbgDAj	0.00	eyJhbGciOiJIUzI1NiIsInR5cCI6IkpXVCJ9.eyJzdWIiOiJjYXJvbGluYS5oaW5vam9zYTg2QGdtYWlsLmNvbSIsImp0aSI6Ijg3YWE2MjUwLWNjYjAtNDgzMS1hM2IxLWM4ZGI0YmMwMTkwMCIsInR5cGUiOiJ3ZWJzb2NrZXRzIn0.m3wrQ5lr4tcTViAW2cUBzDtUyXr00s_JJ0KTplOO1Ck	\N	active	\N	\N	f	7XJQKZEX	\N	\N	en
369	Daniel Martinez Rojas	527152369632	deleted_369@del.local	\N	t	\N	\N	2025-10-10 17:23:12.252686	2025-11-05 17:19:37.851359	\N	\N	t	f	f	del_369_89bc75	social	f	328864	2025-10-10 17:43:55.488668	2025-11-05 17:10:19.731822	t	f	cus_TDAMV7jawXdfuY	0.00	eyJhbGciOiJIUzI1NiIsInR5cCI6IkpXVCJ9.eyJzdWIiOiJkYW5pZWxtYXJ0aW5lejA5N3Byb0BnbWFpbC5jb20iLCJqdGkiOiIzNWUwOWI3MS04NjQ2LTQ2MzgtYjI1ZS1mNWRiY2Y2YzUwMjgiLCJ0eXBlIjoid2Vic29ja2V0cyJ9.dzuntdZ43nfyqKZIcU90b6xeQ2K7FYlW8J8BEZW9d0g	\N	active	\N	\N	t	B9NNKK3X			en
420	Cuarto Juan	520987654321	testjbarter4@yopmail.com	$2b$12$vfwrm5KXMXJZm.zYIsbqhu09tkj8h0idc1E.3fwty3JhXYw.F3iu.	t	\N	2025-10-29 18:36:17.536819	2025-10-29 18:36:12.625108	2025-11-05 17:53:59.901329	\N	\N	\N	\N	\N	\N	app	t	\N	\N	2025-11-05 00:41:53.663243	t	f	cus_TKIpskJBjH6VFN	0.00	eyJhbGciOiJIUzI1NiIsInR5cCI6IkpXVCJ9.eyJzdWIiOiJ0ZXN0amJhcnRlcjRAeW9wbWFpbC5jb20iLCJqdGkiOiI5YmYyODdkMS1lY2Q1LTQwZDMtOTI2MS1mZDhjZjYxOTg4MDMiLCJ0eXBlIjoid2Vic29ja2V0cyJ9.WnUH47J4HtwLeSqEQF2IVSzsVtZ5AHmxKD1WQ5Bk8y4	\N	active	\N	\N	t	IND99QH5	\N	\N	en
396	Guayo Pelayo 	13232737512	guayopelayo1@gmail.com	$2b$12$C8HcfuTasWNzxf2Y2klfyOFHpp4N1h5HqJ/mIEXoS4ii/.wY1Zv0e	t	\N	2025-10-19 21:00:38.590858	2025-10-19 21:00:33.903916	2025-11-03 18:02:28.841778	\N	\N	\N	\N	\N	\N	app	t	\N	\N	2025-11-01 07:00:34.755113	t	f	cus_TGau9kN8Vz3ok8	0.00	eyJhbGciOiJIUzI1NiIsInR5cCI6IkpXVCJ9.eyJzdWIiOiJndWF5b3BlbGF5bzFAZ21haWwuY29tIiwianRpIjoiNzYwNjBiYjAtOTY0Yy00NDA2LWFkMDktNTQ0MjZlN2E3MWJmIiwidHlwZSI6IndlYnNvY2tldHMifQ.kv6ytSRBxJc-yaIpZWM184xguZoqHKSoehxl0izf0kw	\N	active	\N	\N	f	NL14TA2G	\N	\N	en
442	Edward Colei	524434679101	c1939092@gmail.com	\N	t	\N	2025-11-07 00:56:47.33347	2025-11-07 00:56:42.546737	2025-12-17 18:30:08.09132	\N	\N	t	f	f	gwOPuUtEfKamSyxV6DURGFrFXw53	social	t	\N	\N	2025-12-17 17:35:23.762625	t	f	cus_TNOmfkI6btUHwB	0.00	eyJhbGciOiJIUzI1NiIsInR5cCI6IkpXVCJ9.eyJzdWIiOiJjMTkzOTA5MkBnbWFpbC5jb20iLCJqdGkiOiJlMjUwZTkwYy1kMDNhLTRiMzYtODk4NS1iYTE5NTA3MTQ1NGIiLCJ0eXBlIjoid2Vic29ja2V0cyJ9.7WM4FjKa2cxMuoH6nl_GWUv25cSooNlyaTwWTTGJ5ic	\N	active	\N	\N	f	ER8AC5HZ			en
456	Usuario Cliente	524431909977	cliente@yopmail.com	$2b$12$W2jpVCmmRdJFbFLc2qcuuO7eHI/luFZ4YgkFqoIrgSSxi.d9iw/Gi	t	\N	2025-11-24 22:58:34.037759	2025-11-24 22:58:28.456496	2025-12-02 19:37:04.776898	\N	\N	\N	\N	\N	\N	app	t	\N	\N	2025-12-02 19:34:43.675441	t	f	cus_TU6wsdfYtAeVjT	0.00	eyJhbGciOiJIUzI1NiIsInR5cCI6IkpXVCJ9.eyJzdWIiOiJjbGllbnRlQHlvcG1haWwuY29tIiwianRpIjoiNGYxY2Q1ZmMtNGEwNS00Nzc5LTg2OWItNjIyY2FjMTlmMTZiIiwidHlwZSI6IndlYnNvY2tldHMifQ.xMtWnLWWX6AQmjlEte2NkIskwMmvPssRRUT1ckO5HfM	\N	active	\N	\N	f	7IAWPMGN	\N	\N	en
452	Rata TORRES RAMIREZ	524432387556	q46y6sq7mj@privaterelay.appleid.com	\N	t	\N	2025-11-20 17:07:12.255382	2025-11-20 17:03:58.032584	2025-12-09 23:43:51.591489	\N	\N	f	f	t	1Dup2Z03BBO5kV5gaO190eOAcWA3	social	t	\N	\N	2025-11-20 17:07:12.400985	t	f	cus_TSWJhaOREKLDnr	0.00	eyJhbGciOiJIUzI1NiIsInR5cCI6IkpXVCJ9.eyJzdWIiOiJxNDZ5NnNxN21qQHByaXZhdGVyZWxheS5hcHBsZWlkLmNvbSIsImp0aSI6ImNlMDRhMzMwLWFhNjMtNDU3Zi05ZWNlLWUwNjk3OTc4YmU0MSIsInR5cGUiOiJ3ZWJzb2NrZXRzIn0.f0Pyp_wUuoF9Ga9hcime8vBiNVE5Icw-zAkQWc3SGSI	\N	disabled	\N	\N	f	TLE4TJ72			en
437	Daniel Martinez Tello	del_437	deleted_437@del.local	\N	t	\N	\N	2025-11-05 20:20:09.705668	2025-11-06 14:24:21.665466	\N	\N	t	f	f	del_437_kp4rql	social	f	358117	2025-11-05 20:35:10.014025	2025-11-06 14:23:32.785877	t	f	cus_TMx5ruBMou5X81	0.00	eyJhbGciOiJIUzI1NiIsInR5cCI6IkpXVCJ9.eyJzdWIiOiJkYW5pZWxtYXJ0aW5lenRlbGxvMEBnbWFpbC5jb20iLCJqdGkiOiJkMzFkNWZjZi03NDhkLTRkMmItYjg0ZC04YWY2Njc0MDY1OTMiLCJ0eXBlIjoid2Vic29ja2V0cyJ9.lnlSc8bymuNEtrertzHH99brLFPK0iL6nX98yUWqcwI	\N	active	\N	\N	t	DG102YV0			en
431	Daniel Martinez Rojas	del_431	deleted_431@del.local	\N	t	\N	\N	2025-11-05 19:51:19.164804	2025-11-05 20:07:22.745557	\N	\N	t	f	f	del_251105_1952_431	social	f	983308	2025-11-05 20:06:19.508508	2025-11-05 19:51:50.567821	t	f	cus_TMwcJOnXxiBJop	0.00	eyJhbGciOiJIUzI1NiIsInR5cCI6IkpXVCJ9.eyJzdWIiOiJkYW5pZWxtYXJ0aW5lejA5N3Byb0BnbWFpbC5jb20iLCJqdGkiOiJhNjFhOThlMC1mMWVkLTQwYjktYTY4OC00MmU4NWY2MGMxNzYiLCJ0eXBlIjoid2Vic29ja2V0cyJ9.yM97f9_hJhkwvMRIiWdST3cAaBmByQJ4xR54tTBF20U	\N	active	\N	\N	t	DGDDI540			en
386	Edward Colei	del_386	deleted_386@del.local	\N	t	\N	2025-10-10 23:29:53.355004	2025-10-10 23:29:49.27635	2025-11-07 00:56:42.543081	\N	\N	t	f	f	del_386_yh1tpe	social	t	\N	\N	2025-11-07 00:56:14.019245	t	f	cus_TDGH8HfkMTWrKr	0.00	eyJhbGciOiJIUzI1NiIsInR5cCI6IkpXVCJ9.eyJzdWIiOiJjMTkzOTA5MkBnbWFpbC5jb20iLCJqdGkiOiI0M2U4NmRjZS1kMzM2LTRjMGItYmU5MS04OGYwYjdmNDE3ODYiLCJ0eXBlIjoid2Vic29ja2V0cyJ9.aU2CTAu0pMx_Q1LLKHVQCkqioyT_aEPLXDUYHw9amxM	\N	active	\N	\N	t	4WFENZG1			en
433	Toto Pollo	del_433	deleted_433@del.local	\N	t	\N	2025-11-05 20:03:10.937145	2025-11-05 20:00:02.548996	2025-11-05 20:05:23.688556	\N	\N	t	f	f	del_251105_2005_433	social	t	\N	\N	2025-11-05 20:03:11.068073	t	f	cus_TMwlDoFd1mtFxW	0.00	eyJhbGciOiJIUzI1NiIsInR5cCI6IkpXVCJ9.eyJzdWIiOiJ0b3RvcG9sbG80MEBnbWFpbC5jb20iLCJqdGkiOiJhYjc2ZTgwZS01NWIyLTQwMDgtYWU5NC01MzZkM2EzOGZjZjQiLCJ0eXBlIjoid2Vic29ja2V0cyJ9.h65859PmdTyrZeICZqSzl1BjWvt7hnGClpKIcoAAxls	\N	active	\N	\N	t	MADREVP2			en
434	Juan Jose De La Cruz Rivera	del_434	deleted_434@del.local	$2b$12$368dIlkjii6qNY9kxPtbgONueT9S43R70S5zATq3yTkC77f3LqwPu	t	\N	2025-11-05 20:04:11.145494	2025-11-05 20:04:01.2705	2025-11-05 20:09:33.788541	\N	\N	\N	\N	\N	\N	app	t	\N	\N	2025-11-05 20:04:11.686879	t	f	cus_TMwplEAp54srst	0.00	eyJhbGciOiJIUzI1NiIsInR5cCI6IkpXVCJ9.eyJzdWIiOiJqYXZpZXIuYmFydGVyMDAzQHlvcG1haWwuY29taiIsImp0aSI6IjRmMDdjNDAyLWExNGQtNDFiYy04Yjg3LWQyMTk2NDVkOTRhOCIsInR5cGUiOiJ3ZWJzb2NrZXRzIn0.1Ego5CNzdBITXgK4-cjl-T-dOLHEkDXGJdXYkiX8K7A	\N	active	\N	\N	t	RYKPOMF6	\N	\N	en
439	User Delete	del_439	deleted_439@del.local	$2b$12$6iJeG6JRWsdBoLAQz778LOZZqM7OLJVpLx3eFKe0VyT7TWYToPvrW	t	\N	2025-11-05 20:34:47.109662	2025-11-05 20:34:41.045913	2025-11-05 21:08:51.767585	\N	\N	\N	\N	\N	\N	app	t	\N	\N	2025-11-05 21:05:59.475203	t	f	cus_TMxKUh7wlcqS1Y	0.00	eyJhbGciOiJIUzI1NiIsInR5cCI6IkpXVCJ9.eyJzdWIiOiJkZWxldGV1c2VyQHlvcG1haWwuY29tIiwianRpIjoiNWMwYTM5MGMtZDM2My00MGYxLTliYmEtODE4N2I5ZjhlMzE0IiwidHlwZSI6IndlYnNvY2tldHMifQ.r-x98v-3-eVDcCKUtzOJ0d6t4QdQaLh_SwV3hRAVZoA	\N	active	\N	\N	t	2O8J1OZ6	\N	\N	en
438	Delete User	del_438	deleted_438@del.local	$2b$12$HjwayabK0DdXtGdArcaYe.ldGAizfcHpsYsQVEUYZadCQeBhMzAhy	t	\N	2025-11-05 20:22:43.069797	2025-11-05 20:22:34.654987	2025-11-05 20:34:47.718616	\N	\N	\N	\N	\N	\N	app	t	\N	\N	2025-11-05 20:22:43.533753	t	f	cus_TMx8DxgdGsmLVJ	0.00	eyJhbGciOiJIUzI1NiIsInR5cCI6IkpXVCJ9.eyJzdWIiOiJkZWxldGV1c2VyQHlvcG1haWwuY29tIiwianRpIjoiNTg3ZjRmYWUtYjU5Yi00MzkzLTliMmUtMGMwMWZmZmFjNjc0IiwidHlwZSI6IndlYnNvY2tldHMifQ.8rDBOxvPjdKnNhGHGAHYqH70WwUhUDb1MGfIxzxLs9Q	\N	active	\N	\N	t	BNMZFAKP	\N	\N	en
460	string	string	string	$2b$12$7GRdwsWCc/opJ8QcKvJLLe5XX6husISBlBPIF2CF3b98j.c6izZ1G	t	\N	\N	2025-11-28 04:11:59.391282	2025-11-28 04:11:59.39129	\N	\N	\N	\N	\N	\N	app	f	\N	\N	2025-11-28 04:11:20.359703	t	f	\N	0.00	\N	string	active	\N	\N	f	C8PJ06GZ	string	\N	en
436	Daniel Martinez Rojas	7155190430	danielmartinez097pro@gmail.com	\N	t	\N	\N	2025-11-05 20:07:22.748936	2026-01-30 15:26:03.942061	\N	\N	t	f	f	M1UwxzSBsUS8nn7gJuAT7ZUTvKq1	social	f	128810	2025-11-05 20:22:23.077569	2026-01-30 15:25:01.905464	t	f	cus_TMwtHiiALGbl0q	0.00	eyJhbGciOiJIUzI1NiIsInR5cCI6IkpXVCJ9.eyJzdWIiOiJkYW5pZWxtYXJ0aW5lejA5N3Byb0BnbWFpbC5jb20iLCJqdGkiOiJiZWY5YWFiYy0xZjUxLTQ2ZDYtYTRlZS0xNGQxN2Y3MzQ0ZmQiLCJ0eXBlIjoid2Vic29ja2V0cyJ9.AiVBrCsvkXATSV2xOVmsT-D3rLMe2mOapTCfeJ7y0R8	\N	active	\N	\N	f	2PROG48N			en
457	Usuario Dos	524431280088	usertwo@yopmail.com	$2b$12$hHpNW4wtZd81cIZq1dQZFerXA00jv2K7x//VcEY2/yFjHDDz9AYHm	t	\N	2025-11-25 00:05:52.925731	2025-11-25 00:05:47.311301	2025-12-15 15:39:55.049888	\N	\N	\N	\N	\N	\N	app	t	\N	\N	2025-12-12 22:52:03.864923	t	f	cus_TU8138Ctf9OOHc	0.00	eyJhbGciOiJIUzI1NiIsInR5cCI6IkpXVCJ9.eyJzdWIiOiJ1c2VydHdvQHlvcG1haWwuY29tIiwianRpIjoiOTk2OWQxYTAtZTMyYS00ZTAwLWE3ZWItNjQxYTFiMTE3OTY5IiwidHlwZSI6IndlYnNvY2tldHMifQ.w0cfUhb8NBS2JgII2lmady-d6qBS157sU590xarYEbs	\N	active	\N	\N	f	9EPJFFF6	\N	\N	es
449	Americo Quiroz	526461078534	americoquirozensenada@gmail.com	\N	t	\N	2025-11-12 22:34:12.168895	2025-11-12 22:34:02.258084	2025-12-17 04:14:41.209138	\N	\N	t	f	f	nWCDcSe6QoNA6UWxtLtPgg1uIQn1	social	t	\N	\N	2025-12-17 04:14:41.206308	t	f	cus_TPbpgOnIeGTaHg	0.00	eyJhbGciOiJIUzI1NiIsInR5cCI6IkpXVCJ9.eyJzdWIiOiJhbWVyaWNvcXVpcm96ZW5zZW5hZGFAZ21haWwuY29tIiwianRpIjoiNjA2NDFmZjgtMTMyNC00YzVjLTlkN2UtNzkyOTRmY2VkYzVhIiwidHlwZSI6IndlYnNvY2tldHMifQ.z6AcjyuSaRT9WMhwiF1hNooBl7iQo6-2QXte8eTi_n4	dbUEv_BKTpe66aOGNfu-E9:APA91bFsVXmKeMv3WOS-epvRPjzrneb27MPBno2mXyAb7heE6s1txvutDINj1PjgnGD6qFA-fB1TIswTPS__gmkQm-jeNJAFFgTFZs7fIGOyyJnBjTDhGUs	active	\N	dbUEv_BKTpe66aOGNfu-E9:APA91bFsVXmKeMv3WOS-epvRPjzrneb27MPBno2mXyAb7heE6s1txvutDINj1PjgnGD6qFA-fB1TIswTPS__gmkQm-jeNJAFFgTFZs7fIGOyyJnBjTDhGUs	f	Q7HGXHUU			en
448	Daniel Martinez Tello	\N	danielmartineztello0@gmail.com	\N	t	\N	\N	2025-11-12 22:25:07.890139	2026-01-30 22:13:17.249251	\N	\N	t	f	f	xNHDOl7NNpdPEX9epissLKEU1j22	social	f	\N	\N	2026-01-30 22:02:58.792974	t	f	cus_TPbghABvIbHit9	0.00	eyJhbGciOiJIUzI1NiIsInR5cCI6IkpXVCJ9.eyJzdWIiOiJkYW5pZWxtYXJ0aW5lenRlbGxvMEBnbWFpbC5jb20iLCJqdGkiOiJhM2QzNmY5OC02MzQ2LTQ5M2ItODkyZC04YmRlNmNkYjk4OWEiLCJ0eXBlIjoid2Vic29ja2V0cyJ9.-zGJGisT9w1zydjiHlqOkAcoiil05xNgAlgUh3mm2l0	\N	active	\N	\N	f	LD2R5GUH			en
435	luis Martin	del_435	deleted_435@del.local	\N	t	\N	\N	2025-11-05 20:05:23.692093	2026-01-13 18:42:43.038312	\N	\N	t	f	f	del_435_585yta	social	f	560870	2025-11-05 20:20:24.000938	2026-01-13 18:42:38.017316	t	f	cus_TMwrzOgrqVk712	0.00	eyJhbGciOiJIUzI1NiIsInR5cCI6IkpXVCJ9.eyJzdWIiOiJ0b3RvcG9sbG80MEBnbWFpbC5jb20iLCJqdGkiOiI0OTZmN2NmZC00MmZmLTQ3MGUtYWZiZC1lM2I3ZWNjODk1MTIiLCJ0eXBlIjoid2Vic29ja2V0cyJ9.Dbq2jXI4K-UD3MJezB13UZW3fw2gcggrP8DuaD-qRps	\N	active	\N	\N	t	ZLNH5KMT			es
432	Raul Aparicio	524431079663	padrinomuniz@gmail.com	\N	t	\N	2025-11-05 19:57:01.99928	2025-11-05 19:56:31.915039	2026-02-04 15:37:26.928637	\N	\N	t	f	f	1LZMVuUbF5Tn1WlVQoLGLVxbBHW2	social	t	\N	\N	2026-02-04 15:37:26.926336	t	f	cus_TMwiCJ6rRE1QXk	0.00	eyJhbGciOiJIUzI1NiIsInR5cCI6IkpXVCJ9.eyJzdWIiOiJwYWRyaW5vbXVuaXpAZ21haWwuY29tIiwianRpIjoiZWVmODY4MDItNmQwMC00NTBiLTk2NTUtOTQ0OWYzYTM2MjgxIiwidHlwZSI6IndlYnNvY2tldHMifQ.ijnA2Nny2py1jIDJIgoR2Eaa46h8w2wtrEswsdFEK_s	934e0652779555d082b55fd62ff6c70d78507a6746206911c72b4d1f15232f1c	active	\N	\N	f	5FSS2XY1			es
376	Customer	524431289878	customer@yopmail.com	$2b$12$nQKymm3vlRac0iwRyk46KeSgstDDmQqTfHpMgG.2K51DacZF0Y8XG	t	\N	2025-10-10 18:41:36.736351	2025-10-10 18:41:30.549679	2026-02-03 20:03:07.593237	\N	\N	\N	\N	\N	\N	app	t	\N	\N	2026-02-03 20:03:07.2487	t	f	cus_TDBd2hoaf30zHo	0.00	eyJhbGciOiJIUzI1NiIsInR5cCI6IkpXVCJ9.eyJzdWIiOiJjdXN0b21lckB5b3BtYWlsLmNvbSIsImp0aSI6IjNmOGM5NGVmLWQ5Y2MtNDAyNy1hODUwLWEwNzYxODlmOGQ4ZSIsInR5cGUiOiJ3ZWJzb2NrZXRzIn0.NW9PUOqTM9cF-jEEpv95ht-wFWrD8Ik0tQv1NVV_fFU	8060612fd3c6867a8c98b78839cf47ad9a463fba8964a1bb215caf90054951419a0e05fe1c7c3e002449cc689d4f2a04a2ef363dc02ef3a75378b5cd752ca9f6200e5afeb54b85b81fbd260101bbd7e7	active	\N	null	f	XBMYKJ2X	\N	\N	es
461	dasdsadas	4434632367	barterQA@barterflip.com	$2b$12$ujFSav1qJRKx2HMUk5e07eW0SO3xNnb16wA.WlARRqYUUEDAV6NcW	t	\N	\N	2025-12-04 00:04:20.832853	2025-12-09 22:16:44.10682	\N	\N	\N	\N	\N	\N	cms	f	\N	\N	2025-12-09 22:16:44.104288	t	f	cus_TXmsDX1gryUXyM	0.00	eyJhbGciOiJIUzI1NiIsInR5cCI6IkpXVCJ9.eyJzdWIiOiJiYXJ0ZXJRQUBiYXJ0ZXJmbGlwLmNvbSIsImp0aSI6IjczZGEwZDhjLWMzMDItNDVhMC1hY2U1LWM5ZmQ0ZTA4NDY3NCIsInR5cGUiOiJ3ZWJzb2NrZXRzIn0.RFa325Kc-hMmwYYlhx_ixZT2NFLH18bRWgyXuTp8iH0	\N	active	D005	\N	f	8J6IMOLS	\N	\N	en
451	Francisco Javier Camargo Casillas	524431726994	fcamargo.casillas@gmail.com	\N	t	\N	\N	2025-11-20 15:04:29.257242	2025-12-09 23:44:05.167224	\N	\N	t	f	f	z96XKW5567Xmms7N7khGU2k6RIt2	social	f	253456	2025-11-20 15:19:29.66328	2025-11-20 17:01:42.267681	t	f	cus_TSUOkJp6jAB9K7	0.00	eyJhbGciOiJIUzI1NiIsInR5cCI6IkpXVCJ9.eyJzdWIiOiJmY2FtYXJnby5jYXNpbGxhc0BnbWFpbC5jb20iLCJqdGkiOiJiOTA4MGJlZi1jM2NjLTQ2MjctOWRjMy1iNDljMThiMDk1ZjciLCJ0eXBlIjoid2Vic29ja2V0cyJ9.zmjKqpaS_ejUi8Y37DY9cvZ7WH6YyQzQqJH0h16SID8	f5FPbeF3TsCFibY-_IRd5Q:APA91bGmbpmcg-7XdkxhagecJ-c2RoCzuKVXBDfEEsXtXYtSh2z_wNbT1j4TwduAv2uOaz23wtdseC-isPXqQvAvdymSJAyGOpYRhUoNNEu5XFa9-xP2wcA	disabled	\N	f5FPbeF3TsCFibY-_IRd5Q:APA91bGmbpmcg-7XdkxhagecJ-c2RoCzuKVXBDfEEsXtXYtSh2z_wNbT1j4TwduAv2uOaz23wtdseC-isPXqQvAvdymSJAyGOpYRhUoNNEu5XFa9-xP2wcA	f	830TK45K			en
381	Super Admin	1234567890	admin@barterflip.com	$2b$12$3RBU.up8UmUhQoHXYkwMzeo8E.Uz/QQe4Y3KU.eb7dxwldmTwXfAm	t	2025-04-08 01:56:41.001	2025-04-08 01:56:41.001	2025-04-08 01:56:41.001	2026-02-05 13:55:01.81904	\N	\N	f	f	f	\N	cms	t	\N	\N	2026-02-05 13:55:01.800553	t	f	cus_TDCz1xdth5rjBS	0.00	eyJhbGciOiJIUzI1NiIsInR5cCI6IkpXVCJ9.eyJzdWIiOiJhZG1pbkBiYXJ0ZXJmbGlwLmNvbSIsImp0aSI6IjdkYzQ0YzdmLTE0OGUtNDdkZi04YjAxLTg1ZWE5Y2UwMmFhNCIsInR5cGUiOiJ3ZWJzb2NrZXRzIn0.m_Rd3WNQrG--kcJ4SDg1iHTlbwRB68DBC5WJfvUzAxk	\N	active	SA001	\N	f	XAX3XRKM	\N	\N	en
464	tester shift	524431280078	testershift763@gmail.com	\N	t	\N	\N	2025-12-10 18:57:57.083342	2026-01-30 22:04:52.129462	\N	\N	t	f	f	ySGS98P4FLcUn4ihH7xHwGD53uI3	social	f	302410	2025-12-10 19:12:57.525226	2026-01-30 22:04:52.126199	t	f	cus_Ta2fJo83SWhYdg	0.00	eyJhbGciOiJIUzI1NiIsInR5cCI6IkpXVCJ9.eyJzdWIiOiJ0ZXN0ZXJzaGlmdDc2M0BnbWFpbC5jb20iLCJqdGkiOiI0MGJmYzM4OC04OThlLTQ2NjYtYmM2Zi1mYWVmZDgzNjkxOTkiLCJ0eXBlIjoid2Vic29ja2V0cyJ9.oiOPrY5J8fZF8dUmEIKptlLUl9QkMQPvgk35plbU5yE	\N	active	\N	\N	f	LAT2OP7M			en
426	Jesse Pelayo	del_426	deleted_426@del.local	\N	t	\N	2025-10-31 22:48:14.554586	2025-10-31 22:48:03.629615	2026-02-04 15:13:49.028787	\N	\N	t	f	f	del_426_p2mxj7	social	t	\N	\N	2026-02-04 15:12:44.97781	t	f	cus_TL7LA71gudUO1O	0.00	eyJhbGciOiJIUzI1NiIsInR5cCI6IkpXVCJ9.eyJzdWIiOiJqZXNzZXBlbGF5b0BnbWFpbC5jb20iLCJqdGkiOiI0MDgxMjAwMS1jNWIxLTRjNzctOGI0OC1jMzIxNTdhY2YwNTkiLCJ0eXBlIjoid2Vic29ja2V0cyJ9.QHiP2z8nwK__OG4FIIwaVhnXfweEXrzZXAzqu83XGno	\N	active	\N	\N	t	7AIG5NA8			es
440	My Name Is Very Very Very Very Very Very Largeeeeeeeee	521234567806	largename@yopmail.com	$2b$12$fFa2dfQPZ/XN67H7MlpnGu8.wSdSZrrEA9u.jkYYbIO5FKW4dll16	t	\N	2025-11-05 21:18:04.291975	2025-11-05 21:17:58.635884	2025-12-10 18:45:52.691138	\N	\N	\N	\N	\N	\N	app	t	\N	\N	2025-12-10 18:42:28.512185	t	f	cus_TMy1thTmcjwQ9l	0.00	eyJhbGciOiJIUzI1NiIsInR5cCI6IkpXVCJ9.eyJzdWIiOiJsYXJnZW5hbWVAeW9wbWFpbC5jb20iLCJqdGkiOiIyZmZkMTMxOC1hOGI4LTQzZDctYWI2NS0zMzBjZjY1ZDAxOGMiLCJ0eXBlIjoid2Vic29ja2V0cyJ9.cdDZDFuMOa9UZjlNgsJ67t50lqEypONKxfzBsCteREM	\N	active	\N	\N	f	31KXL37D	\N	\N	es
463	gerardo	2233556612	QA4perfil@barterflip.com	$2b$12$l4vr5vW93y0bsveSmz4OvOxWoctU2cZkVcKM3483Af9ouTd1Dasx6	t	\N	\N	2025-12-09 22:56:02.064053	2025-12-09 22:56:02.064059	\N	\N	\N	\N	\N	\N	cms	f	\N	\N	2025-12-09 12:40:18.160827	t	f	\N	0.00	\N	\N	active	\N	\N	f	CZDLFAYN	\N	\N	en
467	Isabela	526980000147	cesar.barter4@yopmail.com	$2b$12$.7J1x65j6MxJni9m3UJ7KOQr17MjonxgpQMIHlkYjqFiZhckOEhzG	t	\N	2025-12-17 18:27:34.657283	2025-12-17 18:27:29.489973	2026-02-04 15:57:27.961249	838888	2026-01-30 22:08:08.720225	\N	\N	\N	\N	app	t	\N	\N	2026-02-04 15:55:23.29914	t	f	cus_TcelbqEs1xM77Z	0.00	eyJhbGciOiJIUzI1NiIsInR5cCI6IkpXVCJ9.eyJzdWIiOiJjZXNhci5iYXJ0ZXI0QHlvcG1haWwuY29tIiwianRpIjoiYzFhMDhiMmEtMDJkNy00ZTk0LTliZTgtZWFiMzkxMzQ5ZWI2IiwidHlwZSI6IndlYnNvY2tldHMifQ.09a5tSF_TK95nIAdq5gEcbYcnhxmdUvC4_Wpj7pJJFY	era_hZ7eQsa1kLPgiZQf2U:APA91bHihZlNTPpJGZFI3w9AYxDnf9t7TS47Gk4Sr2aizjW4DgUAqCp1MCKfS4Zh_ep_SiXA0r2I4gM4tF08istJ9Su31BE-j99rHfzZOkH2yJuOJieCZJs	active	\N	era_hZ7eQsa1kLPgiZQf2U:APA91bHihZlNTPpJGZFI3w9AYxDnf9t7TS47Gk4Sr2aizjW4DgUAqCp1MCKfS4Zh_ep_SiXA0r2I4gM4tF08istJ9Su31BE-j99rHfzZOkH2yJuOJieCZJs	f	WNSDRRXO	\N	\N	en
425	Xavier Reyes	13232085414	x.reyes6712@gmail.com	\N	t	\N	2025-10-31 16:29:39.899406	2025-10-31 16:29:30.871227	2026-01-30 00:50:55.736872	\N	\N	t	f	f	COXYVYo1exUy4eqyxvaCY0ZUunp2	social	t	\N	\N	2026-01-30 00:50:55.735019	t	f	cus_TL1FxpbMSyX4Ie	0.00	eyJhbGciOiJIUzI1NiIsInR5cCI6IkpXVCJ9.eyJzdWIiOiJ4LnJleWVzNjcxMkBnbWFpbC5jb20iLCJqdGkiOiIzYWRkZjJkNS02N2U3LTRlOGMtOTZkOS1kNTgzYzc5NzYxMGYiLCJ0eXBlIjoid2Vic29ja2V0cyJ9.NQEy8FSYzsV08rXjxfBc9FtTv8om_LgXbYeWYy9mufg	577441c8eb338bd9949249814f876897445be5e084f989eff82a1e971beb6f52	active	\N	\N	f	JI0R7WTT			en
462	jihyo	0918230912	QA2@barterflip.com	$2b$12$g6reLI9/.rC3iXt0nsBameehQeH9h.WqBnuO/tmYZ90o6E/Kj9KBW	t	\N	\N	2025-12-09 22:52:40.376411	2026-01-30 20:00:31.879537	\N	\N	\N	\N	\N	\N	cms	f	\N	\N	2026-01-30 20:00:31.876656	t	f	cus_Ta7iZv4y2X8a6X	0.00	eyJhbGciOiJIUzI1NiIsInR5cCI6IkpXVCJ9.eyJzdWIiOiJRQTJAYmFydGVyZmxpcC5jb20iLCJqdGkiOiI2ZGRmNzllNy1kYjMxLTQ3MmQtODA3Mi1mYjhlNTEwMDM2ZTAiLCJ0eXBlIjoid2Vic29ja2V0cyJ9.U6dXIdzM3oMLHWBxqpWKM1hZJ_M8Dpd2-TBRpOiQfvM	\N	active	\N	\N	f	CP28NTM9	\N	\N	en
388	Javier Ramírez edit	524434632514	javier.cesar98@outlook.com	\N	t	\N	2025-10-14 23:00:57.0247	2025-10-14 23:00:51.102251	2026-02-03 22:23:44.407682	\N	\N	f	f	t	KUMpncgMaOSmmtuGs7ZwzG7y5vy1	social	t	\N	\N	2026-02-03 22:23:44.405676	t	f	cus_TEki6NpMB2Xs5w	0.00	eyJhbGciOiJIUzI1NiIsInR5cCI6IkpXVCJ9.eyJzdWIiOiJqYXZpZXIuY2VzYXI5OEBvdXRsb29rLmNvbSIsImp0aSI6IjhhMDRjNTg1LWZiYzAtNDU1ZS05NWE4LTdkNWNjYzc5ZDAyYSIsInR5cGUiOiJ3ZWJzb2NrZXRzIn0._iyj5vRgxiQfAwsWS9u86rpbtfKWeop43Lhl_s5oVEQ	f6de7a84c844723eba0ff9211e3ed1d12ebea2f067973db036f012a41051da51	active	\N	\N	f	CG08BDHX			en
470	Tester	524431276699	tester02@yopmail.com	$2b$12$f//T8DEpjhDN.jNFf7MNHuKy9wtoyoweKxpTCeRE/crckqAwltjWK	t	\N	2025-12-29 19:31:42.744535	2025-12-29 19:31:34.156923	2026-01-02 18:42:01.128154	\N	\N	\N	\N	\N	\N	app	t	\N	\N	2025-12-30 18:47:12.802225	t	f	cus_ThAVZ5DiO7TEYR	0.00	eyJhbGciOiJIUzI1NiIsInR5cCI6IkpXVCJ9.eyJzdWIiOiJ0ZXN0ZXIwMkB5b3BtYWlsLmNvbSIsImp0aSI6ImRkMWM4OGM2LTRiMmEtNGQyZi1iOTk1LTBjNWQyMjJlYjA1ZiIsInR5cGUiOiJ3ZWJzb2NrZXRzIn0.kUIgA3Du-I26jWPqobeAlijEeFDAOsW9FQt147o-Feo	\N	active	\N	\N	f	F9YCRIE5	\N	\N	en
478	Toto Pollo	554432531086	totopollo40@gmail.com	\N	t	\N	2026-01-13 23:49:16.368119	2026-01-13 23:49:11.671554	2026-02-04 16:21:44.084185	\N	\N	t	f	f	0QPOwvdKNcepn5UMNSAcS4ksFD93	social	t	\N	\N	2026-02-04 16:21:44.080196	t	f	cus_Tmr2sjuSZKJdPH	0.00	eyJhbGciOiJIUzI1NiIsInR5cCI6IkpXVCJ9.eyJzdWIiOiJ0b3RvcG9sbG80MEBnbWFpbC5jb20iLCJqdGkiOiJlM2JmMTM1OS02Y2Q0LTRjNjgtYWE1Yy01NmJiNzU1MzZjZDQiLCJ0eXBlIjoid2Vic29ja2V0cyJ9.VTAIQvrV42-16PjLBOKEqVE3bMp06g83G4014vHKaBU	dZzXSAvKR8qPu5h8iKeH4e:APA91bGMDr--LxHria33JVhepeZ-dzNmLP1Qw4sRF13Nu-9fq3IS3TlTYczyltxSd1HSU3UolrBq4VbIOd3gZCf91NTw92t-xZ_RAuNShef5R9-qg8BUlxY	active	\N	dZzXSAvKR8qPu5h8iKeH4e:APA91bGMDr--LxHria33JVhepeZ-dzNmLP1Qw4sRF13Nu-9fq3IS3TlTYczyltxSd1HSU3UolrBq4VbIOd3gZCf91NTw92t-xZ_RAuNShef5R9-qg8BUlxY	f	6WUVIHRW			en
465	Elizabeth LH	524436147800	cesar.barter2@yopmail.com	$2b$12$mV761tSzrDHvyajZ7HBuj.xf3efF0CCYguFW2/ml0Bxow9MiwwqvS	t	\N	2025-12-17 18:25:18.025344	2025-12-17 18:25:07.655316	2026-01-08 21:08:58.304833	\N	\N	\N	\N	\N	\N	app	t	\N	\N	2026-01-08 21:08:37.646985	t	f	cus_Tceim0d2ZjlnQx	0.00	eyJhbGciOiJIUzI1NiIsInR5cCI6IkpXVCJ9.eyJzdWIiOiJjZXNhci5iYXJ0ZXIyQHlvcG1haWwuY29tIiwianRpIjoiOGY1NjM5MjUtNzAzOS00MTAxLTg5MjctZWNjMTM1ZTJjOTMwIiwidHlwZSI6IndlYnNvY2tldHMifQ.6lT82QDcvP9imrCUvJf4Apyn2YI2EPvWd5LyhYhMRpo	\N	active	\N	\N	f	2BUTHXNN	\N	\N	en
472	Dr DRE	7000000000	danielpd3052@gmail.com	$2b$12$CtlLluA0LA0WRAsFG5hx/OaQVn6DKBMhAI3b2MPqlRli0JgZ2/J5m	t	\N	\N	2025-12-29 21:32:23.703219	2025-12-30 23:26:29.094542	\N	\N	\N	\N	\N	\N	app	f	428792	2025-12-29 21:51:47.269922	2025-12-29 21:10:05.819701	t	f	cus_ThCSMwJGQcx5Ob	0.00	\N	\N	active	\N	\N	f	MG5OZIVI	\N	\N	en
450	Polo Muñoz	524432531086	pm018471@gmail.com	\N	t	\N	2025-11-19 14:20:02.021551	2025-11-19 14:19:39.069462	2026-01-20 14:20:51.674031	\N	\N	t	f	f	3qRozJ9UtPSHEU4MM31z9NDc5Hq1	social	t	\N	\N	2026-01-20 14:20:51.225791	t	f	cus_TS6RtGPOXSB58w	0.00	eyJhbGciOiJIUzI1NiIsInR5cCI6IkpXVCJ9.eyJzdWIiOiJwbTAxODQ3MUBnbWFpbC5jb20iLCJqdGkiOiI1NTM1NzM5Ni1iNDc1LTQ0NWItOWJiMi03NWY2YWFkMDUwOGMiLCJ0eXBlIjoid2Vic29ja2V0cyJ9.DYJbiGj-kXNgcUQ0tH6l1nHN5pJtV6blYN-VuruWHks	\N	active	\N	\N	f	6QFRB3UN			en
469	Tester	524431254567	tester01@yopmail.com	$2b$12$RoJG3xZf42dGpAxhgjOD8uhSmkl.gLbxjuN0dfeSlXVJ6J9yn9yAi	t	\N	2025-12-29 19:29:21.270631	2025-12-29 19:29:14.125952	2025-12-29 19:31:43.372019	\N	\N	\N	\N	\N	\N	app	t	\N	\N	2025-12-29 19:29:21.736351	t	f	cus_ThAS9kjaBtO8Gj	0.00	eyJhbGciOiJIUzI1NiIsInR5cCI6IkpXVCJ9.eyJzdWIiOiJ0ZXN0ZXIwMUB5b3BtYWlsLmNvbSIsImp0aSI6IjNiODM1Y2ExLWViMmEtNDY2Yi1iZjU0LTQzYzI5NjVkYWU5NyIsInR5cGUiOiJ3ZWJzb2NrZXRzIn0.rFcX3XosLQm0OtElIEWA7iOGuHLi2rU6BrhBTLXBODk	\N	active	\N	\N	f	FEW3PNNI	\N	\N	en
476	Jesse Pelayo	527152170998	jesse@canteradigital.com	$2b$12$rfXfKAamyJKFQU..tzhw1.4eQAwhBvaTjDeqpmnCQPdSTuSEqkcMu	t	\N	\N	2026-01-07 15:58:21.144989	2026-01-08 17:55:23.403164	\N	\N	\N	\N	\N	\N	app	f	974310	2026-01-07 16:13:21.485306	2026-01-07 15:13:51.828932	t	f	cus_TkU6y8dRsQmoQg	0.00	\N	\N	active	\N	\N	f	NB3XQDGB	\N	\N	en
474	Ramon Ramirez	524436197001	cesar.barter7@yopmail.com	$2b$12$cVpPW90/U1gIzWrudjMcm.mN2hD/D6pCuQhMD7V1Sqop7DGYwTvB6	t	\N	2025-12-30 16:46:55.344591	2025-12-30 16:46:48.057529	2026-01-20 15:22:52.23872	\N	\N	\N	\N	\N	\N	app	t	\N	\N	2026-01-20 15:21:27.966441	t	f	cus_ThV4IpuGmwjQYD	0.00	eyJhbGciOiJIUzI1NiIsInR5cCI6IkpXVCJ9.eyJzdWIiOiJjZXNhci5iYXJ0ZXI3QHlvcG1haWwuY29tIiwianRpIjoiZjVmMDk0ZjItNTIyNy00ZTUwLThiMGMtMmZjOTBjNDkzODc3IiwidHlwZSI6IndlYnNvY2tldHMifQ.J8JHeKl1ZvKRIhn5HfQTyVsDjIWB7M_4z6iVczZBmIg	\N	active	\N	\N	f	0FEIS81S	\N	\N	en
471	Daniel Buitron	527151104920	danielsereno44432s@gmail.com	$2b$12$U58Ca24r8.7jVB6t6HgG9uideAsOQwTYbmOgKrsMSUXffBepSXsnC	t	\N	\N	2025-12-29 20:38:42.04911	2025-12-30 23:26:29.094542	\N	\N	\N	\N	\N	\N	app	f	936759	2025-12-29 20:53:42.403032	2025-12-29 20:36:30.049133	t	f	cus_ThBaD7aMIsIafJ	0.00	\N	\N	active	\N	\N	f	WUGLPPXW	\N	\N	en
466	Sandra Rf	524414708471	cesar.barter3@yopmail.com	$2b$12$Qiy2GC6opi6Wsb7qqCatF.t7BKG9jtp1Km6Nyf3kPSR84i0cr54I.	t	\N	2025-12-17 18:26:25.296187	2025-12-17 18:26:19.427439	2026-01-23 21:22:54.849721	\N	\N	\N	\N	\N	\N	app	t	\N	\N	2026-01-23 21:22:54.846307	t	f	cus_TcejkoSXiOhaA4	0.00	eyJhbGciOiJIUzI1NiIsInR5cCI6IkpXVCJ9.eyJzdWIiOiJjZXNhci5iYXJ0ZXIzQHlvcG1haWwuY29tIiwianRpIjoiYWYwOGVhYTAtYzg4ZC00NDlkLThiNmItMTkxMzNlNDUzYjQyIiwidHlwZSI6IndlYnNvY2tldHMifQ.Yca5TM31cHmOCa8omz0hniWS8gsTQOYrTPNC_k7kQEc	dJ4WoHTjSHCo-aj6BvCNGg:APA91bELdjcYwl7pHouQb4NsyA4eFcedci4JaN8RHwaDSHMV6kE--i8g6h8Oj2yrsQqmEMLYPUEFxWZ3HwHf2cCg7AeBXjzPY0jFfpW3Xbrr3rogg_T-NxE	active	\N	dJ4WoHTjSHCo-aj6BvCNGg:APA91bELdjcYwl7pHouQb4NsyA4eFcedci4JaN8RHwaDSHMV6kE--i8g6h8Oj2yrsQqmEMLYPUEFxWZ3HwHf2cCg7AeBXjzPY0jFfpW3Xbrr3rogg_T-NxE	f	050EDACU	\N	\N	en
475	Daniel Marin	527152370993	daniel.marin.sereno.dev@canteradigital.mx	$2b$12$QiCiHp0dtcT6Lp4uKdw8LuvE7TCALvpQeoXT7i4/KaNPuJD7OxaA.	t	\N	\N	2025-12-30 22:31:39.501082	2025-12-30 23:26:29.094542	\N	\N	\N	\N	\N	\N	app	f	719960	2025-12-30 22:46:39.841642	2025-12-29 21:10:05.819701	t	f	cus_ThadkVqTMNxAeZ	0.00	\N	\N	active	\N	\N	f	XI4HJQWY	\N	\N	en
372	Daniel Marin	7155190432	daniel.marin.se@gmail.com	\N	t	\N	\N	2025-10-10 17:37:18.582626	2026-02-03 19:44:40.362604	957710	2026-01-30 22:21:40.332346	t	f	f	iVx2dfY98HVNU6s25CNhuK0jHI63	social	f	710433	2025-10-10 18:18:51.403569	2026-02-03 19:44:40.359059	t	f	cus_TDAaw7P3eoDBvs	0.00	eyJhbGciOiJIUzI1NiIsInR5cCI6IkpXVCJ9.eyJzdWIiOiJkYW5pZWwubWFyaW4uc2VAZ21haWwuY29tIiwianRpIjoiMDI5ZGQ2MzktZmMwMy00ZTUzLThhODUtNjQwM2JiOTU3MDYyIiwidHlwZSI6IndlYnNvY2tldHMifQ.Z1r119iBGf5Ak2q-gNtJDiIRQ1ZVfbXKIMERM9FbfXc	efUpRAaJQ9-xwf7NNybxHZ:APA91bF4rHt7hbxejzvfFFlA-kdjMETvAwCHgnKoB2jpJhW36s_Gr7AgQ6KnRq72xUPiG_FgesJ_fLjhOWYygSwTosAdl8Q8YI4Q-eVkC2WY09aYC9dvoQI	active	\N	efUpRAaJQ9-xwf7NNybxHZ:APA91bF4rHt7hbxejzvfFFlA-kdjMETvAwCHgnKoB2jpJhW36s_Gr7AgQ6KnRq72xUPiG_FgesJ_fLjhOWYygSwTosAdl8Q8YI4Q-eVkC2WY09aYC9dvoQI	f	8Z0BXG8T			es
468	Montserrat Villa	524436147900	cesar.barter5@yopmail.com	$2b$12$/vMvqVZ0CTqCr6xbEBQlaOw5k/3IkJ2jqEoVHTNTkukKGn.isYyGW	t	\N	2025-12-24 15:12:30.245933	2025-12-24 15:12:14.998651	2026-01-16 22:38:09.631439	\N	\N	\N	\N	\N	\N	app	t	\N	\N	2026-01-16 22:24:23.574559	t	f	cus_TfEBtvAzBdNESf	0.00	eyJhbGciOiJIUzI1NiIsInR5cCI6IkpXVCJ9.eyJzdWIiOiJjZXNhci5iYXJ0ZXI1QHlvcG1haWwuY29tIiwianRpIjoiNjdlOTIzYzQtMTJlZC00ZDMyLTlhNmQtYzQ2ZWU5MDc1YzU4IiwidHlwZSI6IndlYnNvY2tldHMifQ.sNB5_vcGWfVmnMe8aTyAR6NaqSoHuFFmawzjRfvbnfE	\N	active	\N	\N	f	8MLXQRLB	\N	\N	en
477	Derek	524679151814	cesar.barter10@yopmail.com	$2b$12$33QSoySf4uGie8xNlrsKk.9dwriGpLZ2E6eylIgaozPqbTT2K4djm	t	\N	2026-01-09 03:04:53.302938	2026-01-09 03:04:46.671362	2026-01-21 23:37:04.149432	\N	\N	\N	\N	\N	\N	app	t	\N	\N	2026-01-21 23:35:06.712584	t	f	cus_Tl24a0GFAO22hs	0.00	eyJhbGciOiJIUzI1NiIsInR5cCI6IkpXVCJ9.eyJzdWIiOiJjZXNhci5iYXJ0ZXIxMEB5b3BtYWlsLmNvbSIsImp0aSI6ImM5MWI0Y2MzLWI2ZDEtNDQ5NC04MDdhLTQwODYxMTVlNjY3ZiIsInR5cGUiOiJ3ZWJzb2NrZXRzIn0.isAh6XIRanuKvo0XuP4mZvp1sfO6aHZG9nRIcW6rFOg	\N	active	\N	\N	f	P3YXE4T1	\N	\N	es
481	Buho Marin	8000000000	hola@gmail.com	$2b$12$KikQQOWLHKQfU2hHtvZVruJT263JsRif1r8dcutBd5xEMisWeAUFy	t	\N	2026-01-21 17:39:02.253056	2026-01-21 17:32:59.815216	2026-01-21 17:41:14.293417	\N	\N	\N	\N	\N	\N	app	t	\N	\N	2026-01-21 17:39:02.742939	t	f	cus_Tpkmw6nEpN4f6l	0.00	eyJhbGciOiJIUzI1NiIsInR5cCI6IkpXVCJ9.eyJzdWIiOiJob2xhQGdtYWlsLmNvbSIsImp0aSI6ImNlZWRkNTdhLWVmMzktNGMxYy04NDQxLThmZjgzNjdiMGYxMiIsInR5cGUiOiJ3ZWJzb2NrZXRzIn0.7_HOjT8g2avSq-e-pccb8IIKmWDFJMRQqZlC0UQVYDA	\N	active	\N	\N	f	01D6FO0E	\N	\N	en
490	Javier Cesar Ramirez Flores	524434632370	ios.barter01@yopmail.com	$2b$12$c73jqn2crQn7dDG6Lxl8BuN0HtQNbNLseuO3ep4qzDwJzoGLY5Iee	t	\N	2026-01-30 16:24:28.318292	2026-01-30 16:24:16.171625	2026-01-30 21:57:21.817364	\N	\N	\N	\N	\N	\N	app	t	\N	\N	2026-01-30 21:52:42.670291	t	f	cus_Tt6hr2wFS3Xgva	0.00	eyJhbGciOiJIUzI1NiIsInR5cCI6IkpXVCJ9.eyJzdWIiOiJpb3MuYmFydGVyMDFAeW9wbWFpbC5jb20iLCJqdGkiOiIwMmNlZDNhOC1mMDQ2LTRlMTQtOGM3NC1jYTJkMWIyZjY5YWEiLCJ0eXBlIjoid2Vic29ja2V0cyJ9.x3Y5Tv26vq8A9k3p_sO1coSbEHTiqmN9BZSX60TkiGc	\N	active	\N	\N	f	ECA9MH4M	\N	\N	en
491	Jesse Pelayo	13232737510	jessepelayo@gmail.com	\N	t	\N	2026-02-04 15:14:16.573511	2026-02-04 15:13:49.036158	2026-02-04 20:05:55.431063	375839	2026-02-04 20:15:55.428614	t	f	f	eDmtMg5ZNmWLqRrpyJAvCwWW7tm1	social	t	\N	\N	2026-02-04 16:44:39.843375	t	f	cus_TuxhWiJMWxCKfx	0.00	eyJhbGciOiJIUzI1NiIsInR5cCI6IkpXVCJ9.eyJzdWIiOiJqZXNzZXBlbGF5b0BnbWFpbC5jb20iLCJqdGkiOiIxZDVhZmY0MC05NmU1LTQ3ODQtOGI3Mi04M2Y0YjcwNGEzMDciLCJ0eXBlIjoid2Vic29ja2V0cyJ9.7ItjEj5fl0j180bL3vXUaHIVZHrs9lJY-HKWAaduTRs	cGJDYn9bR4ytbUuq4tP3Pl:APA91bGlqZImXmqyuItOg098hxKnyGhkg47yAHkZMu-GNYC789tHEdslU9PpeTEIWWPTBjc1EIcSAc5WxBQw7POMSTgdvmJudkxXYDRea_X4bv-Swywb0Ug	active	\N	\N	f	CTAW3043			en
473	Villagomez Jony	524436149700	cesar.barter6@yopmail.com	$2b$12$oqR6MhNjd68/bFFFDdJAMePSOh2cxSyuBSYspdGmF7tqY5AoyTCf2	t	\N	2025-12-29 23:08:52.85339	2025-12-29 23:08:42.14829	2026-01-22 15:42:16.099896	\N	\N	\N	\N	\N	\N	app	t	\N	\N	2026-01-22 15:41:23.641615	t	f	cus_ThE0QKQHoY7IUD	0.00	eyJhbGciOiJIUzI1NiIsInR5cCI6IkpXVCJ9.eyJzdWIiOiJjZXNhci5iYXJ0ZXI2QHlvcG1haWwuY29tIiwianRpIjoiYzZlMWZlNTUtMDk5My00ZDNiLTg1YzEtODZmMWVmODY0YTNjIiwidHlwZSI6IndlYnNvY2tldHMifQ.hvijFATAfYTp4YYejbbuSwrq8dSpq8ZMntyy0Hxbv7I	\N	active	\N	\N	f	D5NQ5YU8	\N	\N	es
484	Javier Cesar	524434856692	cesar.barter12@yopmail.com	$2b$12$g31PN84tpvIaz0/DofNWheaFuiKqHFSdPmTOEjfkU.YeQqWlJ9Y7G	t	\N	2026-01-21 22:20:48.002405	2026-01-21 22:19:03.814858	2026-01-21 23:35:06.940776	\N	\N	\N	\N	\N	\N	app	t	\N	\N	2026-01-21 23:34:48.900256	t	f	cus_TppOMRYZR856kc	0.00	eyJhbGciOiJIUzI1NiIsInR5cCI6IkpXVCJ9.eyJzdWIiOiJjZXNhci5iYXJ0ZXIxMkB5b3BtYWlsLmNvbSIsImp0aSI6ImM4N2VmMmI4LTJlMGMtNDM0ZC04NmJjLWUwYTU4MjlmYjBlYSIsInR5cGUiOiJ3ZWJzb2NrZXRzIn0.7SeZyuZcg0zssYn8urmc3zo9FEjMSqoTArvVsGfkvnk	\N	active	\N	\N	f	03IOM0XY	\N	\N	en
479	Daniel M	7000000600	dabilo@gmail.com.mx	$2b$12$7iN5xCySxXycfn1UVowUiuP1S7r5PJ7wulZ0l8vwgvtQVoF.ODGZ2	t	\N	2026-01-21 17:08:48.524387	2026-01-21 16:42:10.343451	2026-01-21 17:41:14.293417	\N	\N	\N	\N	\N	\N	app	t	\N	\N	2026-01-21 17:08:49.04546	t	f	cus_TpjxyL0L8atC8h	0.00	eyJhbGciOiJIUzI1NiIsInR5cCI6IkpXVCJ9.eyJzdWIiOiJkYWJpbG9AZ21haWwuY29tLm14IiwianRpIjoiOWQ4ZTRlMzMtM2E0MC00ZTM4LWE0YmQtYjZlZTZmMDI1NjJjIiwidHlwZSI6IndlYnNvY2tldHMifQ.zuqgoOk-RhhmNzysST3DOxT1iKKnsiLSwA0caAy6aMc	\N	active	\N	\N	f	GG1CQVU2	\N	\N	en
486	San Miguel De Allende	del_486	deleted_486@del.local	$2b$12$wPB0oyOzFXfWIc4O.qV65.9lp32TPOoCAMzJMPOFZxlAJnsx..b6e	t	\N	2026-01-27 17:12:52.364373	2026-01-27 17:12:45.097826	2026-01-27 18:11:14.74159	\N	\N	\N	\N	\N	\N	app	t	\N	\N	2026-01-27 17:27:10.482104	t	f	cus_TrzohlvqGgNJe2	0.00	eyJhbGciOiJIUzI1NiIsInR5cCI6IkpXVCJ9.eyJzdWIiOiJwcnVlYmFzLmJhcjFAeW9wbWFpbC5jb20iLCJqdGkiOiI0ZDFhNWU5Ny1jYWRlLTQ5MTctOGI5YS1mMzMxYTUwY2U0ODkiLCJ0eXBlIjoid2Vic29ja2V0cyJ9.HKoY1BkV1nRLselCas1uLafn5xCFdQ_e9_idRbe583M	\N	active	\N	\N	t	YKS367WI	\N	\N	en
485	Aaaaaaa	524434853692	Cesar.barter13@yopmail.com	$2b$12$BE28Nn5SWWfUasDUARirXuQjuABW9CMRhdTFFc7e9SBlHA/.jD6yy	t	\N	\N	2026-01-21 22:22:26.996073	2026-01-21 22:26:20.870168	\N	\N	\N	\N	\N	\N	app	f	821949	2026-01-21 22:37:28.334654	2026-01-21 17:57:43.940938	t	f	cus_TppSx1Gjht4mvN	0.00	\N	\N	active	\N	\N	f	6XOEH9ME	\N	\N	en
482	Jarol LOL	52715217099	daniel2@gmail.com	$2b$12$nI0fMqG8WfiRqcHLtXzsSeJpd/P5/Biry0duEj4eJ2u7n.Y/fSJNa	t	\N	2026-01-27 17:26:45.887319	2026-01-21 17:51:30.777741	2026-01-27 17:26:45.889181	\N	\N	\N	\N	\N	\N	app	t	\N	\N	2026-01-21 17:44:55.516424	t	f	cus_Tpl5Uq2vQYGSZb	0.00	\N	\N	active	\N	\N	f	IZTOREXL	\N	\N	en
483	Cesar Ramirez	524434632368	cesar.barter11@yopmail.com	$2b$12$Gr77z5q65VyC4/IoP.4Tx.QIHOoJ0gtIJ3MAXV0eY2cw4Klj5nz/G	t	\N	\N	2026-01-21 22:13:38.951694	2026-02-04 15:40:13.846478	\N	\N	\N	\N	\N	\N	app	f	243642	2026-01-21 22:44:33.526068	2026-01-21 17:57:43.940938	t	f	cus_TppJVLJWcdYlIx	0.00	\N	\N	active	\N	\N	f	DVQAXECD	\N	\N	en
480	Raul Aparicio Muñoz	524435292030	spolloman78@gmail.com	$2b$12$.nbtX0OXvXA9ylX0pzJzWOrjD9eswT6H63RYGkxYdb8fSn4l4IzL.	t	\N	2026-01-21 17:12:50.787269	2026-01-21 17:12:30.112719	2026-01-28 21:19:13.827985	\N	\N	t	f	f	opVO2jkimTXVy42Cgjd5TK2bGLU2	social	t	\N	\N	2026-01-22 03:44:25.691138	t	f	cus_TpkSUMFtG6zVIE	0.00	eyJhbGciOiJIUzI1NiIsInR5cCI6IkpXVCJ9.eyJzdWIiOiJzcG9sbG9tYW43OEBnbWFpbC5jb20iLCJqdGkiOiI5YTlkYzg0Yy1hNjJlLTQ2ZjYtOGM1My1hZDU5NzFjZDVmMTEiLCJ0eXBlIjoid2Vic29ja2V0cyJ9.eXLkYwgWp3dzW5UgSyk2pXNgRO43aknVPP455XS_2Jg	\N	active	\N	\N	f	XKIRGQS8			en
487	Pomelo Anderson	527152170992	pomelo@gmail.com	$2b$12$dAc5hXuZ/vUHKOwic/GW.uS09/jw4U0NN7BDiFg8xfeWUPZ1GkQMO	t	\N	2026-01-27 17:46:56.982225	2026-01-27 17:46:42.475092	2026-02-04 19:53:42.123865	194762	2026-02-04 20:03:42.122692	\N	\N	\N	\N	app	t	\N	\N	2026-01-27 17:46:57.446932	t	f	cus_Ts0MXR2VPvyg8q	0.00	eyJhbGciOiJIUzI1NiIsInR5cCI6IkpXVCJ9.eyJzdWIiOiJwb21lbG9AZ21haWwuY29tIiwianRpIjoiMjhhMWU3YTYtMWQ5ZS00NDc0LWI3YjgtN2JiOTJjOTI5ZTJjIiwidHlwZSI6IndlYnNvY2tldHMifQ.K4Q0JR7qYioL8vCn8VW74IE7kD73Kw3fM5cqwiTR0TE	\N	active	\N	\N	f	45DQY2T3	\N	\N	en
488	Peralta3@gmail.com	527152170944	daniel.marin_se@gmail.com	$2b$12$0hU4F2vIJHimJ77/DXFUNO2yu7d83I4BZKGchE29nTtF6rKpNabD.	t	\N	\N	2026-01-27 18:02:04.742298	2026-01-30 22:03:15.158039	879340	2026-01-30 22:18:15.156488	\N	\N	\N	\N	app	f	709843	2026-01-27 18:17:06.095164	2026-01-26 23:44:34.050974	t	f	cus_Ts0bmOuhajfogo	0.00	\N	\N	active	\N	\N	f	TVHYIIOE	\N	\N	en
489	Mozzart	524434632369	pruebas.bar2@yopmail.com	$2b$12$GOZ9rFlwxHcT9Pvm3em6UOVDf7yV8NtNtoSyv8y.2EmA2yt/L8Qf6	t	\N	2026-01-27 18:04:04.896762	2026-01-27 18:03:55.702631	2026-01-30 22:09:12.702963	069971	2026-01-30 22:19:12.70198	\N	\N	\N	\N	app	t	\N	\N	2026-01-29 15:30:54.470148	t	f	cus_Ts0dJRKhBPLnK5	0.00	eyJhbGciOiJIUzI1NiIsInR5cCI6IkpXVCJ9.eyJzdWIiOiJwcnVlYmFzLmJhcjJAeW9wbWFpbC5jb20iLCJqdGkiOiIyNDc4ZWMxMy1jZDE1LTQzYjItOGJlOS1jM2FjMTY4NGYxZjYiLCJ0eXBlIjoid2Vic29ja2V0cyJ9.kFBxIvVIE8Zi7KiaMu_FeCIOXHR9n4TtRm6FBmIEOTA	\N	active	\N	\N	f	AT80IS6N	\N	\N	en
\.


--
-- Data for Name: verification_codes; Type: TABLE DATA; Schema: public; Owner: canteradigitalio_bateradmin
--

COPY public.verification_codes (id, user_id, code, expires_at, purpose) FROM stdin;
49	376	806020	2025-10-29 21:55:05.92371	change_email
54	417	224635	2025-11-03 18:42:25.065785	change_email
\.


--
-- Name: actions_id_seq; Type: SEQUENCE SET; Schema: public; Owner: canteradigitalio_bateradmin
--

SELECT pg_catalog.setval('public.actions_id_seq', 33, true);


--
-- Name: addresses_id_seq; Type: SEQUENCE SET; Schema: public; Owner: canteradigitalio_bateradmin
--

SELECT pg_catalog.setval('public.addresses_id_seq', 81, true);


--
-- Name: app_configs_id_seq; Type: SEQUENCE SET; Schema: public; Owner: canteradigitalio_bateradmin
--

SELECT pg_catalog.setval('public.app_configs_id_seq', 1, true);


--
-- Name: blocked_chat_users_id_seq; Type: SEQUENCE SET; Schema: public; Owner: canteradigitalio_bateradmin
--

SELECT pg_catalog.setval('public.blocked_chat_users_id_seq', 9, true);


--
-- Name: blocked_users_id_seq; Type: SEQUENCE SET; Schema: public; Owner: canteradigitalio_bateradmin
--

SELECT pg_catalog.setval('public.blocked_users_id_seq', 10, true);


--
-- Name: call_logs_id_seq; Type: SEQUENCE SET; Schema: public; Owner: canteradigitalio_bateradmin
--

SELECT pg_catalog.setval('public.call_logs_id_seq', 483, true);


--
-- Name: categories_id_seq; Type: SEQUENCE SET; Schema: public; Owner: canteradigitalio_bateradmin
--

SELECT pg_catalog.setval('public.categories_id_seq', 66, true);


--
-- Name: chats_id_seq; Type: SEQUENCE SET; Schema: public; Owner: canteradigitalio_bateradmin
--

SELECT pg_catalog.setval('public.chats_id_seq', 300, true);


--
-- Name: demand_levels_id_seq; Type: SEQUENCE SET; Schema: public; Owner: canteradigitalio_bateradmin
--

SELECT pg_catalog.setval('public.demand_levels_id_seq', 4, true);


--
-- Name: evaluation_categories_id_seq; Type: SEQUENCE SET; Schema: public; Owner: canteradigitalio_bateradmin
--

SELECT pg_catalog.setval('public.evaluation_categories_id_seq', 5, true);


--
-- Name: evaluation_questions_id_seq; Type: SEQUENCE SET; Schema: public; Owner: canteradigitalio_bateradmin
--

SELECT pg_catalog.setval('public.evaluation_questions_id_seq', 10, true);


--
-- Name: experience_levels_id_seq; Type: SEQUENCE SET; Schema: public; Owner: canteradigitalio_bateradmin
--

SELECT pg_catalog.setval('public.experience_levels_id_seq', 5, true);


--
-- Name: favorite_services_id_seq; Type: SEQUENCE SET; Schema: public; Owner: canteradigitalio_bateradmin
--

SELECT pg_catalog.setval('public.favorite_services_id_seq', 3, true);


--
-- Name: geocoding_cache_id_seq; Type: SEQUENCE SET; Schema: public; Owner: canteradigitalio_bateradmin
--

SELECT pg_catalog.setval('public.geocoding_cache_id_seq', 87, true);


--
-- Name: group_invitations_id_seq; Type: SEQUENCE SET; Schema: public; Owner: canteradigitalio_bateradmin
--

SELECT pg_catalog.setval('public.group_invitations_id_seq', 1, false);


--
-- Name: group_join_requests_id_seq; Type: SEQUENCE SET; Schema: public; Owner: canteradigitalio_bateradmin
--

SELECT pg_catalog.setval('public.group_join_requests_id_seq', 6, true);


--
-- Name: group_user_permissions_id_seq; Type: SEQUENCE SET; Schema: public; Owner: canteradigitalio_bateradmin
--

SELECT pg_catalog.setval('public.group_user_permissions_id_seq', 15, true);


--
-- Name: match_interests_id_seq; Type: SEQUENCE SET; Schema: public; Owner: canteradigitalio_bateradmin
--

SELECT pg_catalog.setval('public.match_interests_id_seq', 14, true);


--
-- Name: messages_id_seq; Type: SEQUENCE SET; Schema: public; Owner: canteradigitalio_bateradmin
--

SELECT pg_catalog.setval('public.messages_id_seq', 759, true);


--
-- Name: modules_id_seq; Type: SEQUENCE SET; Schema: public; Owner: canteradigitalio_bateradmin
--

SELECT pg_catalog.setval('public.modules_id_seq', 38, true);


--
-- Name: notifications_id_seq; Type: SEQUENCE SET; Schema: public; Owner: canteradigitalio_bateradmin
--

SELECT pg_catalog.setval('public.notifications_id_seq', 216917, true);


--
-- Name: organization_types_id_seq; Type: SEQUENCE SET; Schema: public; Owner: canteradigitalio_bateradmin
--

SELECT pg_catalog.setval('public.organization_types_id_seq', 66, true);


--
-- Name: participants_id_seq; Type: SEQUENCE SET; Schema: public; Owner: canteradigitalio_bateradmin
--

SELECT pg_catalog.setval('public.participants_id_seq', 635, true);


--
-- Name: profiles_id_seq; Type: SEQUENCE SET; Schema: public; Owner: canteradigitalio_bateradmin
--

SELECT pg_catalog.setval('public.profiles_id_seq', 461, true);


--
-- Name: referral_codes_id_seq; Type: SEQUENCE SET; Schema: public; Owner: canteradigitalio_bateradmin
--

SELECT pg_catalog.setval('public.referral_codes_id_seq', 3, true);


--
-- Name: referral_usages_id_seq; Type: SEQUENCE SET; Schema: public; Owner: canteradigitalio_bateradmin
--

SELECT pg_catalog.setval('public.referral_usages_id_seq', 1, true);


--
-- Name: referrals_id_seq; Type: SEQUENCE SET; Schema: public; Owner: canteradigitalio_bateradmin
--

SELECT pg_catalog.setval('public.referrals_id_seq', 1, false);


--
-- Name: refresh_tokens_id_seq; Type: SEQUENCE SET; Schema: public; Owner: canteradigitalio_bateradmin
--

SELECT pg_catalog.setval('public.refresh_tokens_id_seq', 15217, true);


--
-- Name: reported_general_users_id_seq; Type: SEQUENCE SET; Schema: public; Owner: canteradigitalio_bateradmin
--

SELECT pg_catalog.setval('public.reported_general_users_id_seq', 7, true);


--
-- Name: reported_users_id_seq; Type: SEQUENCE SET; Schema: public; Owner: canteradigitalio_bateradmin
--

SELECT pg_catalog.setval('public.reported_users_id_seq', 1, false);


--
-- Name: review_answers_id_seq; Type: SEQUENCE SET; Schema: public; Owner: canteradigitalio_bateradmin
--

SELECT pg_catalog.setval('public.review_answers_id_seq', 650, true);


--
-- Name: roles_id_seq; Type: SEQUENCE SET; Schema: public; Owner: canteradigitalio_bateradmin
--

SELECT pg_catalog.setval('public.roles_id_seq', 73, true);


--
-- Name: service_applications_id_seq; Type: SEQUENCE SET; Schema: public; Owner: canteradigitalio_bateradmin
--

SELECT pg_catalog.setval('public.service_applications_id_seq', 36, true);


--
-- Name: service_base_rates_id_seq; Type: SEQUENCE SET; Schema: public; Owner: canteradigitalio_bateradmin
--

SELECT pg_catalog.setval('public.service_base_rates_id_seq', 66, true);


--
-- Name: service_matches_id_seq; Type: SEQUENCE SET; Schema: public; Owner: canteradigitalio_bateradmin
--

SELECT pg_catalog.setval('public.service_matches_id_seq', 8247, true);


--
-- Name: service_petitions_id_seq; Type: SEQUENCE SET; Schema: public; Owner: canteradigitalio_bateradmin
--

SELECT pg_catalog.setval('public.service_petitions_id_seq', 28, true);


--
-- Name: service_request_reviews_id_seq; Type: SEQUENCE SET; Schema: public; Owner: canteradigitalio_bateradmin
--

SELECT pg_catalog.setval('public.service_request_reviews_id_seq', 65, true);


--
-- Name: service_requests_id_seq; Type: SEQUENCE SET; Schema: public; Owner: canteradigitalio_bateradmin
--

SELECT pg_catalog.setval('public.service_requests_id_seq', 189, true);


--
-- Name: service_schedules_id_seq; Type: SEQUENCE SET; Schema: public; Owner: canteradigitalio_bateradmin
--

SELECT pg_catalog.setval('public.service_schedules_id_seq', 202, true);


--
-- Name: service_validation_documents_id_seq; Type: SEQUENCE SET; Schema: public; Owner: canteradigitalio_bateradmin
--

SELECT pg_catalog.setval('public.service_validation_documents_id_seq', 1, false);


--
-- Name: services_id_seq; Type: SEQUENCE SET; Schema: public; Owner: canteradigitalio_bateradmin
--

SELECT pg_catalog.setval('public.services_id_seq', 64, true);


--
-- Name: support_assist_requests_id_seq; Type: SEQUENCE SET; Schema: public; Owner: canteradigitalio_bateradmin
--

SELECT pg_catalog.setval('public.support_assist_requests_id_seq', 19, true);


--
-- Name: token_algorithm_params_id_seq; Type: SEQUENCE SET; Schema: public; Owner: canteradigitalio_bateradmin
--

SELECT pg_catalog.setval('public.token_algorithm_params_id_seq', 1, true);


--
-- Name: token_history_id_seq; Type: SEQUENCE SET; Schema: public; Owner: canteradigitalio_bateradmin
--

SELECT pg_catalog.setval('public.token_history_id_seq', 158, true);


--
-- Name: token_operations_id_seq; Type: SEQUENCE SET; Schema: public; Owner: canteradigitalio_bateradmin
--

SELECT pg_catalog.setval('public.token_operations_id_seq', 336, true);


--
-- Name: token_packs_id_seq; Type: SEQUENCE SET; Schema: public; Owner: canteradigitalio_bateradmin
--

SELECT pg_catalog.setval('public.token_packs_id_seq', 61, true);


--
-- Name: token_user_balance_id_seq; Type: SEQUENCE SET; Schema: public; Owner: canteradigitalio_bateradmin
--

SELECT pg_catalog.setval('public.token_user_balance_id_seq', 243, true);


--
-- Name: user_hidden_chats_id_seq; Type: SEQUENCE SET; Schema: public; Owner: canteradigitalio_bateradmin
--

SELECT pg_catalog.setval('public.user_hidden_chats_id_seq', 23, true);


--
-- Name: user_match_preferences_id_seq; Type: SEQUENCE SET; Schema: public; Owner: canteradigitalio_bateradmin
--

SELECT pg_catalog.setval('public.user_match_preferences_id_seq', 136, true);


--
-- Name: users_id_seq; Type: SEQUENCE SET; Schema: public; Owner: canteradigitalio_bateradmin
--

SELECT pg_catalog.setval('public.users_id_seq', 491, true);


--
-- Name: verification_codes_id_seq; Type: SEQUENCE SET; Schema: public; Owner: canteradigitalio_bateradmin
--

SELECT pg_catalog.setval('public.verification_codes_id_seq', 54, true);


--
-- Name: group_user_permissions _chat_user_uc; Type: CONSTRAINT; Schema: public; Owner: canteradigitalio_bateradmin
--

ALTER TABLE ONLY public.group_user_permissions
    ADD CONSTRAINT _chat_user_uc UNIQUE (chat_id, user_id);


--
-- Name: actions actions_name_key; Type: CONSTRAINT; Schema: public; Owner: canteradigitalio_bateradmin
--

ALTER TABLE ONLY public.actions
    ADD CONSTRAINT actions_name_key UNIQUE (name);


--
-- Name: actions actions_pkey; Type: CONSTRAINT; Schema: public; Owner: canteradigitalio_bateradmin
--

ALTER TABLE ONLY public.actions
    ADD CONSTRAINT actions_pkey PRIMARY KEY (id);


--
-- Name: addresses addresses_pkey; Type: CONSTRAINT; Schema: public; Owner: canteradigitalio_bateradmin
--

ALTER TABLE ONLY public.addresses
    ADD CONSTRAINT addresses_pkey PRIMARY KEY (id);


--
-- Name: alembic_version alembic_version_pkc; Type: CONSTRAINT; Schema: public; Owner: canteradigitalio_bateradmin
--

ALTER TABLE ONLY public.alembic_version
    ADD CONSTRAINT alembic_version_pkc PRIMARY KEY (version_num);


--
-- Name: app_configs app_configs_pkey; Type: CONSTRAINT; Schema: public; Owner: canteradigitalio_bateradmin
--

ALTER TABLE ONLY public.app_configs
    ADD CONSTRAINT app_configs_pkey PRIMARY KEY (id);


--
-- Name: blocked_chat_users blocked_chat_users_blocker_id_blocked_id_chat_id_key; Type: CONSTRAINT; Schema: public; Owner: canteradigitalio_bateradmin
--

ALTER TABLE ONLY public.blocked_chat_users
    ADD CONSTRAINT blocked_chat_users_blocker_id_blocked_id_chat_id_key UNIQUE (blocker_id, blocked_id, chat_id);


--
-- Name: blocked_chat_users blocked_chat_users_pkey; Type: CONSTRAINT; Schema: public; Owner: canteradigitalio_bateradmin
--

ALTER TABLE ONLY public.blocked_chat_users
    ADD CONSTRAINT blocked_chat_users_pkey PRIMARY KEY (id);


--
-- Name: blocked_users blocked_users_blocker_id_blocked_id_key; Type: CONSTRAINT; Schema: public; Owner: canteradigitalio_bateradmin
--

ALTER TABLE ONLY public.blocked_users
    ADD CONSTRAINT blocked_users_blocker_id_blocked_id_key UNIQUE (blocker_id, blocked_id);


--
-- Name: blocked_users blocked_users_pkey; Type: CONSTRAINT; Schema: public; Owner: canteradigitalio_bateradmin
--

ALTER TABLE ONLY public.blocked_users
    ADD CONSTRAINT blocked_users_pkey PRIMARY KEY (id);


--
-- Name: call_logs call_logs_pkey; Type: CONSTRAINT; Schema: public; Owner: canteradigitalio_bateradmin
--

ALTER TABLE ONLY public.call_logs
    ADD CONSTRAINT call_logs_pkey PRIMARY KEY (id);


--
-- Name: categories categories_name_key; Type: CONSTRAINT; Schema: public; Owner: canteradigitalio_bateradmin
--

ALTER TABLE ONLY public.categories
    ADD CONSTRAINT categories_name_key UNIQUE (name);


--
-- Name: categories categories_pkey; Type: CONSTRAINT; Schema: public; Owner: canteradigitalio_bateradmin
--

ALTER TABLE ONLY public.categories
    ADD CONSTRAINT categories_pkey PRIMARY KEY (id);


--
-- Name: chats chats_code_key; Type: CONSTRAINT; Schema: public; Owner: canteradigitalio_bateradmin
--

ALTER TABLE ONLY public.chats
    ADD CONSTRAINT chats_code_key UNIQUE (code);


--
-- Name: chats chats_pkey; Type: CONSTRAINT; Schema: public; Owner: canteradigitalio_bateradmin
--

ALTER TABLE ONLY public.chats
    ADD CONSTRAINT chats_pkey PRIMARY KEY (id);


--
-- Name: demand_levels demand_levels_pkey; Type: CONSTRAINT; Schema: public; Owner: canteradigitalio_bateradmin
--

ALTER TABLE ONLY public.demand_levels
    ADD CONSTRAINT demand_levels_pkey PRIMARY KEY (id);


--
-- Name: evaluation_categories evaluation_categories_pkey; Type: CONSTRAINT; Schema: public; Owner: canteradigitalio_bateradmin
--

ALTER TABLE ONLY public.evaluation_categories
    ADD CONSTRAINT evaluation_categories_pkey PRIMARY KEY (id);


--
-- Name: evaluation_questions evaluation_questions_pkey; Type: CONSTRAINT; Schema: public; Owner: canteradigitalio_bateradmin
--

ALTER TABLE ONLY public.evaluation_questions
    ADD CONSTRAINT evaluation_questions_pkey PRIMARY KEY (id);


--
-- Name: experience_levels experience_levels_pkey; Type: CONSTRAINT; Schema: public; Owner: canteradigitalio_bateradmin
--

ALTER TABLE ONLY public.experience_levels
    ADD CONSTRAINT experience_levels_pkey PRIMARY KEY (id);


--
-- Name: favorite_services favorite_services_pkey; Type: CONSTRAINT; Schema: public; Owner: canteradigitalio_bateradmin
--

ALTER TABLE ONLY public.favorite_services
    ADD CONSTRAINT favorite_services_pkey PRIMARY KEY (id);


--
-- Name: geocoding_cache geocoding_cache_address_key; Type: CONSTRAINT; Schema: public; Owner: canteradigitalio_bateradmin
--

ALTER TABLE ONLY public.geocoding_cache
    ADD CONSTRAINT geocoding_cache_address_key UNIQUE (address);


--
-- Name: geocoding_cache geocoding_cache_pkey; Type: CONSTRAINT; Schema: public; Owner: canteradigitalio_bateradmin
--

ALTER TABLE ONLY public.geocoding_cache
    ADD CONSTRAINT geocoding_cache_pkey PRIMARY KEY (id);


--
-- Name: group_invitations group_invitations_pkey; Type: CONSTRAINT; Schema: public; Owner: canteradigitalio_bateradmin
--

ALTER TABLE ONLY public.group_invitations
    ADD CONSTRAINT group_invitations_pkey PRIMARY KEY (id);


--
-- Name: group_join_requests group_join_requests_pkey; Type: CONSTRAINT; Schema: public; Owner: canteradigitalio_bateradmin
--

ALTER TABLE ONLY public.group_join_requests
    ADD CONSTRAINT group_join_requests_pkey PRIMARY KEY (id);


--
-- Name: group_user_permissions group_user_permissions_pkey; Type: CONSTRAINT; Schema: public; Owner: canteradigitalio_bateradmin
--

ALTER TABLE ONLY public.group_user_permissions
    ADD CONSTRAINT group_user_permissions_pkey PRIMARY KEY (id);


--
-- Name: match_interests match_interests_pkey; Type: CONSTRAINT; Schema: public; Owner: canteradigitalio_bateradmin
--

ALTER TABLE ONLY public.match_interests
    ADD CONSTRAINT match_interests_pkey PRIMARY KEY (id);


--
-- Name: messages messages_pkey; Type: CONSTRAINT; Schema: public; Owner: canteradigitalio_bateradmin
--

ALTER TABLE ONLY public.messages
    ADD CONSTRAINT messages_pkey PRIMARY KEY (id);


--
-- Name: module_action module_action_pkey; Type: CONSTRAINT; Schema: public; Owner: canteradigitalio_bateradmin
--

ALTER TABLE ONLY public.module_action
    ADD CONSTRAINT module_action_pkey PRIMARY KEY (module_id, action_id);


--
-- Name: modules modules_name_key; Type: CONSTRAINT; Schema: public; Owner: canteradigitalio_bateradmin
--

ALTER TABLE ONLY public.modules
    ADD CONSTRAINT modules_name_key UNIQUE (name);


--
-- Name: modules modules_pkey; Type: CONSTRAINT; Schema: public; Owner: canteradigitalio_bateradmin
--

ALTER TABLE ONLY public.modules
    ADD CONSTRAINT modules_pkey PRIMARY KEY (id);


--
-- Name: notifications notifications_pkey; Type: CONSTRAINT; Schema: public; Owner: canteradigitalio_bateradmin
--

ALTER TABLE ONLY public.notifications
    ADD CONSTRAINT notifications_pkey PRIMARY KEY (id);


--
-- Name: organization_types organization_types_pkey; Type: CONSTRAINT; Schema: public; Owner: canteradigitalio_bateradmin
--

ALTER TABLE ONLY public.organization_types
    ADD CONSTRAINT organization_types_pkey PRIMARY KEY (id);


--
-- Name: participants participants_pkey; Type: CONSTRAINT; Schema: public; Owner: canteradigitalio_bateradmin
--

ALTER TABLE ONLY public.participants
    ADD CONSTRAINT participants_pkey PRIMARY KEY (id);


--
-- Name: profiles profiles_pkey; Type: CONSTRAINT; Schema: public; Owner: canteradigitalio_bateradmin
--

ALTER TABLE ONLY public.profiles
    ADD CONSTRAINT profiles_pkey PRIMARY KEY (id);


--
-- Name: profiles profiles_user_id_key; Type: CONSTRAINT; Schema: public; Owner: canteradigitalio_bateradmin
--

ALTER TABLE ONLY public.profiles
    ADD CONSTRAINT profiles_user_id_key UNIQUE (user_id);


--
-- Name: referral_codes referral_codes_pkey; Type: CONSTRAINT; Schema: public; Owner: canteradigitalio_bateradmin
--

ALTER TABLE ONLY public.referral_codes
    ADD CONSTRAINT referral_codes_pkey PRIMARY KEY (id);


--
-- Name: referral_usages referral_usages_pkey; Type: CONSTRAINT; Schema: public; Owner: canteradigitalio_bateradmin
--

ALTER TABLE ONLY public.referral_usages
    ADD CONSTRAINT referral_usages_pkey PRIMARY KEY (id);


--
-- Name: referrals referrals_pkey; Type: CONSTRAINT; Schema: public; Owner: canteradigitalio_bateradmin
--

ALTER TABLE ONLY public.referrals
    ADD CONSTRAINT referrals_pkey PRIMARY KEY (id);


--
-- Name: refresh_tokens refresh_tokens_jti_key; Type: CONSTRAINT; Schema: public; Owner: canteradigitalio_bateradmin
--

ALTER TABLE ONLY public.refresh_tokens
    ADD CONSTRAINT refresh_tokens_jti_key UNIQUE (jti);


--
-- Name: refresh_tokens refresh_tokens_pkey; Type: CONSTRAINT; Schema: public; Owner: canteradigitalio_bateradmin
--

ALTER TABLE ONLY public.refresh_tokens
    ADD CONSTRAINT refresh_tokens_pkey PRIMARY KEY (id);


--
-- Name: reported_general_users reported_general_users_pkey; Type: CONSTRAINT; Schema: public; Owner: canteradigitalio_bateradmin
--

ALTER TABLE ONLY public.reported_general_users
    ADD CONSTRAINT reported_general_users_pkey PRIMARY KEY (id);


--
-- Name: reported_users reported_users_pkey; Type: CONSTRAINT; Schema: public; Owner: canteradigitalio_bateradmin
--

ALTER TABLE ONLY public.reported_users
    ADD CONSTRAINT reported_users_pkey PRIMARY KEY (id);


--
-- Name: review_answers review_answers_pkey; Type: CONSTRAINT; Schema: public; Owner: canteradigitalio_bateradmin
--

ALTER TABLE ONLY public.review_answers
    ADD CONSTRAINT review_answers_pkey PRIMARY KEY (id);


--
-- Name: role_module_action role_module_action_pkey; Type: CONSTRAINT; Schema: public; Owner: canteradigitalio_bateradmin
--

ALTER TABLE ONLY public.role_module_action
    ADD CONSTRAINT role_module_action_pkey PRIMARY KEY (role_id, module_id, action_id);


--
-- Name: roles roles_name_key; Type: CONSTRAINT; Schema: public; Owner: canteradigitalio_bateradmin
--

ALTER TABLE ONLY public.roles
    ADD CONSTRAINT roles_name_key UNIQUE (name);


--
-- Name: roles roles_pkey; Type: CONSTRAINT; Schema: public; Owner: canteradigitalio_bateradmin
--

ALTER TABLE ONLY public.roles
    ADD CONSTRAINT roles_pkey PRIMARY KEY (id);


--
-- Name: scheduled_jobs scheduled_jobs_pkey; Type: CONSTRAINT; Schema: public; Owner: canteradigitalio_bateradmin
--

ALTER TABLE ONLY public.scheduled_jobs
    ADD CONSTRAINT scheduled_jobs_pkey PRIMARY KEY (id);


--
-- Name: service_applications service_applications_pkey; Type: CONSTRAINT; Schema: public; Owner: canteradigitalio_bateradmin
--

ALTER TABLE ONLY public.service_applications
    ADD CONSTRAINT service_applications_pkey PRIMARY KEY (id);


--
-- Name: service_base_rates service_base_rates_pkey; Type: CONSTRAINT; Schema: public; Owner: canteradigitalio_bateradmin
--

ALTER TABLE ONLY public.service_base_rates
    ADD CONSTRAINT service_base_rates_pkey PRIMARY KEY (id);


--
-- Name: service_matches service_matches_pkey; Type: CONSTRAINT; Schema: public; Owner: canteradigitalio_bateradmin
--

ALTER TABLE ONLY public.service_matches
    ADD CONSTRAINT service_matches_pkey PRIMARY KEY (id);


--
-- Name: service_petitions service_petitions_pkey; Type: CONSTRAINT; Schema: public; Owner: canteradigitalio_bateradmin
--

ALTER TABLE ONLY public.service_petitions
    ADD CONSTRAINT service_petitions_pkey PRIMARY KEY (id);


--
-- Name: service_request_reviews service_request_reviews_pkey; Type: CONSTRAINT; Schema: public; Owner: canteradigitalio_bateradmin
--

ALTER TABLE ONLY public.service_request_reviews
    ADD CONSTRAINT service_request_reviews_pkey PRIMARY KEY (id);


--
-- Name: service_requests service_requests_pkey; Type: CONSTRAINT; Schema: public; Owner: canteradigitalio_bateradmin
--

ALTER TABLE ONLY public.service_requests
    ADD CONSTRAINT service_requests_pkey PRIMARY KEY (id);


--
-- Name: service_schedules service_schedules_pkey; Type: CONSTRAINT; Schema: public; Owner: canteradigitalio_bateradmin
--

ALTER TABLE ONLY public.service_schedules
    ADD CONSTRAINT service_schedules_pkey PRIMARY KEY (id);


--
-- Name: service_validation_documents service_validation_documents_pkey; Type: CONSTRAINT; Schema: public; Owner: canteradigitalio_bateradmin
--

ALTER TABLE ONLY public.service_validation_documents
    ADD CONSTRAINT service_validation_documents_pkey PRIMARY KEY (id);


--
-- Name: services services_pkey; Type: CONSTRAINT; Schema: public; Owner: canteradigitalio_bateradmin
--

ALTER TABLE ONLY public.services
    ADD CONSTRAINT services_pkey PRIMARY KEY (id);


--
-- Name: support_assist_requests support_assist_requests_pkey; Type: CONSTRAINT; Schema: public; Owner: canteradigitalio_bateradmin
--

ALTER TABLE ONLY public.support_assist_requests
    ADD CONSTRAINT support_assist_requests_pkey PRIMARY KEY (id);


--
-- Name: token_algorithm_params token_algorithm_params_pkey; Type: CONSTRAINT; Schema: public; Owner: canteradigitalio_bateradmin
--

ALTER TABLE ONLY public.token_algorithm_params
    ADD CONSTRAINT token_algorithm_params_pkey PRIMARY KEY (id);


--
-- Name: token_history token_history_pkey; Type: CONSTRAINT; Schema: public; Owner: canteradigitalio_bateradmin
--

ALTER TABLE ONLY public.token_history
    ADD CONSTRAINT token_history_pkey PRIMARY KEY (id);


--
-- Name: token_operations token_operations_pkey; Type: CONSTRAINT; Schema: public; Owner: canteradigitalio_bateradmin
--

ALTER TABLE ONLY public.token_operations
    ADD CONSTRAINT token_operations_pkey PRIMARY KEY (id);


--
-- Name: token_packs token_packs_pkey; Type: CONSTRAINT; Schema: public; Owner: canteradigitalio_bateradmin
--

ALTER TABLE ONLY public.token_packs
    ADD CONSTRAINT token_packs_pkey PRIMARY KEY (id);


--
-- Name: token_user_balance token_user_balance_pkey; Type: CONSTRAINT; Schema: public; Owner: canteradigitalio_bateradmin
--

ALTER TABLE ONLY public.token_user_balance
    ADD CONSTRAINT token_user_balance_pkey PRIMARY KEY (id);


--
-- Name: app_configs uq_app_configs_config_key; Type: CONSTRAINT; Schema: public; Owner: canteradigitalio_bateradmin
--

ALTER TABLE ONLY public.app_configs
    ADD CONSTRAINT uq_app_configs_config_key UNIQUE (config_key);


--
-- Name: referral_usages uq_referral_usages_code_user; Type: CONSTRAINT; Schema: public; Owner: canteradigitalio_bateradmin
--

ALTER TABLE ONLY public.referral_usages
    ADD CONSTRAINT uq_referral_usages_code_user UNIQUE (referral_code_id, referred_user_id);


--
-- Name: user_hidden_chats user_hidden_chats_pkey; Type: CONSTRAINT; Schema: public; Owner: canteradigitalio_bateradmin
--

ALTER TABLE ONLY public.user_hidden_chats
    ADD CONSTRAINT user_hidden_chats_pkey PRIMARY KEY (id);


--
-- Name: user_match_preferences user_match_preferences_pkey; Type: CONSTRAINT; Schema: public; Owner: canteradigitalio_bateradmin
--

ALTER TABLE ONLY public.user_match_preferences
    ADD CONSTRAINT user_match_preferences_pkey PRIMARY KEY (id);


--
-- Name: user_match_preferences user_match_preferences_user_id_key; Type: CONSTRAINT; Schema: public; Owner: canteradigitalio_bateradmin
--

ALTER TABLE ONLY public.user_match_preferences
    ADD CONSTRAINT user_match_preferences_user_id_key UNIQUE (user_id);


--
-- Name: users users_pkey; Type: CONSTRAINT; Schema: public; Owner: canteradigitalio_bateradmin
--

ALTER TABLE ONLY public.users
    ADD CONSTRAINT users_pkey PRIMARY KEY (id);


--
-- Name: users users_referral_code_key; Type: CONSTRAINT; Schema: public; Owner: canteradigitalio_bateradmin
--

ALTER TABLE ONLY public.users
    ADD CONSTRAINT users_referral_code_key UNIQUE (referral_code);


--
-- Name: users users_referral_code_key1; Type: CONSTRAINT; Schema: public; Owner: canteradigitalio_bateradmin
--

ALTER TABLE ONLY public.users
    ADD CONSTRAINT users_referral_code_key1 UNIQUE (referral_code);


--
-- Name: users users_social_uid_key; Type: CONSTRAINT; Schema: public; Owner: canteradigitalio_bateradmin
--

ALTER TABLE ONLY public.users
    ADD CONSTRAINT users_social_uid_key UNIQUE (social_uid);


--
-- Name: users users_user_key; Type: CONSTRAINT; Schema: public; Owner: canteradigitalio_bateradmin
--

ALTER TABLE ONLY public.users
    ADD CONSTRAINT users_user_key UNIQUE ("user");


--
-- Name: verification_codes verification_codes_pkey; Type: CONSTRAINT; Schema: public; Owner: canteradigitalio_bateradmin
--

ALTER TABLE ONLY public.verification_codes
    ADD CONSTRAINT verification_codes_pkey PRIMARY KEY (id);


--
-- Name: idx_user_chat_hidden; Type: INDEX; Schema: public; Owner: canteradigitalio_bateradmin
--

CREATE UNIQUE INDEX idx_user_chat_hidden ON public.user_hidden_chats USING btree (user_id, chat_id);


--
-- Name: ix_actions_id; Type: INDEX; Schema: public; Owner: canteradigitalio_bateradmin
--

CREATE INDEX ix_actions_id ON public.actions USING btree (id);


--
-- Name: ix_addresses_id; Type: INDEX; Schema: public; Owner: canteradigitalio_bateradmin
--

CREATE INDEX ix_addresses_id ON public.addresses USING btree (id);


--
-- Name: ix_app_configs_config_key; Type: INDEX; Schema: public; Owner: canteradigitalio_bateradmin
--

CREATE INDEX ix_app_configs_config_key ON public.app_configs USING btree (config_key);


--
-- Name: ix_app_configs_id; Type: INDEX; Schema: public; Owner: canteradigitalio_bateradmin
--

CREATE INDEX ix_app_configs_id ON public.app_configs USING btree (id);


--
-- Name: ix_blocked_chat_users_id; Type: INDEX; Schema: public; Owner: canteradigitalio_bateradmin
--

CREATE INDEX ix_blocked_chat_users_id ON public.blocked_chat_users USING btree (id);


--
-- Name: ix_blocked_users_id; Type: INDEX; Schema: public; Owner: canteradigitalio_bateradmin
--

CREATE INDEX ix_blocked_users_id ON public.blocked_users USING btree (id);


--
-- Name: ix_call_logs_id; Type: INDEX; Schema: public; Owner: canteradigitalio_bateradmin
--

CREATE INDEX ix_call_logs_id ON public.call_logs USING btree (id);


--
-- Name: ix_categories_id; Type: INDEX; Schema: public; Owner: canteradigitalio_bateradmin
--

CREATE INDEX ix_categories_id ON public.categories USING btree (id);


--
-- Name: ix_chats_id; Type: INDEX; Schema: public; Owner: canteradigitalio_bateradmin
--

CREATE INDEX ix_chats_id ON public.chats USING btree (id);


--
-- Name: ix_demand_levels_id; Type: INDEX; Schema: public; Owner: canteradigitalio_bateradmin
--

CREATE INDEX ix_demand_levels_id ON public.demand_levels USING btree (id);


--
-- Name: ix_demand_levels_key; Type: INDEX; Schema: public; Owner: canteradigitalio_bateradmin
--

CREATE UNIQUE INDEX ix_demand_levels_key ON public.demand_levels USING btree (key);


--
-- Name: ix_evaluation_categories_id; Type: INDEX; Schema: public; Owner: canteradigitalio_bateradmin
--

CREATE INDEX ix_evaluation_categories_id ON public.evaluation_categories USING btree (id);


--
-- Name: ix_evaluation_questions_id; Type: INDEX; Schema: public; Owner: canteradigitalio_bateradmin
--

CREATE INDEX ix_evaluation_questions_id ON public.evaluation_questions USING btree (id);


--
-- Name: ix_experience_levels_id; Type: INDEX; Schema: public; Owner: canteradigitalio_bateradmin
--

CREATE INDEX ix_experience_levels_id ON public.experience_levels USING btree (id);


--
-- Name: ix_experience_levels_key; Type: INDEX; Schema: public; Owner: canteradigitalio_bateradmin
--

CREATE UNIQUE INDEX ix_experience_levels_key ON public.experience_levels USING btree (key);


--
-- Name: ix_favorite_services_id; Type: INDEX; Schema: public; Owner: canteradigitalio_bateradmin
--

CREATE INDEX ix_favorite_services_id ON public.favorite_services USING btree (id);


--
-- Name: ix_geocoding_cache_address; Type: INDEX; Schema: public; Owner: canteradigitalio_bateradmin
--

CREATE UNIQUE INDEX ix_geocoding_cache_address ON public.geocoding_cache USING btree (address);


--
-- Name: ix_geocoding_cache_id; Type: INDEX; Schema: public; Owner: canteradigitalio_bateradmin
--

CREATE INDEX ix_geocoding_cache_id ON public.geocoding_cache USING btree (id);


--
-- Name: ix_group_invitations_code; Type: INDEX; Schema: public; Owner: canteradigitalio_bateradmin
--

CREATE UNIQUE INDEX ix_group_invitations_code ON public.group_invitations USING btree (code);


--
-- Name: ix_group_invitations_id; Type: INDEX; Schema: public; Owner: canteradigitalio_bateradmin
--

CREATE INDEX ix_group_invitations_id ON public.group_invitations USING btree (id);


--
-- Name: ix_group_user_permissions_id; Type: INDEX; Schema: public; Owner: canteradigitalio_bateradmin
--

CREATE INDEX ix_group_user_permissions_id ON public.group_user_permissions USING btree (id);


--
-- Name: ix_match_interests_provider; Type: INDEX; Schema: public; Owner: canteradigitalio_bateradmin
--

CREATE INDEX ix_match_interests_provider ON public.match_interests USING btree (provider_id);


--
-- Name: ix_match_interests_user_service; Type: INDEX; Schema: public; Owner: canteradigitalio_bateradmin
--

CREATE INDEX ix_match_interests_user_service ON public.match_interests USING btree (user_id, service_id);


--
-- Name: ix_messages_id; Type: INDEX; Schema: public; Owner: canteradigitalio_bateradmin
--

CREATE INDEX ix_messages_id ON public.messages USING btree (id);


--
-- Name: ix_modules_id; Type: INDEX; Schema: public; Owner: canteradigitalio_bateradmin
--

CREATE INDEX ix_modules_id ON public.modules USING btree (id);


--
-- Name: ix_notifications_id; Type: INDEX; Schema: public; Owner: canteradigitalio_bateradmin
--

CREATE INDEX ix_notifications_id ON public.notifications USING btree (id);


--
-- Name: ix_participants_id; Type: INDEX; Schema: public; Owner: canteradigitalio_bateradmin
--

CREATE INDEX ix_participants_id ON public.participants USING btree (id);


--
-- Name: ix_profiles_id; Type: INDEX; Schema: public; Owner: canteradigitalio_bateradmin
--

CREATE INDEX ix_profiles_id ON public.profiles USING btree (id);


--
-- Name: ix_referral_codes_referral_code; Type: INDEX; Schema: public; Owner: canteradigitalio_bateradmin
--

CREATE UNIQUE INDEX ix_referral_codes_referral_code ON public.referral_codes USING btree (referral_code);


--
-- Name: ix_referral_usages_referral_code_id; Type: INDEX; Schema: public; Owner: canteradigitalio_bateradmin
--

CREATE INDEX ix_referral_usages_referral_code_id ON public.referral_usages USING btree (referral_code_id);


--
-- Name: ix_referral_usages_referred_user_id; Type: INDEX; Schema: public; Owner: canteradigitalio_bateradmin
--

CREATE INDEX ix_referral_usages_referred_user_id ON public.referral_usages USING btree (referred_user_id);


--
-- Name: ix_referrals_id; Type: INDEX; Schema: public; Owner: canteradigitalio_bateradmin
--

CREATE INDEX ix_referrals_id ON public.referrals USING btree (id);


--
-- Name: ix_referrals_referral_code; Type: INDEX; Schema: public; Owner: canteradigitalio_bateradmin
--

CREATE INDEX ix_referrals_referral_code ON public.referrals USING btree (referral_code);


--
-- Name: ix_refresh_tokens_id; Type: INDEX; Schema: public; Owner: canteradigitalio_bateradmin
--

CREATE INDEX ix_refresh_tokens_id ON public.refresh_tokens USING btree (id);


--
-- Name: ix_reported_general_users_id; Type: INDEX; Schema: public; Owner: canteradigitalio_bateradmin
--

CREATE INDEX ix_reported_general_users_id ON public.reported_general_users USING btree (id);


--
-- Name: ix_reported_users_id; Type: INDEX; Schema: public; Owner: canteradigitalio_bateradmin
--

CREATE INDEX ix_reported_users_id ON public.reported_users USING btree (id);


--
-- Name: ix_review_answers_id; Type: INDEX; Schema: public; Owner: canteradigitalio_bateradmin
--

CREATE INDEX ix_review_answers_id ON public.review_answers USING btree (id);


--
-- Name: ix_scheduled_jobs_next_run_time; Type: INDEX; Schema: public; Owner: canteradigitalio_bateradmin
--

CREATE INDEX ix_scheduled_jobs_next_run_time ON public.scheduled_jobs USING btree (next_run_time);


--
-- Name: ix_service_applications_id; Type: INDEX; Schema: public; Owner: canteradigitalio_bateradmin
--

CREATE INDEX ix_service_applications_id ON public.service_applications USING btree (id);


--
-- Name: ix_service_base_rates_id; Type: INDEX; Schema: public; Owner: canteradigitalio_bateradmin
--

CREATE INDEX ix_service_base_rates_id ON public.service_base_rates USING btree (id);


--
-- Name: ix_service_base_rates_normalized_name; Type: INDEX; Schema: public; Owner: canteradigitalio_bateradmin
--

CREATE INDEX ix_service_base_rates_normalized_name ON public.service_base_rates USING btree (normalized_name);


--
-- Name: ix_service_base_rates_service_name; Type: INDEX; Schema: public; Owner: canteradigitalio_bateradmin
--

CREATE INDEX ix_service_base_rates_service_name ON public.service_base_rates USING btree (service_name);


--
-- Name: ix_service_matches_created_at; Type: INDEX; Schema: public; Owner: canteradigitalio_bateradmin
--

CREATE INDEX ix_service_matches_created_at ON public.service_matches USING btree (created_at);


--
-- Name: ix_service_matches_service_id; Type: INDEX; Schema: public; Owner: canteradigitalio_bateradmin
--

CREATE INDEX ix_service_matches_service_id ON public.service_matches USING btree (service_id);


--
-- Name: ix_service_matches_user_id; Type: INDEX; Schema: public; Owner: canteradigitalio_bateradmin
--

CREATE INDEX ix_service_matches_user_id ON public.service_matches USING btree (user_id);


--
-- Name: ix_service_petitions_id; Type: INDEX; Schema: public; Owner: canteradigitalio_bateradmin
--

CREATE INDEX ix_service_petitions_id ON public.service_petitions USING btree (id);


--
-- Name: ix_service_request_reviews_id; Type: INDEX; Schema: public; Owner: canteradigitalio_bateradmin
--

CREATE INDEX ix_service_request_reviews_id ON public.service_request_reviews USING btree (id);


--
-- Name: ix_service_requests_id; Type: INDEX; Schema: public; Owner: canteradigitalio_bateradmin
--

CREATE INDEX ix_service_requests_id ON public.service_requests USING btree (id);


--
-- Name: ix_service_schedules_id; Type: INDEX; Schema: public; Owner: canteradigitalio_bateradmin
--

CREATE INDEX ix_service_schedules_id ON public.service_schedules USING btree (id);


--
-- Name: ix_service_validation_documents_id; Type: INDEX; Schema: public; Owner: canteradigitalio_bateradmin
--

CREATE INDEX ix_service_validation_documents_id ON public.service_validation_documents USING btree (id);


--
-- Name: ix_services_id; Type: INDEX; Schema: public; Owner: canteradigitalio_bateradmin
--

CREATE INDEX ix_services_id ON public.services USING btree (id);


--
-- Name: ix_support_assist_requests_folio_number; Type: INDEX; Schema: public; Owner: canteradigitalio_bateradmin
--

CREATE UNIQUE INDEX ix_support_assist_requests_folio_number ON public.support_assist_requests USING btree (folio_number);


--
-- Name: ix_support_assist_requests_id; Type: INDEX; Schema: public; Owner: canteradigitalio_bateradmin
--

CREATE INDEX ix_support_assist_requests_id ON public.support_assist_requests USING btree (id);


--
-- Name: ix_token_algorithm_params_is_active; Type: INDEX; Schema: public; Owner: canteradigitalio_bateradmin
--

CREATE INDEX ix_token_algorithm_params_is_active ON public.token_algorithm_params USING btree (is_active);


--
-- Name: ix_token_history_id; Type: INDEX; Schema: public; Owner: canteradigitalio_bateradmin
--

CREATE INDEX ix_token_history_id ON public.token_history USING btree (id);


--
-- Name: ix_token_operations_id; Type: INDEX; Schema: public; Owner: canteradigitalio_bateradmin
--

CREATE UNIQUE INDEX ix_token_operations_id ON public.token_operations USING btree (id);


--
-- Name: ix_token_packs_id; Type: INDEX; Schema: public; Owner: canteradigitalio_bateradmin
--

CREATE INDEX ix_token_packs_id ON public.token_packs USING btree (id);


--
-- Name: ix_token_user_balance_id; Type: INDEX; Schema: public; Owner: canteradigitalio_bateradmin
--

CREATE UNIQUE INDEX ix_token_user_balance_id ON public.token_user_balance USING btree (id);


--
-- Name: ix_user_hidden_chats_id; Type: INDEX; Schema: public; Owner: canteradigitalio_bateradmin
--

CREATE INDEX ix_user_hidden_chats_id ON public.user_hidden_chats USING btree (id);


--
-- Name: ix_user_match_preferences_id; Type: INDEX; Schema: public; Owner: canteradigitalio_bateradmin
--

CREATE INDEX ix_user_match_preferences_id ON public.user_match_preferences USING btree (id);


--
-- Name: ix_users_email; Type: INDEX; Schema: public; Owner: canteradigitalio_bateradmin
--

CREATE UNIQUE INDEX ix_users_email ON public.users USING btree (email);


--
-- Name: ix_users_id; Type: INDEX; Schema: public; Owner: canteradigitalio_bateradmin
--

CREATE INDEX ix_users_id ON public.users USING btree (id);


--
-- Name: ix_users_phone; Type: INDEX; Schema: public; Owner: canteradigitalio_bateradmin
--

CREATE UNIQUE INDEX ix_users_phone ON public.users USING btree (phone);


--
-- Name: ix_verification_codes_code; Type: INDEX; Schema: public; Owner: canteradigitalio_bateradmin
--

CREATE INDEX ix_verification_codes_code ON public.verification_codes USING btree (code);


--
-- Name: ix_verification_codes_id; Type: INDEX; Schema: public; Owner: canteradigitalio_bateradmin
--

CREATE INDEX ix_verification_codes_id ON public.verification_codes USING btree (id);


--
-- Name: addresses addresses_user_id_fkey; Type: FK CONSTRAINT; Schema: public; Owner: canteradigitalio_bateradmin
--

ALTER TABLE ONLY public.addresses
    ADD CONSTRAINT addresses_user_id_fkey FOREIGN KEY (user_id) REFERENCES public.users(id) ON DELETE CASCADE;


--
-- Name: blocked_chat_users blocked_chat_users_blocked_id_fkey; Type: FK CONSTRAINT; Schema: public; Owner: canteradigitalio_bateradmin
--

ALTER TABLE ONLY public.blocked_chat_users
    ADD CONSTRAINT blocked_chat_users_blocked_id_fkey FOREIGN KEY (blocked_id) REFERENCES public.users(id);


--
-- Name: blocked_chat_users blocked_chat_users_blocker_id_fkey; Type: FK CONSTRAINT; Schema: public; Owner: canteradigitalio_bateradmin
--

ALTER TABLE ONLY public.blocked_chat_users
    ADD CONSTRAINT blocked_chat_users_blocker_id_fkey FOREIGN KEY (blocker_id) REFERENCES public.users(id);


--
-- Name: blocked_users blocked_users_blocked_id_fkey; Type: FK CONSTRAINT; Schema: public; Owner: canteradigitalio_bateradmin
--

ALTER TABLE ONLY public.blocked_users
    ADD CONSTRAINT blocked_users_blocked_id_fkey FOREIGN KEY (blocked_id) REFERENCES public.users(id);


--
-- Name: blocked_users blocked_users_blocker_id_fkey; Type: FK CONSTRAINT; Schema: public; Owner: canteradigitalio_bateradmin
--

ALTER TABLE ONLY public.blocked_users
    ADD CONSTRAINT blocked_users_blocker_id_fkey FOREIGN KEY (blocker_id) REFERENCES public.users(id);


--
-- Name: call_logs call_logs_caller_id_fkey; Type: FK CONSTRAINT; Schema: public; Owner: canteradigitalio_bateradmin
--

ALTER TABLE ONLY public.call_logs
    ADD CONSTRAINT call_logs_caller_id_fkey FOREIGN KEY (caller_id) REFERENCES public.users(id);


--
-- Name: categories categories_parent_id_fkey; Type: FK CONSTRAINT; Schema: public; Owner: canteradigitalio_bateradmin
--

ALTER TABLE ONLY public.categories
    ADD CONSTRAINT categories_parent_id_fkey FOREIGN KEY (parent_id) REFERENCES public.categories(id) ON DELETE CASCADE;


--
-- Name: evaluation_questions evaluation_questions_evaluation_category_id_fkey; Type: FK CONSTRAINT; Schema: public; Owner: canteradigitalio_bateradmin
--

ALTER TABLE ONLY public.evaluation_questions
    ADD CONSTRAINT evaluation_questions_evaluation_category_id_fkey FOREIGN KEY (evaluation_category_id) REFERENCES public.evaluation_categories(id);


--
-- Name: favorite_services favorite_services_service_id_fkey; Type: FK CONSTRAINT; Schema: public; Owner: canteradigitalio_bateradmin
--

ALTER TABLE ONLY public.favorite_services
    ADD CONSTRAINT favorite_services_service_id_fkey FOREIGN KEY (service_id) REFERENCES public.services(id) ON DELETE CASCADE;


--
-- Name: favorite_services favorite_services_user_id_fkey; Type: FK CONSTRAINT; Schema: public; Owner: canteradigitalio_bateradmin
--

ALTER TABLE ONLY public.favorite_services
    ADD CONSTRAINT favorite_services_user_id_fkey FOREIGN KEY (user_id) REFERENCES public.users(id) ON DELETE CASCADE;


--
-- Name: blocked_chat_users fk_blocked_chat_users_chat_id; Type: FK CONSTRAINT; Schema: public; Owner: canteradigitalio_bateradmin
--

ALTER TABLE ONLY public.blocked_chat_users
    ADD CONSTRAINT fk_blocked_chat_users_chat_id FOREIGN KEY (chat_id) REFERENCES public.chats(id);


--
-- Name: referrals fk_referrals_disabled_by; Type: FK CONSTRAINT; Schema: public; Owner: canteradigitalio_bateradmin
--

ALTER TABLE ONLY public.referrals
    ADD CONSTRAINT fk_referrals_disabled_by FOREIGN KEY (disabled_by) REFERENCES public.users(id);


--
-- Name: service_matches fk_service_matches_origin_user_id; Type: FK CONSTRAINT; Schema: public; Owner: canteradigitalio_bateradmin
--

ALTER TABLE ONLY public.service_matches
    ADD CONSTRAINT fk_service_matches_origin_user_id FOREIGN KEY (origin_user_id) REFERENCES public.users(id) ON DELETE CASCADE;


--
-- Name: service_requests fk_service_requests_chat_id_chats; Type: FK CONSTRAINT; Schema: public; Owner: canteradigitalio_bateradmin
--

ALTER TABLE ONLY public.service_requests
    ADD CONSTRAINT fk_service_requests_chat_id_chats FOREIGN KEY (chat_id) REFERENCES public.chats(id) ON DELETE SET NULL;


--
-- Name: service_requests fk_service_requests_last_date_proposer_users_id; Type: FK CONSTRAINT; Schema: public; Owner: canteradigitalio_bateradmin
--

ALTER TABLE ONLY public.service_requests
    ADD CONSTRAINT fk_service_requests_last_date_proposer_users_id FOREIGN KEY (last_date_proposer) REFERENCES public.users(id);


--
-- Name: service_requests fk_service_requests_petition_id; Type: FK CONSTRAINT; Schema: public; Owner: canteradigitalio_bateradmin
--

ALTER TABLE ONLY public.service_requests
    ADD CONSTRAINT fk_service_requests_petition_id FOREIGN KEY (petition_id) REFERENCES public.service_petitions(id) ON DELETE SET NULL;


--
-- Name: services fk_services_chat_id_chats; Type: FK CONSTRAINT; Schema: public; Owner: canteradigitalio_bateradmin
--

ALTER TABLE ONLY public.services
    ADD CONSTRAINT fk_services_chat_id_chats FOREIGN KEY (chat_id) REFERENCES public.chats(id) ON DELETE SET NULL;


--
-- Name: support_assist_requests fk_support_assist_requests_related_category_id; Type: FK CONSTRAINT; Schema: public; Owner: canteradigitalio_bateradmin
--

ALTER TABLE ONLY public.support_assist_requests
    ADD CONSTRAINT fk_support_assist_requests_related_category_id FOREIGN KEY (related_category_id) REFERENCES public.categories(id);


--
-- Name: token_operations fk_token_operations_group_id_chats; Type: FK CONSTRAINT; Schema: public; Owner: canteradigitalio_bateradmin
--

ALTER TABLE ONLY public.token_operations
    ADD CONSTRAINT fk_token_operations_group_id_chats FOREIGN KEY (group_id) REFERENCES public.chats(id) ON DELETE CASCADE;


--
-- Name: token_operations fk_token_operations_service_id; Type: FK CONSTRAINT; Schema: public; Owner: canteradigitalio_bateradmin
--

ALTER TABLE ONLY public.token_operations
    ADD CONSTRAINT fk_token_operations_service_id FOREIGN KEY (service_id) REFERENCES public.services(id) ON DELETE SET NULL;


--
-- Name: token_operations fk_token_operations_service_request_id; Type: FK CONSTRAINT; Schema: public; Owner: canteradigitalio_bateradmin
--

ALTER TABLE ONLY public.token_operations
    ADD CONSTRAINT fk_token_operations_service_request_id FOREIGN KEY (service_request_id) REFERENCES public.service_requests(id) ON DELETE SET NULL;


--
-- Name: group_invitations group_invitations_chat_id_fkey; Type: FK CONSTRAINT; Schema: public; Owner: canteradigitalio_bateradmin
--

ALTER TABLE ONLY public.group_invitations
    ADD CONSTRAINT group_invitations_chat_id_fkey FOREIGN KEY (chat_id) REFERENCES public.chats(id);


--
-- Name: group_invitations group_invitations_created_by_fkey; Type: FK CONSTRAINT; Schema: public; Owner: canteradigitalio_bateradmin
--

ALTER TABLE ONLY public.group_invitations
    ADD CONSTRAINT group_invitations_created_by_fkey FOREIGN KEY (created_by) REFERENCES public.users(id);


--
-- Name: group_join_requests group_join_requests_chat_id_fkey; Type: FK CONSTRAINT; Schema: public; Owner: canteradigitalio_bateradmin
--

ALTER TABLE ONLY public.group_join_requests
    ADD CONSTRAINT group_join_requests_chat_id_fkey FOREIGN KEY (chat_id) REFERENCES public.chats(id);


--
-- Name: group_join_requests group_join_requests_user_id_fkey; Type: FK CONSTRAINT; Schema: public; Owner: canteradigitalio_bateradmin
--

ALTER TABLE ONLY public.group_join_requests
    ADD CONSTRAINT group_join_requests_user_id_fkey FOREIGN KEY (user_id) REFERENCES public.users(id);


--
-- Name: group_user_permissions group_user_permissions_chat_id_fkey; Type: FK CONSTRAINT; Schema: public; Owner: canteradigitalio_bateradmin
--

ALTER TABLE ONLY public.group_user_permissions
    ADD CONSTRAINT group_user_permissions_chat_id_fkey FOREIGN KEY (chat_id) REFERENCES public.chats(id);


--
-- Name: group_user_permissions group_user_permissions_user_id_fkey; Type: FK CONSTRAINT; Schema: public; Owner: canteradigitalio_bateradmin
--

ALTER TABLE ONLY public.group_user_permissions
    ADD CONSTRAINT group_user_permissions_user_id_fkey FOREIGN KEY (user_id) REFERENCES public.users(id);


--
-- Name: match_interests match_interests_provider_id_fkey; Type: FK CONSTRAINT; Schema: public; Owner: canteradigitalio_bateradmin
--

ALTER TABLE ONLY public.match_interests
    ADD CONSTRAINT match_interests_provider_id_fkey FOREIGN KEY (provider_id) REFERENCES public.users(id) ON DELETE CASCADE;


--
-- Name: match_interests match_interests_user_id_fkey; Type: FK CONSTRAINT; Schema: public; Owner: canteradigitalio_bateradmin
--

ALTER TABLE ONLY public.match_interests
    ADD CONSTRAINT match_interests_user_id_fkey FOREIGN KEY (user_id) REFERENCES public.users(id) ON DELETE CASCADE;


--
-- Name: messages messages_chat_id_fkey; Type: FK CONSTRAINT; Schema: public; Owner: canteradigitalio_bateradmin
--

ALTER TABLE ONLY public.messages
    ADD CONSTRAINT messages_chat_id_fkey FOREIGN KEY (chat_id) REFERENCES public.chats(id);


--
-- Name: messages messages_sender_id_fkey; Type: FK CONSTRAINT; Schema: public; Owner: canteradigitalio_bateradmin
--

ALTER TABLE ONLY public.messages
    ADD CONSTRAINT messages_sender_id_fkey FOREIGN KEY (sender_id) REFERENCES public.users(id);


--
-- Name: module_action module_action_action_id_fkey; Type: FK CONSTRAINT; Schema: public; Owner: canteradigitalio_bateradmin
--

ALTER TABLE ONLY public.module_action
    ADD CONSTRAINT module_action_action_id_fkey FOREIGN KEY (action_id) REFERENCES public.actions(id);


--
-- Name: module_action module_action_module_id_fkey; Type: FK CONSTRAINT; Schema: public; Owner: canteradigitalio_bateradmin
--

ALTER TABLE ONLY public.module_action
    ADD CONSTRAINT module_action_module_id_fkey FOREIGN KEY (module_id) REFERENCES public.modules(id);


--
-- Name: participants participants_chat_id_fkey; Type: FK CONSTRAINT; Schema: public; Owner: canteradigitalio_bateradmin
--

ALTER TABLE ONLY public.participants
    ADD CONSTRAINT participants_chat_id_fkey FOREIGN KEY (chat_id) REFERENCES public.chats(id);


--
-- Name: participants participants_user_id_fkey; Type: FK CONSTRAINT; Schema: public; Owner: canteradigitalio_bateradmin
--

ALTER TABLE ONLY public.participants
    ADD CONSTRAINT participants_user_id_fkey FOREIGN KEY (user_id) REFERENCES public.users(id);


--
-- Name: profiles profiles_user_id_fkey; Type: FK CONSTRAINT; Schema: public; Owner: canteradigitalio_bateradmin
--

ALTER TABLE ONLY public.profiles
    ADD CONSTRAINT profiles_user_id_fkey FOREIGN KEY (user_id) REFERENCES public.users(id) ON DELETE CASCADE;


--
-- Name: referral_codes referral_codes_disabled_by_fkey; Type: FK CONSTRAINT; Schema: public; Owner: canteradigitalio_bateradmin
--

ALTER TABLE ONLY public.referral_codes
    ADD CONSTRAINT referral_codes_disabled_by_fkey FOREIGN KEY (disabled_by) REFERENCES public.users(id) ON DELETE SET NULL;


--
-- Name: referral_codes referral_codes_referrer_id_fkey; Type: FK CONSTRAINT; Schema: public; Owner: canteradigitalio_bateradmin
--

ALTER TABLE ONLY public.referral_codes
    ADD CONSTRAINT referral_codes_referrer_id_fkey FOREIGN KEY (referrer_id) REFERENCES public.users(id) ON DELETE CASCADE;


--
-- Name: referral_usages referral_usages_referral_code_id_fkey; Type: FK CONSTRAINT; Schema: public; Owner: canteradigitalio_bateradmin
--

ALTER TABLE ONLY public.referral_usages
    ADD CONSTRAINT referral_usages_referral_code_id_fkey FOREIGN KEY (referral_code_id) REFERENCES public.referral_codes(id) ON DELETE CASCADE;


--
-- Name: referral_usages referral_usages_referred_user_id_fkey; Type: FK CONSTRAINT; Schema: public; Owner: canteradigitalio_bateradmin
--

ALTER TABLE ONLY public.referral_usages
    ADD CONSTRAINT referral_usages_referred_user_id_fkey FOREIGN KEY (referred_user_id) REFERENCES public.users(id) ON DELETE CASCADE;


--
-- Name: referrals referrals_referred_id_fkey; Type: FK CONSTRAINT; Schema: public; Owner: canteradigitalio_bateradmin
--

ALTER TABLE ONLY public.referrals
    ADD CONSTRAINT referrals_referred_id_fkey FOREIGN KEY (referred_id) REFERENCES public.users(id) ON DELETE CASCADE;


--
-- Name: referrals referrals_referrer_id_fkey; Type: FK CONSTRAINT; Schema: public; Owner: canteradigitalio_bateradmin
--

ALTER TABLE ONLY public.referrals
    ADD CONSTRAINT referrals_referrer_id_fkey FOREIGN KEY (referrer_id) REFERENCES public.users(id) ON DELETE CASCADE;


--
-- Name: refresh_tokens refresh_tokens_user_id_fkey; Type: FK CONSTRAINT; Schema: public; Owner: canteradigitalio_bateradmin
--

ALTER TABLE ONLY public.refresh_tokens
    ADD CONSTRAINT refresh_tokens_user_id_fkey FOREIGN KEY (user_id) REFERENCES public.users(id);


--
-- Name: reported_general_users reported_general_users_reported_id_fkey; Type: FK CONSTRAINT; Schema: public; Owner: canteradigitalio_bateradmin
--

ALTER TABLE ONLY public.reported_general_users
    ADD CONSTRAINT reported_general_users_reported_id_fkey FOREIGN KEY (reported_id) REFERENCES public.users(id);


--
-- Name: reported_general_users reported_general_users_reporter_id_fkey; Type: FK CONSTRAINT; Schema: public; Owner: canteradigitalio_bateradmin
--

ALTER TABLE ONLY public.reported_general_users
    ADD CONSTRAINT reported_general_users_reporter_id_fkey FOREIGN KEY (reporter_id) REFERENCES public.users(id);


--
-- Name: reported_users reported_users_reported_id_fkey; Type: FK CONSTRAINT; Schema: public; Owner: canteradigitalio_bateradmin
--

ALTER TABLE ONLY public.reported_users
    ADD CONSTRAINT reported_users_reported_id_fkey FOREIGN KEY (reported_id) REFERENCES public.users(id);


--
-- Name: reported_users reported_users_reporter_id_fkey; Type: FK CONSTRAINT; Schema: public; Owner: canteradigitalio_bateradmin
--

ALTER TABLE ONLY public.reported_users
    ADD CONSTRAINT reported_users_reporter_id_fkey FOREIGN KEY (reporter_id) REFERENCES public.users(id);


--
-- Name: review_answers review_answers_question_id_fkey; Type: FK CONSTRAINT; Schema: public; Owner: canteradigitalio_bateradmin
--

ALTER TABLE ONLY public.review_answers
    ADD CONSTRAINT review_answers_question_id_fkey FOREIGN KEY (question_id) REFERENCES public.evaluation_questions(id) ON DELETE CASCADE;


--
-- Name: review_answers review_answers_service_request_review_id_fkey; Type: FK CONSTRAINT; Schema: public; Owner: canteradigitalio_bateradmin
--

ALTER TABLE ONLY public.review_answers
    ADD CONSTRAINT review_answers_service_request_review_id_fkey FOREIGN KEY (service_request_review_id) REFERENCES public.service_request_reviews(id) ON DELETE CASCADE;


--
-- Name: role_module_action role_module_action_action_id_fkey; Type: FK CONSTRAINT; Schema: public; Owner: canteradigitalio_bateradmin
--

ALTER TABLE ONLY public.role_module_action
    ADD CONSTRAINT role_module_action_action_id_fkey FOREIGN KEY (action_id) REFERENCES public.actions(id);


--
-- Name: role_module_action role_module_action_module_id_fkey; Type: FK CONSTRAINT; Schema: public; Owner: canteradigitalio_bateradmin
--

ALTER TABLE ONLY public.role_module_action
    ADD CONSTRAINT role_module_action_module_id_fkey FOREIGN KEY (module_id) REFERENCES public.modules(id);


--
-- Name: role_module_action role_module_action_role_id_fkey; Type: FK CONSTRAINT; Schema: public; Owner: canteradigitalio_bateradmin
--

ALTER TABLE ONLY public.role_module_action
    ADD CONSTRAINT role_module_action_role_id_fkey FOREIGN KEY (role_id) REFERENCES public.roles(id);


--
-- Name: service_applications service_applications_chat_id_fkey; Type: FK CONSTRAINT; Schema: public; Owner: canteradigitalio_bateradmin
--

ALTER TABLE ONLY public.service_applications
    ADD CONSTRAINT service_applications_chat_id_fkey FOREIGN KEY (chat_id) REFERENCES public.chats(id) ON DELETE SET NULL;


--
-- Name: service_applications service_applications_petition_id_fkey; Type: FK CONSTRAINT; Schema: public; Owner: canteradigitalio_bateradmin
--

ALTER TABLE ONLY public.service_applications
    ADD CONSTRAINT service_applications_petition_id_fkey FOREIGN KEY (petition_id) REFERENCES public.service_petitions(id) ON DELETE CASCADE;


--
-- Name: service_applications service_applications_service_id_fkey; Type: FK CONSTRAINT; Schema: public; Owner: canteradigitalio_bateradmin
--

ALTER TABLE ONLY public.service_applications
    ADD CONSTRAINT service_applications_service_id_fkey FOREIGN KEY (service_id) REFERENCES public.services(id) ON DELETE CASCADE;


--
-- Name: service_applications service_applications_user_id_fkey; Type: FK CONSTRAINT; Schema: public; Owner: canteradigitalio_bateradmin
--

ALTER TABLE ONLY public.service_applications
    ADD CONSTRAINT service_applications_user_id_fkey FOREIGN KEY (user_id) REFERENCES public.users(id) ON DELETE CASCADE;


--
-- Name: service_matches service_matches_user_id_fkey; Type: FK CONSTRAINT; Schema: public; Owner: canteradigitalio_bateradmin
--

ALTER TABLE ONLY public.service_matches
    ADD CONSTRAINT service_matches_user_id_fkey FOREIGN KEY (user_id) REFERENCES public.users(id) ON DELETE CASCADE;


--
-- Name: service_petitions service_petitions_category_id_fkey; Type: FK CONSTRAINT; Schema: public; Owner: canteradigitalio_bateradmin
--

ALTER TABLE ONLY public.service_petitions
    ADD CONSTRAINT service_petitions_category_id_fkey FOREIGN KEY (category_id) REFERENCES public.categories(id) ON DELETE CASCADE;


--
-- Name: service_petitions service_petitions_chat_id_fkey; Type: FK CONSTRAINT; Schema: public; Owner: canteradigitalio_bateradmin
--

ALTER TABLE ONLY public.service_petitions
    ADD CONSTRAINT service_petitions_chat_id_fkey FOREIGN KEY (chat_id) REFERENCES public.chats(id) ON DELETE SET NULL;


--
-- Name: service_petitions service_petitions_service_id_fkey; Type: FK CONSTRAINT; Schema: public; Owner: canteradigitalio_bateradmin
--

ALTER TABLE ONLY public.service_petitions
    ADD CONSTRAINT service_petitions_service_id_fkey FOREIGN KEY (service_id) REFERENCES public.services(id) ON DELETE CASCADE;


--
-- Name: service_petitions service_petitions_subcategory_id_fkey; Type: FK CONSTRAINT; Schema: public; Owner: canteradigitalio_bateradmin
--

ALTER TABLE ONLY public.service_petitions
    ADD CONSTRAINT service_petitions_subcategory_id_fkey FOREIGN KEY (subcategory_id) REFERENCES public.categories(id);


--
-- Name: service_petitions service_petitions_user_id_fkey; Type: FK CONSTRAINT; Schema: public; Owner: canteradigitalio_bateradmin
--

ALTER TABLE ONLY public.service_petitions
    ADD CONSTRAINT service_petitions_user_id_fkey FOREIGN KEY (user_id) REFERENCES public.users(id) ON DELETE CASCADE;


--
-- Name: service_request_reviews service_request_reviews_evaluator_id_fkey; Type: FK CONSTRAINT; Schema: public; Owner: canteradigitalio_bateradmin
--

ALTER TABLE ONLY public.service_request_reviews
    ADD CONSTRAINT service_request_reviews_evaluator_id_fkey FOREIGN KEY (evaluator_id) REFERENCES public.users(id) ON DELETE CASCADE;


--
-- Name: service_request_reviews service_request_reviews_service_request_id_fkey; Type: FK CONSTRAINT; Schema: public; Owner: canteradigitalio_bateradmin
--

ALTER TABLE ONLY public.service_request_reviews
    ADD CONSTRAINT service_request_reviews_service_request_id_fkey FOREIGN KEY (service_request_id) REFERENCES public.service_requests(id) ON DELETE CASCADE;


--
-- Name: service_requests service_requests_service_id_fkey; Type: FK CONSTRAINT; Schema: public; Owner: canteradigitalio_bateradmin
--

ALTER TABLE ONLY public.service_requests
    ADD CONSTRAINT service_requests_service_id_fkey FOREIGN KEY (service_id) REFERENCES public.services(id) ON DELETE CASCADE;


--
-- Name: service_requests service_requests_user_id_fkey; Type: FK CONSTRAINT; Schema: public; Owner: canteradigitalio_bateradmin
--

ALTER TABLE ONLY public.service_requests
    ADD CONSTRAINT service_requests_user_id_fkey FOREIGN KEY (user_id) REFERENCES public.users(id) ON DELETE CASCADE;


--
-- Name: service_schedules service_schedules_service_request_id_fkey; Type: FK CONSTRAINT; Schema: public; Owner: canteradigitalio_bateradmin
--

ALTER TABLE ONLY public.service_schedules
    ADD CONSTRAINT service_schedules_service_request_id_fkey FOREIGN KEY (service_request_id) REFERENCES public.service_requests(id) ON DELETE CASCADE;


--
-- Name: service_validation_documents service_validation_documents_service_id_fkey; Type: FK CONSTRAINT; Schema: public; Owner: canteradigitalio_bateradmin
--

ALTER TABLE ONLY public.service_validation_documents
    ADD CONSTRAINT service_validation_documents_service_id_fkey FOREIGN KEY (service_id) REFERENCES public.services(id) ON DELETE CASCADE;


--
-- Name: services services_category_id_fkey; Type: FK CONSTRAINT; Schema: public; Owner: canteradigitalio_bateradmin
--

ALTER TABLE ONLY public.services
    ADD CONSTRAINT services_category_id_fkey FOREIGN KEY (category_id) REFERENCES public.categories(id) ON DELETE CASCADE;


--
-- Name: services services_subcategory_id_fkey; Type: FK CONSTRAINT; Schema: public; Owner: canteradigitalio_bateradmin
--

ALTER TABLE ONLY public.services
    ADD CONSTRAINT services_subcategory_id_fkey FOREIGN KEY (subcategory_id) REFERENCES public.categories(id);


--
-- Name: services services_user_id_fkey; Type: FK CONSTRAINT; Schema: public; Owner: canteradigitalio_bateradmin
--

ALTER TABLE ONLY public.services
    ADD CONSTRAINT services_user_id_fkey FOREIGN KEY (user_id) REFERENCES public.users(id) ON DELETE CASCADE;


--
-- Name: support_assist_requests support_assist_requests_agent_id_fkey; Type: FK CONSTRAINT; Schema: public; Owner: canteradigitalio_bateradmin
--

ALTER TABLE ONLY public.support_assist_requests
    ADD CONSTRAINT support_assist_requests_agent_id_fkey FOREIGN KEY (agent_id) REFERENCES public.users(id);


--
-- Name: support_assist_requests support_assist_requests_group_id_fkey; Type: FK CONSTRAINT; Schema: public; Owner: canteradigitalio_bateradmin
--

ALTER TABLE ONLY public.support_assist_requests
    ADD CONSTRAINT support_assist_requests_group_id_fkey FOREIGN KEY (group_id) REFERENCES public.chats(id);


--
-- Name: support_assist_requests support_assist_requests_user_id_fkey; Type: FK CONSTRAINT; Schema: public; Owner: canteradigitalio_bateradmin
--

ALTER TABLE ONLY public.support_assist_requests
    ADD CONSTRAINT support_assist_requests_user_id_fkey FOREIGN KEY (user_id) REFERENCES public.users(id) ON DELETE CASCADE;


--
-- Name: token_history token_history_token_pack_id_fkey; Type: FK CONSTRAINT; Schema: public; Owner: canteradigitalio_bateradmin
--

ALTER TABLE ONLY public.token_history
    ADD CONSTRAINT token_history_token_pack_id_fkey FOREIGN KEY (token_pack_id) REFERENCES public.token_packs(id) ON DELETE SET NULL;


--
-- Name: token_history token_history_user_id_fkey; Type: FK CONSTRAINT; Schema: public; Owner: canteradigitalio_bateradmin
--

ALTER TABLE ONLY public.token_history
    ADD CONSTRAINT token_history_user_id_fkey FOREIGN KEY (user_id) REFERENCES public.users(id) ON DELETE CASCADE;


--
-- Name: token_operations token_operations_token_purchase_id_fkey; Type: FK CONSTRAINT; Schema: public; Owner: canteradigitalio_bateradmin
--

ALTER TABLE ONLY public.token_operations
    ADD CONSTRAINT token_operations_token_purchase_id_fkey FOREIGN KEY (token_purchase_id) REFERENCES public.token_history(id) ON DELETE SET NULL;


--
-- Name: token_operations token_operations_user_id_fkey; Type: FK CONSTRAINT; Schema: public; Owner: canteradigitalio_bateradmin
--

ALTER TABLE ONLY public.token_operations
    ADD CONSTRAINT token_operations_user_id_fkey FOREIGN KEY (user_id) REFERENCES public.users(id) ON DELETE CASCADE;


--
-- Name: token_user_balance token_user_balance_user_id_fkey; Type: FK CONSTRAINT; Schema: public; Owner: canteradigitalio_bateradmin
--

ALTER TABLE ONLY public.token_user_balance
    ADD CONSTRAINT token_user_balance_user_id_fkey FOREIGN KEY (user_id) REFERENCES public.users(id) ON DELETE CASCADE;


--
-- Name: user_hidden_chats user_hidden_chats_chat_id_fkey; Type: FK CONSTRAINT; Schema: public; Owner: canteradigitalio_bateradmin
--

ALTER TABLE ONLY public.user_hidden_chats
    ADD CONSTRAINT user_hidden_chats_chat_id_fkey FOREIGN KEY (chat_id) REFERENCES public.chats(id) ON DELETE CASCADE;


--
-- Name: user_hidden_chats user_hidden_chats_user_id_fkey; Type: FK CONSTRAINT; Schema: public; Owner: canteradigitalio_bateradmin
--

ALTER TABLE ONLY public.user_hidden_chats
    ADD CONSTRAINT user_hidden_chats_user_id_fkey FOREIGN KEY (user_id) REFERENCES public.users(id) ON DELETE CASCADE;


--
-- Name: user_match_preferences user_match_preferences_user_id_fkey; Type: FK CONSTRAINT; Schema: public; Owner: canteradigitalio_bateradmin
--

ALTER TABLE ONLY public.user_match_preferences
    ADD CONSTRAINT user_match_preferences_user_id_fkey FOREIGN KEY (user_id) REFERENCES public.users(id) ON DELETE CASCADE;


--
-- Name: user_roles user_roles_role_id_fkey; Type: FK CONSTRAINT; Schema: public; Owner: canteradigitalio_bateradmin
--

ALTER TABLE ONLY public.user_roles
    ADD CONSTRAINT user_roles_role_id_fkey FOREIGN KEY (role_id) REFERENCES public.roles(id) ON DELETE CASCADE;


--
-- Name: user_roles user_roles_user_id_fkey; Type: FK CONSTRAINT; Schema: public; Owner: canteradigitalio_bateradmin
--

ALTER TABLE ONLY public.user_roles
    ADD CONSTRAINT user_roles_user_id_fkey FOREIGN KEY (user_id) REFERENCES public.users(id) ON DELETE CASCADE;


--
-- Name: TABLE actions; Type: ACL; Schema: public; Owner: canteradigitalio_bateradmin
--

GRANT ALL ON TABLE public.actions TO canteradigitalio_barterflip;


--
-- Name: TABLE addresses; Type: ACL; Schema: public; Owner: canteradigitalio_bateradmin
--

GRANT ALL ON TABLE public.addresses TO canteradigitalio_barterflip;


--
-- Name: TABLE alembic_version; Type: ACL; Schema: public; Owner: canteradigitalio_bateradmin
--

GRANT ALL ON TABLE public.alembic_version TO canteradigitalio_barterflip;


--
-- Name: TABLE app_configs; Type: ACL; Schema: public; Owner: canteradigitalio_bateradmin
--

GRANT ALL ON TABLE public.app_configs TO canteradigitalio_barterflip;


--
-- Name: TABLE blocked_chat_users; Type: ACL; Schema: public; Owner: canteradigitalio_bateradmin
--

GRANT ALL ON TABLE public.blocked_chat_users TO canteradigitalio_barterflip;


--
-- Name: TABLE blocked_users; Type: ACL; Schema: public; Owner: canteradigitalio_bateradmin
--

GRANT ALL ON TABLE public.blocked_users TO canteradigitalio_barterflip;


--
-- Name: TABLE call_logs; Type: ACL; Schema: public; Owner: canteradigitalio_bateradmin
--

GRANT ALL ON TABLE public.call_logs TO canteradigitalio_barterflip;


--
-- Name: TABLE categories; Type: ACL; Schema: public; Owner: canteradigitalio_bateradmin
--

GRANT ALL ON TABLE public.categories TO canteradigitalio_barterflip;


--
-- Name: TABLE chats; Type: ACL; Schema: public; Owner: canteradigitalio_bateradmin
--

GRANT ALL ON TABLE public.chats TO canteradigitalio_barterflip;


--
-- Name: TABLE demand_levels; Type: ACL; Schema: public; Owner: canteradigitalio_bateradmin
--

GRANT ALL ON TABLE public.demand_levels TO canteradigitalio_barterflip;


--
-- Name: TABLE evaluation_categories; Type: ACL; Schema: public; Owner: canteradigitalio_bateradmin
--

GRANT ALL ON TABLE public.evaluation_categories TO canteradigitalio_barterflip;


--
-- Name: TABLE evaluation_questions; Type: ACL; Schema: public; Owner: canteradigitalio_bateradmin
--

GRANT ALL ON TABLE public.evaluation_questions TO canteradigitalio_barterflip;


--
-- Name: TABLE experience_levels; Type: ACL; Schema: public; Owner: canteradigitalio_bateradmin
--

GRANT ALL ON TABLE public.experience_levels TO canteradigitalio_barterflip;


--
-- Name: TABLE favorite_services; Type: ACL; Schema: public; Owner: canteradigitalio_bateradmin
--

GRANT ALL ON TABLE public.favorite_services TO canteradigitalio_barterflip;


--
-- Name: TABLE geocoding_cache; Type: ACL; Schema: public; Owner: canteradigitalio_bateradmin
--

GRANT ALL ON TABLE public.geocoding_cache TO canteradigitalio_barterflip;


--
-- Name: TABLE group_invitations; Type: ACL; Schema: public; Owner: canteradigitalio_bateradmin
--

GRANT ALL ON TABLE public.group_invitations TO canteradigitalio_barterflip;


--
-- Name: TABLE group_join_requests; Type: ACL; Schema: public; Owner: canteradigitalio_bateradmin
--

GRANT ALL ON TABLE public.group_join_requests TO canteradigitalio_barterflip;


--
-- Name: TABLE group_user_permissions; Type: ACL; Schema: public; Owner: canteradigitalio_bateradmin
--

GRANT ALL ON TABLE public.group_user_permissions TO canteradigitalio_barterflip;


--
-- Name: TABLE match_interests; Type: ACL; Schema: public; Owner: canteradigitalio_bateradmin
--

GRANT ALL ON TABLE public.match_interests TO canteradigitalio_barterflip;


--
-- Name: TABLE messages; Type: ACL; Schema: public; Owner: canteradigitalio_bateradmin
--

GRANT ALL ON TABLE public.messages TO canteradigitalio_barterflip;


--
-- Name: TABLE module_action; Type: ACL; Schema: public; Owner: canteradigitalio_bateradmin
--

GRANT ALL ON TABLE public.module_action TO canteradigitalio_barterflip;


--
-- Name: TABLE modules; Type: ACL; Schema: public; Owner: canteradigitalio_bateradmin
--

GRANT ALL ON TABLE public.modules TO canteradigitalio_barterflip;


--
-- Name: TABLE notifications; Type: ACL; Schema: public; Owner: canteradigitalio_bateradmin
--

GRANT ALL ON TABLE public.notifications TO canteradigitalio_barterflip;


--
-- Name: TABLE organization_types; Type: ACL; Schema: public; Owner: canteradigitalio_bateradmin
--

GRANT ALL ON TABLE public.organization_types TO canteradigitalio_barterflip;


--
-- Name: TABLE participants; Type: ACL; Schema: public; Owner: canteradigitalio_bateradmin
--

GRANT ALL ON TABLE public.participants TO canteradigitalio_barterflip;


--
-- Name: TABLE profiles; Type: ACL; Schema: public; Owner: canteradigitalio_bateradmin
--

GRANT ALL ON TABLE public.profiles TO canteradigitalio_barterflip;


--
-- Name: TABLE referral_codes; Type: ACL; Schema: public; Owner: canteradigitalio_bateradmin
--

GRANT ALL ON TABLE public.referral_codes TO canteradigitalio_barterflip;


--
-- Name: TABLE referral_usages; Type: ACL; Schema: public; Owner: canteradigitalio_bateradmin
--

GRANT ALL ON TABLE public.referral_usages TO canteradigitalio_barterflip;


--
-- Name: TABLE referrals; Type: ACL; Schema: public; Owner: canteradigitalio_bateradmin
--

GRANT ALL ON TABLE public.referrals TO canteradigitalio_barterflip;


--
-- Name: TABLE refresh_tokens; Type: ACL; Schema: public; Owner: canteradigitalio_bateradmin
--

GRANT ALL ON TABLE public.refresh_tokens TO canteradigitalio_barterflip;


--
-- Name: TABLE reported_general_users; Type: ACL; Schema: public; Owner: canteradigitalio_bateradmin
--

GRANT ALL ON TABLE public.reported_general_users TO canteradigitalio_barterflip;


--
-- Name: TABLE reported_users; Type: ACL; Schema: public; Owner: canteradigitalio_bateradmin
--

GRANT ALL ON TABLE public.reported_users TO canteradigitalio_barterflip;


--
-- Name: TABLE review_answers; Type: ACL; Schema: public; Owner: canteradigitalio_bateradmin
--

GRANT ALL ON TABLE public.review_answers TO canteradigitalio_barterflip;


--
-- Name: TABLE role_module_action; Type: ACL; Schema: public; Owner: canteradigitalio_bateradmin
--

GRANT ALL ON TABLE public.role_module_action TO canteradigitalio_barterflip;


--
-- Name: TABLE roles; Type: ACL; Schema: public; Owner: canteradigitalio_bateradmin
--

GRANT ALL ON TABLE public.roles TO canteradigitalio_barterflip;


--
-- Name: TABLE scheduled_jobs; Type: ACL; Schema: public; Owner: canteradigitalio_bateradmin
--

GRANT ALL ON TABLE public.scheduled_jobs TO canteradigitalio_barterflip;


--
-- Name: TABLE service_applications; Type: ACL; Schema: public; Owner: canteradigitalio_bateradmin
--

GRANT ALL ON TABLE public.service_applications TO canteradigitalio_barterflip;


--
-- Name: TABLE service_base_rates; Type: ACL; Schema: public; Owner: canteradigitalio_bateradmin
--

GRANT ALL ON TABLE public.service_base_rates TO canteradigitalio_barterflip;


--
-- Name: TABLE service_matches; Type: ACL; Schema: public; Owner: canteradigitalio_bateradmin
--

GRANT ALL ON TABLE public.service_matches TO canteradigitalio_barterflip;


--
-- Name: TABLE service_petitions; Type: ACL; Schema: public; Owner: canteradigitalio_bateradmin
--

GRANT ALL ON TABLE public.service_petitions TO canteradigitalio_barterflip;


--
-- Name: TABLE service_request_reviews; Type: ACL; Schema: public; Owner: canteradigitalio_bateradmin
--

GRANT ALL ON TABLE public.service_request_reviews TO canteradigitalio_barterflip;


--
-- Name: TABLE service_requests; Type: ACL; Schema: public; Owner: canteradigitalio_bateradmin
--

GRANT ALL ON TABLE public.service_requests TO canteradigitalio_barterflip;


--
-- Name: TABLE service_schedules; Type: ACL; Schema: public; Owner: canteradigitalio_bateradmin
--

GRANT ALL ON TABLE public.service_schedules TO canteradigitalio_barterflip;


--
-- Name: TABLE service_validation_documents; Type: ACL; Schema: public; Owner: canteradigitalio_bateradmin
--

GRANT ALL ON TABLE public.service_validation_documents TO canteradigitalio_barterflip;


--
-- Name: TABLE services; Type: ACL; Schema: public; Owner: canteradigitalio_bateradmin
--

GRANT ALL ON TABLE public.services TO canteradigitalio_barterflip;


--
-- Name: TABLE support_assist_requests; Type: ACL; Schema: public; Owner: canteradigitalio_bateradmin
--

GRANT ALL ON TABLE public.support_assist_requests TO canteradigitalio_barterflip;


--
-- Name: TABLE token_algorithm_params; Type: ACL; Schema: public; Owner: canteradigitalio_bateradmin
--

GRANT ALL ON TABLE public.token_algorithm_params TO canteradigitalio_barterflip;


--
-- Name: TABLE token_history; Type: ACL; Schema: public; Owner: canteradigitalio_bateradmin
--

GRANT ALL ON TABLE public.token_history TO canteradigitalio_barterflip;


--
-- Name: TABLE token_operations; Type: ACL; Schema: public; Owner: canteradigitalio_bateradmin
--

GRANT ALL ON TABLE public.token_operations TO canteradigitalio_barterflip;


--
-- Name: TABLE token_packs; Type: ACL; Schema: public; Owner: canteradigitalio_bateradmin
--

GRANT ALL ON TABLE public.token_packs TO canteradigitalio_barterflip;


--
-- Name: TABLE token_user_balance; Type: ACL; Schema: public; Owner: canteradigitalio_bateradmin
--

GRANT ALL ON TABLE public.token_user_balance TO canteradigitalio_barterflip;


--
-- Name: TABLE user_hidden_chats; Type: ACL; Schema: public; Owner: canteradigitalio_bateradmin
--

GRANT ALL ON TABLE public.user_hidden_chats TO canteradigitalio_barterflip;


--
-- Name: TABLE user_match_preferences; Type: ACL; Schema: public; Owner: canteradigitalio_bateradmin
--

GRANT ALL ON TABLE public.user_match_preferences TO canteradigitalio_barterflip;


--
-- Name: TABLE user_roles; Type: ACL; Schema: public; Owner: canteradigitalio_bateradmin
--

GRANT ALL ON TABLE public.user_roles TO canteradigitalio_barterflip;


--
-- Name: TABLE users; Type: ACL; Schema: public; Owner: canteradigitalio_bateradmin
--

GRANT ALL ON TABLE public.users TO canteradigitalio_barterflip;


--
-- Name: TABLE verification_codes; Type: ACL; Schema: public; Owner: canteradigitalio_bateradmin
--

GRANT ALL ON TABLE public.verification_codes TO canteradigitalio_barterflip;


--
--

